Report for 2009 November
                   MONTHLY CLIMATOLOGICAL SUMMARY for Nov 2009


NAME: Ellijay, GA                  
ELEV: 1480 feet    LAT: 34-38.16 N    LONG: 084-27.00 W


                   TEMPERATURE (°F), RAIN (in), WIND SPEED (mph)

                                         HEAT   COOL         AVG
      MEAN                               DEG    DEG          WIND                   DOM
DAY   TEMP   HIGH   TIME    LOW   TIME   DAYS   DAYS   RAIN  SPEED   HIGH   TIME    DIR
---------------------------------------------------------------------------------------
 01   50.4   61.6  14:07   42.0  07:01   14.6    0.0   0.00    3.1   11.5  04:21    312
 02   48.5   63.6  14:05   36.2  06:50   16.5    0.0   0.00    0.3    9.0  11:00    324
 03   51.0   68.1  13:30   36.1  06:40   14.0    0.0   0.00    0.6   12.0  14:55    319
 04   49.2   66.0  14:35   34.0  07:20   15.8    0.0   0.00    0.3    8.0  16:15     58
 05   44.1   62.0  14:03   33.4  00:00   20.9    0.0   0.00    0.2    9.0  10:20    317
 06   44.7   64.3  13:30   28.9  06:40   20.3    0.0   0.00    0.1    5.0  13:05     87
 07   47.4   67.4  14:40   31.5  07:20   17.6    0.0   0.04    0.1    7.0  12:25    103
 08   51.2   76.1  14:30   33.4  06:55   13.8    0.0   0.00    0.1    6.0  11:45    318
 09   54.5   67.6  12:20   42.3  01:50   10.5    0.0   0.00    0.3    9.0  13:50    120
 10   56.3   60.5  00:45   55.1  09:00    8.7    0.0   3.24    0.5   13.0  18:45    330
 11   55.2   59.1  15:00   49.7  23:40    9.8    0.0   0.75    1.4   14.0  14:00    318
 12   52.6   62.7  14:20   41.0  07:55   12.4    0.0   0.00    1.3   14.0  17:45    317
 13   51.0   68.8  13:20   36.4  07:30   14.0    0.0   0.00    0.1    5.0  11:25    312
 14   52.9   72.2  13:10   36.2  07:30   12.1    0.0   0.00    0.2    7.0  13:55    318
 15   57.3   73.4  13:30   37.0  08:35    7.7    0.0   0.00    0.2    5.0  12:25    306
 16   48.1   69.8  14:10   31.5  07:35   16.9    0.0   0.00    0.1    6.0  11:25     65
 17   55.0   59.5  18:50   41.8  00:30   10.0    0.0   0.02    1.8   15.0  14:50    122
 18   51.0   57.5  00:05   43.7  00:00   14.0    0.0   0.02    0.3    8.0  15:25    114
 19   45.3   59.2  14:50   35.6  00:00   19.7    0.0   0.00    0.1    7.0  14:25    344
 20   44.5   63.4  15:00   30.1  06:30   20.5    0.0   0.00    0.4    9.0  12:15    313
 21   47.1   63.2  13:40   33.2  06:45   17.9    0.0   0.00    0.1    5.0  11:05     34
 22   47.6   48.2  00:10   46.5  20:25   17.4    0.0   0.00    1.0   17.0  21:30    122
 23   51.0   56.6  14:10   46.8  00:50   14.0    0.0   0.00    0.9   12.0  00:20    123
 24   50.3   55.2  14:20   41.3  23:50   14.7    0.0   0.00    0.0    4.0  11:00     96
 25   47.7   58.4  14:25   34.9  00:00   17.3    0.0   0.00    0.2    7.0  11:35    313
 26   39.2   52.8  11:45   28.6  07:40   25.8    0.0   0.00    0.9   16.0  16:20    292
 27   40.9   51.5  13:40   31.1  23:55   24.1    0.0   0.00    1.2   13.0  15:15    298
 28   41.6   60.2  14:40   26.7  07:10   23.4    0.0   0.00    0.1   12.0  13:05    316
 29   48.4   60.1  14:45   39.1  07:40   16.6    0.0   0.02    0.1    6.0  15:40    346
 30   48.9   55.3  13:00   37.8  23:15   16.1    0.0   0.44    0.6   12.0  16:05    302
---------------------------------------------------------------------------------------
      49.1   76.1     08   26.7     28  477.2    0.0   4.53    0.6   17.0     22    324