Report for 2009 December
                   MONTHLY CLIMATOLOGICAL SUMMARY for Dec 2009


NAME: Ellijay, GA                  
ELEV: 1480 feet    LAT: 34-38.16 N    LONG: 084-27.00 W


                   TEMPERATURE (°F), RAIN (in), WIND SPEED (mph)

                                         HEAT   COOL         AVG
      MEAN                               DEG    DEG          WIND                   DOM
DAY   TEMP   HIGH   TIME    LOW   TIME   DAYS   DAYS   RAIN  SPEED   HIGH   TIME    DIR
---------------------------------------------------------------------------------------
 01   42.3   54.5  13:05   28.9  07:45   22.7    0.0   0.01    0.7   14.0  22:45    121
 02   47.7   52.1  21:20   41.4  00:50   17.3    0.0   0.89    4.5   24.0  07:00    120
 03   44.4   49.4  00:10   41.9  07:45   20.6    0.0   0.02    1.4   10.0  10:40    317
 04   44.1   49.6  14:40   40.4  00:00   20.9    0.0   0.00    1.1    9.0  00:10    327
 05   34.8   40.4  00:05   26.7  00:00   30.2    0.0   0.07    0.6   12.0  14:45    318
 06   31.6   43.1  14:00   20.9  05:40   33.4    0.0   0.00    0.1    7.0  12:00    111
 07   41.8   51.4  15:10   29.3  00:40   23.2    0.0   0.00    0.2    7.0  04:45    117
 08   44.4   49.5  06:45   41.2  03:55   20.6    0.0   0.83    3.0   18.0  23:15    121
 09   52.2   60.8  13:25   41.0  00:00   12.8    0.0   0.92    1.5   23.0  12:40    248
 10   34.2   40.8  00:10   28.9  21:20   30.8    0.0   0.00    1.3   17.0  10:55    297
 11   29.4   37.7  16:27   28.9  00:05   35.6    0.0   0.00    0.7    8.0  06:15    328
 12   37.8   42.4  00:00   31.4  00:25   27.2    0.0   0.02    2.2   16.0  10:30    120
 13   48.4   51.0  15:50   42.5  00:30   16.6    0.0   0.15    1.1   13.0  01:50    121
 14   53.4   61.6  14:45   44.8  04:15   11.6    0.0   0.11    0.0    5.0  15:10    339
 15   53.4   59.2  00:55   41.0  23:55   11.6    0.0   0.31    1.4   18.0  17:45    314
 16   37.7   45.0  14:40   27.9  23:50   27.3    0.0   0.00    0.8   13.0  00:15    308
 17   37.1   49.4  14:35   24.5  07:35   27.9    0.0   0.00    0.3   11.0  23:15    123
 18   39.2   43.2  01:25   36.8  03:55   25.8    0.0   1.28    0.5    9.0  15:40    315
 19   38.3   42.0  12:25   35.3  23:35   26.7    0.0   0.01    0.9   15.0  19:30    296
 20   32.4   35.4  13:05   25.5  00:00   32.6    0.0   0.00    1.2   15.0  02:30    300
 21   31.5   46.7  15:20   21.6  07:20   33.5    0.0   0.00    0.2    7.0  13:35    309
 22   36.5   53.5  15:35   24.5  07:20   28.5    0.0   0.00    0.1    6.0  12:55    319
 23   41.5   55.9  13:50   30.5  01:25   23.5    0.0   0.00    0.6   12.0  21:45    119
 24   45.3   50.9  13:10   41.3  05:50   19.7    0.0   0.12    4.4   22.0  11:20    122
 25   42.0   49.6  11:18   28.8  23:58   23.0    0.0   0.43    1.3   30.0  00:50    119
 26   31.3   42.9  14:03   25.1  06:23   33.7    0.0   0.00    0.1    7.0  14:08    318
 27   35.4   48.6  14:13   22.2  07:33   29.6    0.0   0.00    0.4    9.0  13:48    237
 28   32.8   37.3  03:03   27.5  19:53   32.2    0.0   0.00    1.5   19.0  07:18    297
 29   32.6   45.1  15:48   25.2  23:03   32.4    0.0   0.00    1.7   18.0  09:08    312
 30   37.9   43.9  14:13   25.6  00:03   27.1    0.0   0.06    2.0   13.0  11:13    120
 31   41.6   46.0  13:58   35.3  00:03   23.4    0.0   0.26    0.1    6.0  00:13    116
---------------------------------------------------------------------------------------
      39.7   61.6     14   20.9     06  782.0    0.0   5.49    1.1   30.0     25    107