Report for 2010
                     CLIMATOLOGICAL SUMMARY for year 2010


NAME: Ellijay, GA                  
ELEV: 1480 feet    LAT: 34-38.16 N    LONG: 084-27.00 W


                                       TEMPERATURE (°F)

                              HEAT    COOL                              MAX    MAX    MIN    MIN
          MEAN   MEAN         DEG     DEG                                >=     <=     <=     <=
 YR  MO   MAX    MIN    MEAN  DAYS    DAYS      HI  DAY     LOW  DAY     90     32     32      0
------------------------------------------------------------------------------------------------
2010 01   44.1   24.9   33.3  968.8    0.0    63.1   20     6.3   11      0      7     23      0
2010 02   43.8   26.8   35.5  828.4    0.0    64.4   21    18.5   13      0      2     24      0
2010 03   56.6   35.7   45.9  587.4    0.0    73.9   31    19.6   06      0      0     13      0
2010 04   74.1   44.9   60.0  157.8    8.1    85.0   06    32.2   10      0      0      0      0
2010 05   80.0   57.7   68.0   30.1  121.9    88.5   23    40.7   10      0      0      0      0
2010 06   87.7   65.7   75.1    0.0  302.6    93.4   23    56.8   08     10      0      0      0
2010 07   89.4   67.0   76.2    0.0  353.0    96.4   08    58.1   05     15      0      0      0
2010 08   88.1   68.8   77.1    0.0  377.3    94.6   04    60.6   31     11      0      0      0
2010 09   83.1   57.9   69.3   16.5  146.7    90.8   21    45.0   05      1      0      0      0
2010 10   71.1   43.0   56.3  279.0   10.7    80.5   11    31.2   30      0      0      1      0
2010 11   61.1   36.8   48.2  502.3    0.0    73.0   11    24.3   28      0      0     12      0
2010 12   42.5   24.9   33.3  984.0    0.0    63.7   31    10.4   28      0      4     24      0
------------------------------------------------------------------------------------------------
          68.6   46.3   53.9 4354.3 1320.4    96.4  Jul     6.3  Jan     37     13     97      0


                  PRECIPITATION (in)

                  MAX         ---DAYS OF RAIN---
                  OBS.               OVER
 YR  MO  TOTAL    DAY  DATE   0.01   0.10   1.00
------------------------------------------------
2010 01   3.37   2.04    24     10      7      1
2010 02   3.22   1.21    05      9      7      1
2010 03  25.85  23.11    12     15      9      1
2010 04   3.54   1.71    24      6      4      2
2010 05   3.78   1.37    03     12      9      1
2010 06   3.90   1.01    25     15     10      1
2010 07   3.75   1.20    09     12      8      2
2010 08   2.89   1.33    05      8      5      1
2010 09   3.30   1.06    26      7      4      1
2010 10   4.78   1.92    25      7      4      3
2010 11   3.19   1.18    30     11      9      1
2010 12   2.03   0.53    16     12      6      0
------------------------------------------------
         63.60  23.11   Mar    124     82     15


           WIND SPEED (mph)

                                DOM
 YR  MO    AVG     HI   DATE    DIR
-----------------------------------
2010 01    1.2   29.0     24    325 
2010 02    1.3   26.0     10    305 
2010 03    1.0   20.0     16     21 
2010 04    0.6   22.0     09    341 
2010 05    0.5   17.0     08     80 
2010 06    0.3   17.0     09    330 
2010 07    0.2   25.0     09    340 
2010 08    0.1   12.0     05     77 
2010 09    0.2   16.0     27    334 
2010 10    0.5   21.0     26    320 
2010 11    0.7   19.0     30    112 
2010 12    0.9   27.0     13    311 
-----------------------------------
           0.7   29.0    Jan    325