Report for 2010 January
                   MONTHLY CLIMATOLOGICAL SUMMARY for Jan 2010


NAME: Ellijay, GA                  
ELEV: 1480 feet    LAT: 34-38.16 N    LONG: 084-27.00 W


                   TEMPERATURE (°F), RAIN (in), WIND SPEED (mph)

                                         HEAT   COOL         AVG
      MEAN                               DEG    DEG          WIND                   DOM
DAY   TEMP   HIGH   TIME    LOW   TIME   DAYS   DAYS   RAIN  SPEED   HIGH   TIME    DIR
---------------------------------------------------------------------------------------
 01   36.9   42.2  00:38   26.1  23:58   28.1    0.0   0.01    1.8   15.0  08:53    304
 02   23.5   29.1  15:28   17.6  22:38   41.5    0.0   0.00    1.8   15.0  08:03    310
 03   20.7   30.1  14:38   15.8  06:38   44.3    0.0   0.00    2.3   16.0  11:08    317
 04   21.2   28.2  13:03   15.7  06:33   43.8    0.0   0.00    2.4   18.0  11:08    316
 05   21.8   30.5  14:33   14.5  06:28   43.2    0.0   0.00    0.9   12.0  15:18    306
 06   23.6   35.8  14:38   16.5  03:28   41.4    0.0   0.00    0.9   11.0  07:08    306
 07   25.3   35.3  12:43   15.3  03:58   39.7    0.0   0.00    0.0    8.0  23:58    311
 08   17.8   27.8  00:03   12.7  07:48   47.2    0.0   0.00    1.6   14.0  13:18    306
 09   19.3   28.6  13:58    7.9  08:13   45.7    0.0   0.00    2.1   18.0  23:23    315
 10   22.9   31.8  15:58   15.5  23:58   42.1    0.0   0.00    1.6   18.0  10:13    316
 11   20.6   35.5  14:08    6.3  07:28   44.4    0.0   0.00    0.2    8.0  12:28    314
 12   29.8   34.2  14:56   22.9  23:48   35.2    0.0   0.00    1.6   23.0  20:28    315
 13   27.0   45.6  15:28   12.4  07:53   38.0    0.0   0.00    0.2    7.0  13:28    318
 14   31.8   52.1  15:08   16.6  08:08   33.2    0.0   0.00    0.1    5.0  12:08    309
 15   38.2   61.1  15:13   24.4  08:13   26.8    0.0   0.00    0.2    5.0  11:23    319
 16   43.2   54.2  11:53   29.5  00:08   21.8    0.0   0.18    1.4   18.0  23:43    120
 17   45.5   49.9  00:03   44.6  22:00   19.5    0.0   0.21    0.8   12.0  00:03    118
 18   44.4   57.6  14:48   32.5  23:58   20.6    0.0   0.01    0.5    9.0  11:13    312
 19   43.9   59.5  13:43   29.4  07:38   21.1    0.0   0.00    0.2   11.0  13:13    309
 20   50.8   63.1  12:43   45.6  08:13   14.2    0.0   0.21    0.2   12.0  13:13    314
 21   47.8   55.3  11:38   40.7  20:13   17.2    0.0   0.36    2.5   21.0  10:23    120
 22   43.8   54.6  16:38   35.6  23:53   21.2    0.0   0.00    0.1    7.0  16:03    320
 23   42.8   45.0  12:08   35.1  00:23   22.2    0.0   0.00    3.9   22.0  19:38    122
 24   50.3   60.0  15:19   42.6  00:03   14.7    0.0   2.04    3.1   29.0  15:19    121
 25   44.3   49.3  01:34   34.6  23:59   20.7    0.0   0.01    1.3   17.0  13:12    282
 26   33.9   40.9  13:52   27.4  22:54   31.1    0.0   0.00    1.0   13.0  12:37    304
 27   34.5   47.8  15:53   27.4  07:06   30.5    0.0   0.00    0.7   13.0  02:35    308
 28   40.0   55.9  13:42   27.2  02:34   25.0    0.0   0.00    0.6   12.0  14:27    296
 29   35.7   45.2  10:53   28.7  05:21   29.3    0.0   0.13    1.7   25.0  22:20    119
 30   34.2   36.0  15:31   27.8  23:58   30.8    0.0   0.21    1.9   21.0  00:01    118
 31   30.5   44.1  15:52   22.8  08:05   34.5    0.0   0.00    0.8   15.0  00:28    313
---------------------------------------------------------------------------------------
      33.3   63.1     20    6.3     11  968.8    0.0   3.37    1.2   29.0     24    325