Report for 2010 February
                   MONTHLY CLIMATOLOGICAL SUMMARY for Feb 2010


NAME: Ellijay, GA                  
ELEV: 1480 feet    LAT: 34-38.16 N    LONG: 084-27.00 W


                   TEMPERATURE (°F), RAIN (in), WIND SPEED (mph)

                                         HEAT   COOL         AVG
      MEAN                               DEG    DEG          WIND                   DOM
DAY   TEMP   HIGH   TIME    LOW   TIME   DAYS   DAYS   RAIN  SPEED   HIGH   TIME    DIR
---------------------------------------------------------------------------------------
 01   37.0   51.7  15:12   21.2  07:40   28.0    0.0   0.00    0.5    8.0  23:49    122
 02   41.0   46.0  12:57   36.9  05:00   24.0    0.0   0.34    0.6   13.0  00:09    323
 03   39.8   50.6  15:22   29.9  23:49   25.2    0.0   0.00    1.2   14.0  10:11    309
 04   37.2   42.1  09:51   30.0  00:04   27.8    0.0   0.37    2.1   14.0  23:49    119
 05   39.9   41.8  16:53   37.5  02:24   25.1    0.0   1.21    3.3   22.0  07:35    118
 06   35.8   42.2  02:20   31.4  23:45   29.2    0.0   0.08    1.5   19.0  18:44    292
 07   33.8   42.4  14:18   25.6  07:52   31.2    0.0   0.00    0.8   11.0  01:10    292
 08   37.9   45.7  15:59   26.3  07:32   27.1    0.0   0.00    0.6    9.0  19:41    124
 09   39.6   43.7  00:22   27.0  23:57   25.4    0.0   0.29    2.0   19.0  23:57    128
 10   25.8   30.3  13:40   21.1  02:27   39.2    0.0   0.00    2.8   26.0  12:20    295
 11   31.6   40.7  15:36   24.6  07:24   33.4    0.0   0.00    1.8   21.0  00:08    318
 12   31.9   37.7  11:46   26.1  23:58   33.1    0.0   0.00    0.2    8.0  11:21     86
 13   27.5   34.5  12:46   18.5  07:35   37.5    0.0   0.12    0.8   16.0  12:56    294
 14   31.8   38.2  16:32   21.9  01:19   33.2    0.0   0.09    0.1    4.0  13:47    339
 15   32.3   40.8  02:54   23.4  23:54   32.7    0.0   0.31    1.3   12.0  09:01    294
 16   24.6   28.3  16:15   20.6  06:18   40.4    0.0   0.00    1.6   13.0  08:38    298
 17   30.3   38.0  16:11   24.6  07:44   34.7    0.0   0.00    2.0   20.0  17:27    308
 18   35.3   45.8  15:22   26.4  23:59   29.7    0.0   0.00    1.3   15.0  11:36    300
 19   36.2   53.0  16:07   21.5  07:20   28.8    0.0   0.00    0.6   11.0  09:51    307
 20   39.6   59.7  14:23   23.0  07:21   25.4    0.0   0.00    0.3    8.0  14:33    304
 21   44.8   64.4  14:46   26.0  07:07   20.2    0.0   0.00    0.4    8.0  12:30    117
 22   48.9   54.4  00:23   44.3  04:04   16.1    0.0   0.41    0.3   11.0  02:38    309
 23   42.0   46.2  00:23   34.9  23:43   23.0    0.0   0.00    1.3   13.0  20:58    308
 24   35.5   42.8  13:27   25.6  23:59   29.5    0.0   0.00    2.7   19.0  14:47    309
 25   27.6   34.8  16:36   22.9  06:05   37.4    0.0   0.00    1.5   19.0  02:09    306
 26   31.0   42.6  15:44   22.6  04:31   34.0    0.0   0.00    1.4   15.0  14:18    301
 27   36.3   46.8  16:26   24.0  01:07   28.7    0.0   0.00    1.1   15.0  12:50    302
 28   36.4   41.5  15:53   31.8  21:14   28.6    0.0   0.00    1.3   12.0  12:47    306
---------------------------------------------------------------------------------------
      35.5   64.4     21   18.5     13  828.4    0.0   3.22    1.3   26.0     10    305