Report for 2010 March
                   MONTHLY CLIMATOLOGICAL SUMMARY for Mar 2010


NAME: Ellijay, GA                  
ELEV: 1480 feet    LAT: 34-38.16 N    LONG: 084-27.00 W


                   TEMPERATURE (°F), RAIN (in), WIND SPEED (mph)

                                         HEAT   COOL         AVG
      MEAN                               DEG    DEG          WIND                   DOM
DAY   TEMP   HIGH   TIME    LOW   TIME   DAYS   DAYS   RAIN  SPEED   HIGH   TIME    DIR
---------------------------------------------------------------------------------------
 01   40.1   54.2  16:24   27.7  03:21   24.9    0.0   0.00    0.5   12.0  00:25    314
 02   36.1   40.8  00:01   33.2  09:18   28.9    0.0   0.53    0.6   15.0  22:02    319
 03   32.9   37.2  11:36   30.1  07:49   32.1    0.0   0.03    2.1   14.0  06:29    311
 04   35.9   45.3  13:58   28.0  23:10   29.1    0.0   0.00    1.2   14.0  13:48    307
 05   35.8   49.2  14:59   23.6  04:57   29.2    0.0   0.00    1.1   16.0  18:20    313
 06   38.1   56.3  16:05   19.6  07:13   26.9    0.0   0.00    0.6   11.0  14:00    315
 07   38.9   57.1  14:51   23.6  06:44   26.1    0.0   0.00    0.3    7.0  14:51    319
 08   46.9   68.6  14:22   27.4  06:05   18.1    0.0   0.00    0.5   10.0  15:02    312
 09   51.4   67.4  14:57   31.8  07:20   13.6    0.0   0.01    0.4   10.0  12:36    125
 10   51.3   54.3  03:17   48.5  01:16   13.7    0.0   0.34    0.4    9.0  15:19    109
 11   52.4   56.4  16:15   49.7  01:32   12.6    0.0   0.32    1.0   14.0  07:53    119
 12   54.2   60.8  18:10   45.0  23:37   10.8    0.0  23.11    1.4   17.0  11:51    118
 13   43.4   48.7  13:02   40.9  06:29   21.6    0.0   0.14    0.3   13.0  13:12    324
 14   42.6   44.7  18:42   40.8  03:06   22.4    0.0   0.07    0.4   11.0  21:43    312
 15   43.9   47.0  16:42   41.1  07:25   21.1    0.0   0.01    1.4   13.0  10:46    312
 16   47.5   57.3  16:24   40.3  23:41   17.5    0.0   0.00    1.9   20.0  06:36    310
 17   46.9   50.4  15:06   40.4  00:01   18.1    0.0   0.00    1.1   13.0  11:45    122
 18   51.7   63.4  16:27   42.3  08:01   13.3    0.0   0.00    0.9   13.0  14:52    321
 19   50.0   68.2  15:02   31.1  08:00   15.0    0.0   0.00    0.4   10.0  14:42    308
 20   51.8   70.1  14:37   32.9  07:50   13.2    0.0   0.00    0.5   12.0  13:31    128
 21   49.7   55.0  18:12   39.8  23:58   15.3    0.0   0.59    2.0   18.0  14:11    123
 22   36.7   39.7  00:03   33.8  08:50   28.3    0.0   0.10    0.3   10.0  13:02     75
 23   44.9   61.2  16:59   31.5  03:17   20.1    0.0   0.01    0.7   14.0  16:04    303
 24   51.6   72.8  16:00   31.7  07:37   13.4    0.0   0.00    0.3   12.0  15:34     46
 25   51.2   62.6  12:14   41.1  05:38   13.8    0.0   0.26    0.9   12.0  20:31    125
 26   45.9   51.0  00:01   35.3  23:57   19.1    0.0   0.01    1.3   13.0  08:38    304
 27   47.7   60.4  16:05   30.9  03:12   17.3    0.0   0.00    2.9   20.0  10:14    124
 28   54.4   61.3  15:09   47.9  23:51   10.6    0.0   0.32    2.1   17.0  10:54    125
 29   47.7   52.6  18:00   44.3  04:02   17.3    0.0   0.00    1.2   15.0  22:31    310
 30   52.3   66.8  15:19   41.6  23:57   12.7    0.0   0.00    1.4   18.0  09:08    312
 31   53.9   73.9  16:46   31.4  07:44   11.1    0.0   0.00    0.5   10.0  15:36    324
---------------------------------------------------------------------------------------
      45.9   73.9     31   19.6     06  587.4    0.0  25.85    1.0   20.0     16     21