Report for 2010 April
                   MONTHLY CLIMATOLOGICAL SUMMARY for Apr 2010


NAME: Ellijay, GA                  
ELEV: 1480 feet    LAT: 34-38.16 N    LONG: 084-27.00 W


                   TEMPERATURE (°F), RAIN (in), WIND SPEED (mph)

                                         HEAT   COOL         AVG
      MEAN                               DEG    DEG          WIND                   DOM
DAY   TEMP   HIGH   TIME    LOW   TIME   DAYS   DAYS   RAIN  SPEED   HIGH   TIME    DIR
---------------------------------------------------------------------------------------
 01   58.0   81.0  16:23   36.9  07:41    7.0    0.0   0.00    0.3    8.0  12:47    335
 02   63.0   84.1  15:35   40.4  07:32    2.0    0.0   0.00    0.5    9.0  14:04    116
 03   64.9   74.0  13:41   50.7  07:49    0.1    0.0   0.00    0.8   14.0  14:56    164
 04   63.0   79.1  14:23   47.4  07:41    2.0    0.0   0.00    0.3   10.0  14:53    304
 05   67.2   84.3  15:44   47.5  07:12    0.0    2.2   0.00    0.4   12.0  14:29    335
 06   67.1   85.0  16:04   47.7  07:22    0.0    2.1   0.00    0.6   13.0  13:24    117
 07   65.9   80.9  16:59   49.4  07:52    0.0    0.9   0.00    0.6   10.0  14:14    130
 08   60.9   68.1  01:11   50.9  23:54    4.1    0.0   1.47    0.6   18.0  08:37    318
 09   52.4   64.5  16:52   39.5  07:30   12.6    0.0   0.00    1.7   22.0  11:16    309
 10   52.1   70.9  16:37   32.2  07:25   12.9    0.0   0.00    0.5   10.0  13:26     94
 11   56.2   75.1  17:17   35.5  07:20    8.8    0.0   0.00    0.5    8.0  18:07    311
 12   60.5   80.6  15:47   38.6  07:25    4.5    0.0   0.00    0.4    7.0  17:27     59
 13   61.3   79.5  16:01   42.1  07:15    3.7    0.0   0.00    0.4    8.0  13:06    358
 14   64.1   82.4  15:11   44.6  07:24    0.9    0.0   0.00    0.5   10.0  17:26     84
 15   65.8   80.2  16:43   52.1  07:41    0.0    0.8   0.00    0.7   10.0  15:47     90
 16   65.4   82.5  14:19   48.9  07:32    0.0    0.4   0.00    0.6   11.0  13:54    321
 17   60.9   74.4  12:13   46.6  07:43    4.1    0.0   0.00    0.8   14.0  12:38    305
 18   58.7   70.7  16:34   47.2  07:57    6.3    0.0   0.00    1.7   13.0  16:09    315
 19   56.3   68.1  16:10   38.5  05:32    8.7    0.0   0.00    0.5    9.0  10:33    109
 20   53.7   58.3  18:05   47.4  23:57   11.3    0.0   0.12    0.1    4.0  17:25     78
 21   54.4   68.4  17:07   41.2  08:06   10.6    0.0   0.00    0.9   17.0  12:36    307
 22   57.0   74.2  15:57   39.8  06:55    8.0    0.0   0.00    0.4    9.0  12:22    318
 23   64.7   82.2  17:04   46.3  07:31    0.3    0.0   0.00    0.4   10.0  13:02     62
 24   61.6   65.7  23:41   59.4  04:06    3.4    0.0   1.71    1.0   14.0  12:58    117
 25   66.8   74.9  16:49   57.3  23:56    0.0    1.8   0.05    1.0   14.0  15:59    118
 26   56.5   60.3  11:33   52.5  05:27    8.5    0.0   0.02    0.5   14.0  16:50    308
 27   52.0   58.6  13:33   46.6  17:29   13.0    0.0   0.17    0.9   16.0  16:59    305
 28   52.1   63.5  15:19   36.7  05:57   12.9    0.0   0.00    0.8   13.0  13:39    323
 29   55.2   72.0  16:36   37.9  07:04    9.8    0.0   0.00    0.3    6.0  12:35     87
 30   62.9   79.9  16:11   44.2  07:09    2.1    0.0   0.00    0.5    7.0  15:36    115
---------------------------------------------------------------------------------------
      60.0   85.0     06   32.2     10  157.8    8.1   3.54    0.6   22.0     09    341