Report for 2010 May
                   MONTHLY CLIMATOLOGICAL SUMMARY for May 2010


NAME: Ellijay, GA                  
ELEV: 1480 feet    LAT: 34-38.16 N    LONG: 084-27.00 W


                   TEMPERATURE (°F), RAIN (in), WIND SPEED (mph)

                                         HEAT   COOL         AVG
      MEAN                               DEG    DEG          WIND                   DOM
DAY   TEMP   HIGH   TIME    LOW   TIME   DAYS   DAYS   RAIN  SPEED   HIGH   TIME    DIR
---------------------------------------------------------------------------------------
 01   69.4   75.5  13:43   60.7  00:03    0.0    4.4   0.02    0.5    8.0  14:48    114
 02   77.3   84.3  13:54   71.7  05:22    0.0   12.3   0.00    1.6   13.0  17:25    118
 03   70.4   79.1  16:44   62.4  00:00    0.0    5.4   1.37    0.4    8.0  04:07    101
 04   69.1   83.6  16:14   56.3  00:00    0.0    4.1   0.00    0.6   10.0  11:18    311
 05   66.8   84.4  15:50   49.2  06:42    0.0    1.8   0.00    0.3    9.0  15:50     60
 06   69.3   85.5  16:50   54.1  06:38    0.0    4.3   0.00    0.3    9.0  15:34    330
 07   71.1   85.5  16:02   56.3  06:31    0.0    6.1   0.00    0.4    8.0  16:17    116
 08   66.9   72.3  16:07   55.7  23:59    0.0    1.9   0.00    1.5   17.0  07:55    306
 09   56.0   67.9  16:34   46.3  07:01    9.0    0.0   0.00    1.2   14.0  02:20    329
 10   51.1   61.8  13:09   40.7  05:12   13.9    0.0   0.15    0.7   13.0  10:03    120
 11   61.2   70.7  14:35   54.4  00:01    3.8    0.0   0.00    1.2   10.0  07:08    118
 12   70.4   81.9  15:46   62.7  02:53    0.0    5.4   0.00    0.3   10.0  16:21    346
 13   69.7   82.9  16:51   57.1  06:59    0.0    4.7   0.00    0.2    6.0  11:50     20
 14   72.7   85.2  15:55   61.2  06:58    0.0    7.7   0.00    0.2    5.0  12:34     51
 15   70.9   84.3  14:55   62.8  06:58    0.0    5.9   0.23    0.2    7.0  13:29    354
 16   66.8   78.4  12:12   60.0  06:10    0.0    1.8   0.48    0.1    9.0  18:13     27
 17   68.0   78.3  16:49   61.2  23:56    0.0    3.0   0.10    0.4    8.0  12:43     12
 18   65.5   77.6  16:40   53.6  06:47    0.0    0.5   0.00    0.5   12.0  15:44    327
 19   62.1   75.4  16:40   49.2  07:03    2.9    0.0   0.00    0.6   12.0  17:56    318
 20   64.5   79.7  16:01   47.6  06:44    0.5    0.0   0.00    0.4    8.0  10:04    108
 21   65.9   72.6  14:21   61.2  08:00    0.0    0.9   0.55    0.3    5.0  00:48    105
 22   69.6   81.2  17:57   63.6  00:19    0.0    4.6   0.01    0.2    5.0  13:01    319
 23   72.1   88.5  16:26   57.5  06:49    0.0    7.1   0.00    0.7   11.0  16:11    317
 24   68.3   81.0  14:09   58.0  04:08    0.0    3.3   0.05    0.3    8.0  15:49    103
 25   68.9   79.4  17:24   59.9  04:41    0.0    3.9   0.00    0.3    5.0  09:32    115
 26   69.2   85.2  16:19   55.5  06:27    0.0    4.2   0.00    0.5   12.0  13:23    319
 27   72.2   88.5  16:27   57.7  06:50    0.0    7.2   0.00    0.4   10.0  18:47    315
 28   67.7   85.5  12:53   59.6  07:05    0.0    2.7   0.16    0.3   10.0  14:00      3
 29   70.7   80.8  16:51   62.9  02:49    0.0    5.7   0.00    0.7    7.0  06:14    113
 30   71.3   80.9  14:35   64.8  05:38    0.0    6.3   0.48    0.3    6.0  18:21    114
 31   71.5   82.0  16:15   65.2  03:12    0.0    6.5   0.18    0.2    6.0  13:14    339
---------------------------------------------------------------------------------------
      68.0   88.5     23   40.7     10   30.1  121.9   3.78    0.5   17.0     08     80