Report for 2010 June
                   MONTHLY CLIMATOLOGICAL SUMMARY for Jun 2010


NAME: Ellijay, GA                  
ELEV: 1480 feet    LAT: 34-38.16 N    LONG: 084-27.00 W


                   TEMPERATURE (°F), RAIN (in), WIND SPEED (mph)

                                         HEAT   COOL         AVG
      MEAN                               DEG    DEG          WIND                   DOM
DAY   TEMP   HIGH   TIME    LOW   TIME   DAYS   DAYS   RAIN  SPEED   HIGH   TIME    DIR
---------------------------------------------------------------------------------------
 01   71.4   83.6  15:20   65.4  04:03    0.0    6.4   0.43    0.2    7.0  13:55    351
 02   72.9   84.4  15:25   63.9  06:38    0.0    7.9   0.01    0.3    9.0  16:30    354
 03   73.5   85.6  15:10   64.2  06:43    0.0    8.5   0.00    0.2    7.0  16:55    348
 04   72.8   81.2  17:10   64.8  06:58    0.0    7.8   0.00    0.1    6.0  13:10    334
 05   75.5   86.9  16:56   66.1  05:18    0.0   10.5   0.00    0.3    7.0  14:25     42
 06   72.1   81.6  16:38   65.6  05:42    0.0    7.1   0.26    0.2    9.0  16:43      7
 07   70.5   83.0  16:23   60.0  06:51    0.0    5.5   0.00    0.8   12.0  10:52    318
 08   68.8   84.0  16:32   56.8  06:01    0.0    3.8   0.00    0.2    5.0  12:26     51
 09   70.4   82.9  13:15   62.0  05:47    0.0    5.4   0.53    0.3   17.0  21:42    339
 10   71.2   83.7  13:55   66.2  06:09    0.0    6.2   0.30    0.3   13.0  14:25    326
 11   76.0   88.3  15:46   65.2  07:39    0.0   11.0   0.00    0.1    6.0  12:10    338
 12   78.3   89.3  15:18   70.2  07:11    0.0   13.3   0.00    0.1    7.0  12:27    338
 13   78.7   91.4  16:13   67.4  06:41    0.0   13.7   0.00    0.3   10.0  14:57    327
 14   78.9   92.0  14:53   67.7  06:38    0.0   13.9   0.02    0.3    7.0  14:43    326
 15   78.0   92.7  17:34   68.3  06:31    0.0   13.0   0.00    0.3   15.0  18:25    317
 16   74.9   88.4  16:22   66.2  06:15    0.0    9.9   0.00    0.2   12.0  16:32    310
 17   74.3   88.0  13:58   64.6  06:59    0.0    9.3   0.01    0.3   12.0  17:07    313
 18   74.5   87.0  16:46   63.3  06:22    0.0    9.5   0.13    0.1    4.0  10:20    322
 19   74.4   86.7  12:47   66.1  07:06    0.0    9.4   0.31    0.1    9.0  13:53    337
 20   77.3   90.7  15:32   65.7  06:54    0.0   12.3   0.00    0.6   11.0  16:59    317
 21   77.3   92.2  16:54   63.5  06:21    0.0   12.3   0.00    0.0    0.0  00:05     90
 22   76.0   91.5  14:59   66.4  06:44    0.0   11.0   0.33    0.2   10.0  15:50    314
 23   78.2   93.4  16:43   66.2  06:45    0.0   13.2   0.00    0.3    6.0  13:20    328
 24   79.0   92.4  16:15   67.1  07:01    0.0   14.0   0.00    0.4    8.0  11:45    324
 25   77.6   92.3  16:54   68.9  06:52    0.0   12.6   1.01    0.3    9.0  13:40    315
 26   75.2   90.3  16:29   68.5  04:14    0.0   10.2   0.27    0.3   11.0  17:16    334
 27   75.7   87.7  15:12   66.4  06:52    0.0   10.7   0.09    0.2    8.0  11:12    337
 28   77.8   89.1  14:53   68.2  07:06    0.0   12.8   0.19    0.2   11.0  23:49     31
 29   77.0   89.0  16:33   68.0  06:34    0.0   12.0   0.01    0.4    8.0  13:08    327
 30   74.4   83.0  16:07   67.2  06:59    0.0    9.4   0.00    0.2    6.0  13:48    337
---------------------------------------------------------------------------------------
      75.1   93.4     23   56.8     08    0.0  302.6   3.90    0.3   17.0     09    330