Report for 2010 July
                   MONTHLY CLIMATOLOGICAL SUMMARY for Jul 2010


NAME: Ellijay, GA                  
ELEV: 1480 feet    LAT: 34-38.16 N    LONG: 084-27.00 W


                   TEMPERATURE (°F), RAIN (in), WIND SPEED (mph)

                                         HEAT   COOL         AVG
      MEAN                               DEG    DEG          WIND                   DOM
DAY   TEMP   HIGH   TIME    LOW   TIME   DAYS   DAYS   RAIN  SPEED   HIGH   TIME    DIR
---------------------------------------------------------------------------------------
 01   75.6   89.1  16:53   63.1  06:31    0.0   10.6   0.00    0.4    6.0  14:05    314
 02   71.2   77.7  18:00   65.6  06:45    0.0    6.2   0.00    0.4    8.0  11:40    115
 03   71.9   81.8  17:12   63.6  03:42    0.0    6.9   0.00    0.2    4.0  10:56     88
 04   72.7   86.2  16:04   60.5  07:04    0.0    7.7   0.00    0.2    5.0  14:53     89
 05   72.4   86.9  16:58   58.1  06:44    0.0    7.4   0.00    0.2    5.0  12:01     86
 06   74.0   88.5  16:16   59.6  06:21    0.0    9.0   0.00    0.2    5.0  13:08    102
 07   76.4   93.8  15:46   61.4  06:50    0.0   11.4   0.00    0.3    8.0  12:07    313
 08   78.9   96.4  16:38   64.0  06:49    0.0   13.9   0.00    0.3    9.0  11:51    324
 09   74.7   92.7  14:24   64.9  06:42    0.0    9.7   1.20    0.2   25.0  17:34    359
 10   75.3   86.7  16:51   69.1  06:57    0.0   10.3   0.00    0.2    6.0  13:37    325
 11   76.6   91.9  17:01   63.6  06:40    0.0   11.6   0.00    0.2    5.0  12:12    322
 12   75.9   85.4  16:37   69.3  04:37    0.0   10.9   0.65    0.2    8.0  15:15    340
 13   75.7   87.7  15:01   71.3  03:26    0.0   10.7   0.18    0.1    7.0  12:09    354
 14   77.3   89.9  16:44   69.5  00:00    0.0   12.3   0.00    0.3    7.0  13:20    316
 15   76.8   89.7  17:01   65.4  06:59    0.0   11.8   0.00    0.2    4.0  10:44    342
 16   77.4   90.0  14:57   69.5  21:31    0.0   12.4   0.14    0.3    8.0  17:21     26
 17   74.3   83.6  14:29   67.1  06:40    0.0    9.3   0.07    0.1    5.0  11:43      5
 18   74.0   82.9  14:10   68.3  06:39    0.0    9.0   1.01    0.1    8.0  14:50      5
 19   75.5   84.9  16:45   69.2  02:30    0.0   10.5   0.00    0.1    6.0  11:59     32
 20   76.3   87.9  15:58   66.9  07:01    0.0   11.3   0.16    0.1    8.0  13:46    329
 21   79.1   92.2  16:50   69.2  05:29    0.0   14.1   0.00    0.2    9.0  11:39    330
 22   80.0   93.7  16:36   69.4  07:01    0.0   15.0   0.00    0.2    8.0  11:45    295
 23   81.0   94.6  16:41   69.9  07:01    0.0   16.0   0.00    0.2    6.0  13:03    329
 24   81.1   96.2  15:20   70.9  06:52    0.0   16.1   0.00    0.1    7.0  15:40    316
 25   79.5   93.9  16:40   71.2  06:51    0.0   14.5   0.13    0.1    9.0  18:19     54
 26   75.5   91.3  13:36   71.5  05:32    0.0   10.5   0.13    0.2   11.0  14:15    295
 27   78.4   91.1  16:58   69.5  07:24    0.0   13.4   0.01    0.2    6.0  14:52    333
 28   76.5   90.1  13:16   69.2  06:57    0.0   11.5   0.01    0.2    8.0  11:22    329
 29   79.0   92.4  16:52   69.0  07:14    0.0   14.0   0.00    0.4    8.0  12:40    313
 30   79.3   93.0  16:55   70.1  07:16    0.0   14.3   0.00    0.3    8.0  18:48    311
 31   75.5   89.9  14:37   66.8  04:52    0.0   10.5   0.06    0.2   15.0  15:04    328
---------------------------------------------------------------------------------------
      76.2   96.4     08   58.1     05    0.0  353.0   3.75    0.2   25.0     09    340