Report for 2010 August
                   MONTHLY CLIMATOLOGICAL SUMMARY for Aug 2010


NAME: Ellijay, GA                  
ELEV: 1480 feet    LAT: 34-38.16 N    LONG: 084-27.00 W


                   TEMPERATURE (°F), RAIN (in), WIND SPEED (mph)

                                         HEAT   COOL         AVG
      MEAN                               DEG    DEG          WIND                   DOM
DAY   TEMP   HIGH   TIME    LOW   TIME   DAYS   DAYS   RAIN  SPEED   HIGH   TIME    DIR
---------------------------------------------------------------------------------------
 01   80.6   93.5  15:17   70.7  06:52    0.0   15.6   0.00    0.3    8.0  13:32    335
 02   76.8   81.8  12:12   72.8  23:48    0.0   11.8   0.00    0.4    7.0  10:13    117
 03   80.4   92.3  16:39   72.6  00:21    0.0   15.4   0.00    0.1    5.0  15:07      4
 04   81.9   94.6  17:02   71.8  07:16    0.0   16.9   0.00    0.2    5.0  13:45     20
 05   78.7   93.6  16:14   71.0  19:21    0.0   13.7   1.33    0.1   12.0  18:20    296
 06   75.8   89.6  14:10   68.5  07:08    0.0   10.8   0.00    0.0    7.0  14:50    334
 07   78.3   91.2  16:28   66.9  07:38    0.0   13.3   0.00    0.3    7.0  12:55    311
 08   78.4   91.4  16:06   67.1  07:07    0.0   13.4   0.00    0.0    4.0  15:33    130
 09   79.3   90.4  15:05   69.8  07:13    0.0   14.3   0.00    0.0    0.0  00:02     90
 10   79.4   91.9  14:20   70.4  07:21    0.0   14.4   0.00    0.0    6.0  14:10    301
 11   80.1   91.7  14:53   70.2  07:23    0.0   15.1   0.00    0.0    2.0  20:32     90
 12   80.8   93.2  16:54   70.3  07:26    0.0   15.8   0.00    0.1    5.0  11:48    335
 13   80.0   94.3  14:00   71.2  07:03    0.0   15.0   0.00    0.0    4.0  19:38     90
 14   78.1   83.1  16:35   73.4  03:18    0.0   13.1   0.00    0.0    6.0  12:05     90
 15   80.4   89.8  14:46   72.4  07:23    0.0   15.4   0.00    0.0    0.0  00:03     90
 16   79.6   88.6  15:53   71.3  07:14    0.0   14.6   0.00    0.0    0.0  00:02     90
 17   77.2   84.2  16:16   72.6  03:17    0.0   12.2   0.10    0.0    0.0  00:02     90
 18   78.8   89.7  16:11   72.2  07:15    0.0   13.8   0.01    0.0    7.0  19:22    296
 19   77.7   85.0  17:30   73.4  23:58    0.0   12.7   0.06    0.1    6.0  17:30    329
 20   75.1   85.4  11:18   67.5  07:16    0.0   10.1   0.59    0.0    0.0  00:03     90
 21   76.7   85.0  15:52   71.3  03:45    0.0   11.7   0.59    0.0    0.0  00:06     90
 22   78.8   88.9  17:14   71.0  23:57    0.0   13.8   0.01    0.3    9.0  15:11    324
 23   74.7   87.9  14:11   64.5  07:30    0.0    9.7   0.00    0.1    7.0  12:31    315
 24   72.7   85.8  15:58   61.7  05:05    0.0    7.7   0.00    0.0    5.0  13:56    298
 25   72.7   84.2  16:38   62.6  07:42    0.0    7.7   0.00    0.1    9.0  14:01    337
 26   72.5   84.2  14:03   63.4  07:26    0.0    7.5   0.00    0.1    4.0  17:32    354
 27   71.8   83.6  11:52   64.5  07:31    0.0    6.8   0.20    0.1    6.0  11:16    103
 28   73.9   84.1  16:03   64.8  07:28    0.0    8.9   0.00    0.3    6.0  11:28    126
 29   74.2   82.4  15:34   66.9  07:29    0.0    9.2   0.00    0.5    7.0  11:15    118
 30   74.1   82.9  14:06   66.7  23:58    0.0    9.1   0.00    0.3    6.0  13:50    110
 31   72.7   87.0  15:46   60.6  07:23    0.0    7.7   0.00    0.2    5.0  15:36     75
---------------------------------------------------------------------------------------
      77.1   94.6     04   60.6     31    0.0  377.3   2.89    0.1   12.0     05     77