Report for 2010 September
                   MONTHLY CLIMATOLOGICAL SUMMARY for Sep 2010


NAME: Ellijay, GA                  
ELEV: 1480 feet    LAT: 34-38.16 N    LONG: 084-27.00 W


                   TEMPERATURE (°F), RAIN (in), WIND SPEED (mph)

                                         HEAT   COOL         AVG
      MEAN                               DEG    DEG          WIND                   DOM
DAY   TEMP   HIGH   TIME    LOW   TIME   DAYS   DAYS   RAIN  SPEED   HIGH   TIME    DIR
---------------------------------------------------------------------------------------
 01   72.1   88.7  15:33   56.9  07:32    0.0    7.1   0.00    0.1    5.0  12:34      6
 02   73.0   89.0  16:18   58.9  06:51    0.0    8.0   0.00    0.4    9.0  14:36    321
 03   74.2   88.1  15:02   61.1  07:37    0.0    9.2   0.00    0.4   11.0  13:04    343
 04   66.9   77.7  16:20   53.9  23:59    0.0    1.9   0.00    0.8   12.0  09:58    325
 05   62.1   80.3  15:53   45.0  07:38    2.9    0.0   0.00    0.2    6.0  11:39    336
 06   67.2   85.1  15:59   49.4  07:36    0.0    2.2   0.00    0.2    5.0  13:45     87
 07   70.7   86.9  14:59   55.7  07:15    0.0    5.7   0.00    0.0    1.0  07:00     90
 08   73.1   85.1  12:43   62.2  07:50    0.0    8.1   0.00    0.1    8.0  12:28    317
 09   72.3   82.0  13:12   63.7  07:09    0.0    7.3   0.00    0.0    1.0  21:44     90
 10   74.0   89.1  17:15   62.3  07:55    0.0    9.0   0.00    0.1    8.0  16:02    298
 11   73.3   88.2  13:49   68.6  01:19    0.0    8.3   0.81    0.1   10.0  14:04    348
 12   70.9   81.1  15:22   58.5  00:00    0.0    5.9   0.01    0.9   11.0  11:52    311
 13   65.0   81.7  15:30   51.1  07:26    0.0    0.0   0.00    0.2    5.0  12:53    319
 14   67.1   85.4  16:57   52.3  07:15    0.0    2.1   0.00    0.2    6.0  11:49    317
 15   69.5   86.3  15:19   56.9  07:27    0.0    4.5   0.00    0.1    5.0  13:12     95
 16   70.6   83.7  14:46   61.8  03:09    0.0    5.6   0.02    0.1    6.0  13:50     82
 17   72.6   85.1  15:31   63.5  23:57    0.0    7.6   0.09    0.4   11.0  12:43    332
 18   69.9   86.5  15:50   56.1  07:35    0.0    4.9   0.00    0.2    5.0  10:47    114
 19   71.0   87.0  15:36   58.6  07:40    0.0    6.0   0.00    0.2    8.0  14:09    321
 20   71.3   88.4  16:32   58.0  07:22    0.0    6.3   0.00    0.3    9.0  13:33    330
 21   73.1   90.8  14:39   58.4  07:41    0.0    8.1   0.00    0.1    6.0  13:57    106
 22   73.0   87.5  15:15   64.6  04:28    0.0    8.0   0.00    0.1    6.0  15:30     45
 23   72.5   86.9  16:01   61.3  07:26    0.0    7.5   0.00    0.2    6.0  16:11    107
 24   71.8   85.7  15:00   62.1  03:53    0.0    6.8   0.00    0.2    8.0  13:38    332
 25   70.5   82.1  13:41   60.3  07:16    0.0    5.5   0.00    0.4   10.0  15:12    320
 26   66.1   68.2  00:03   63.4  20:06    0.0    1.1   1.06    0.0    3.0  20:06    338
 27   63.7   71.6  14:39   56.1  23:56    1.3    0.0   0.44    0.2   16.0  14:59      1
 28   59.5   69.8  15:29   53.3  07:27    5.5    0.0   0.00    0.3    7.0  12:11    322
 29   60.7   74.9  15:48   48.3  06:09    4.3    0.0   0.00    0.3    6.0  18:12    112
 30   62.6   71.1  17:42   55.4  23:53    2.4    0.0   0.87    0.5    9.0  10:48    322
---------------------------------------------------------------------------------------
      69.3   90.8     21   45.0     05   16.5  146.7   3.30    0.2   16.0     27    334