Report for 2010 October
                   MONTHLY CLIMATOLOGICAL SUMMARY for Oct 2010


NAME: Ellijay, GA                  
ELEV: 1480 feet    LAT: 34-38.16 N    LONG: 084-27.00 W


                   TEMPERATURE (°F), RAIN (in), WIND SPEED (mph)

                                         HEAT   COOL         AVG
      MEAN                               DEG    DEG          WIND                   DOM
DAY   TEMP   HIGH   TIME    LOW   TIME   DAYS   DAYS   RAIN  SPEED   HIGH   TIME    DIR
---------------------------------------------------------------------------------------
 01   61.8   71.3  14:58   51.4  00:00    3.2    0.0   0.00    1.4   15.0  11:06    320
 02   57.4   72.1  16:09   44.4  07:07    7.6    0.0   0.00    0.2    7.0  13:32    350
 03   53.4   59.6  14:47   45.8  06:59   11.6    0.0   0.00    1.2   14.0  11:48    315
 04   50.0   59.8  15:24   38.3  08:00   15.0    0.0   0.00    1.2   14.0  00:32    321
 05   48.8   62.5  15:34   34.8  07:42   16.2    0.0   0.00    0.8   15.0  13:10    307
 06   49.1   67.6  16:14   32.6  07:56   15.9    0.0   0.00    0.6   16.0  14:15    310
 07   55.4   76.7  15:31   37.8  07:36    9.6    0.0   0.00    0.3   12.0  14:40    316
 08   58.8   76.2  15:44   43.6  08:07    6.2    0.0   0.00    0.1    6.0  14:26    321
 09   59.7   78.3  16:30   45.2  07:20    5.3    0.0   0.00    0.2    8.0  14:18    318
 10   59.3   78.7  15:01   44.3  07:47    5.7    0.0   0.00    0.2    6.0  14:04    323
 11   60.3   80.5  15:26   45.0  07:44    4.7    0.0   0.00    0.2    6.0  14:12    322
 12   62.1   77.7  14:37   50.0  08:07    2.9    0.0   0.03    0.2    7.0  20:16    320
 13   60.9   72.4  16:16   54.3  04:24    4.1    0.0   0.26    0.2    9.0  05:09    311
 14   57.5   65.1  15:22   40.7  00:00    7.5    0.0   0.01    0.9   19.0  13:19    304
 15   49.8   69.8  15:24   34.2  07:43   15.2    0.0   0.00    0.6   17.0  14:39    310
 16   49.9   69.5  15:48   34.2  07:32   15.1    0.0   0.00    0.1    6.0  14:26    310
 17   51.2   72.7  15:11   33.5  07:58   13.8    0.0   0.00    0.2    8.0  13:28    325
 18   51.2   69.0  16:42   36.5  07:55   13.8    0.0   0.00    0.0    5.0  14:58    343
 19   55.8   74.9  15:45   39.6  08:14    9.2    0.0   0.00    0.1   11.0  16:16    331
 20   58.5   69.5  15:27   43.1  00:00    6.5    0.0   0.05    0.4   12.0  16:05    303
 21   51.8   71.9  16:53   36.3  07:53   13.2    0.0   0.00    0.3   14.0  14:03    300
 22   51.6   72.4  15:38   34.5  07:48   13.4    0.0   0.00    0.5   10.0  11:28    323
 23   53.3   73.0  14:29   37.2  08:07   11.7    0.0   0.00    0.1    5.0  12:37    104
 24   62.1   75.2  15:38   51.0  04:38    2.9    0.0   0.00    0.4    9.0  16:20    117
 25   65.0   70.3  17:09   58.9  08:42    0.0    0.0   1.92    0.5   12.0  06:47    111
 26   71.6   78.9  16:02   69.0  04:46    0.0    6.6   1.14    0.7   21.0  23:34    106
 27   69.2   72.8  13:49   65.1  22:27    0.0    4.2   1.37    0.2    7.0  00:53      4
 28   62.2   69.2  14:10   45.8  00:00    2.8    0.0   0.00    0.4   10.0  11:04    303
 29   51.5   61.8  15:47   39.6  00:00   13.5    0.0   0.00    1.3   17.0  04:18    309
 30   47.9   66.4  15:26   31.2  08:04   17.1    0.0   0.00    0.3    9.0  12:02    109
 31   49.8   67.6  15:24   34.4  08:14   15.2    0.0   0.00    0.3   10.0  13:30    308
---------------------------------------------------------------------------------------
      56.3   80.5     11   31.2     30  279.0   10.7   4.78    0.5   21.0     26    320