Report for 2010 November
                   MONTHLY CLIMATOLOGICAL SUMMARY for Nov 2010


NAME: Ellijay, GA                  
ELEV: 1480 feet    LAT: 34-38.16 N    LONG: 084-27.00 W


                   TEMPERATURE (°F), RAIN (in), WIND SPEED (mph)

                                         HEAT   COOL         AVG
      MEAN                               DEG    DEG          WIND                   DOM
DAY   TEMP   HIGH   TIME    LOW   TIME   DAYS   DAYS   RAIN  SPEED   HIGH   TIME    DIR
---------------------------------------------------------------------------------------
 01   52.5   69.7  15:28   37.6  08:11   12.5    0.0   0.00    0.1    7.0  00:00     74
 02   54.9   57.6  15:53   53.0  10:41   10.1    0.0   0.00    1.7   11.0  04:08    119
 03   52.0   54.7  17:32   49.7  06:46   13.0    0.0   0.12    0.4   10.0  00:43    124
 04   49.6   54.7  15:35   43.1  00:00   15.4    0.0   0.31    1.3   18.0  14:54    312
 05   38.4   46.7  16:18   30.6  08:14   26.6    0.0   0.09    0.6   16.0  17:15    303
 06   36.1   44.0  15:03   30.2  04:46   28.9    0.0   0.01    0.6   12.0  12:04    317
 07   37.7   56.1  15:29   25.3  07:16   27.3    0.0   0.00    0.4   12.0  10:27    319
 08   44.5   67.7  14:42   28.8  07:07   20.5    0.0   0.00    0.3    8.0  10:55    310
 09   47.3   70.7  14:37   29.4  07:06   17.7    0.0   0.00    0.4   11.0  10:46    319
 10   49.9   72.8  13:11   31.2  06:49   15.1    0.0   0.00    0.1    6.0  14:33    324
 11   50.1   73.0  14:03   31.9  07:23   14.9    0.0   0.00    0.1    6.0  15:32    348
 12   50.3   68.8  13:47   35.5  07:07   14.7    0.0   0.00    0.2    7.0  15:14     33
 13   47.4   66.4  13:46   32.3  07:13   17.6    0.0   0.00    0.1    6.0  13:10    352
 14   48.8   62.2  15:05   33.5  05:02   16.2    0.0   0.00    0.1    6.0  16:18    350
 15   52.3   55.3  11:15   48.8  01:09   12.7    0.0   0.64    0.3   11.0  22:06    114
 16   56.6   66.5  14:53   49.2  23:56    8.4    0.0   0.11    1.7   18.0  08:20    117
 17   45.8   57.3  15:06   34.3  23:59   19.2    0.0   0.00    0.8   12.0  15:32    305
 18   43.0   58.8  14:50   31.1  03:35   22.0    0.0   0.00    0.3    7.0  14:19    302
 19   43.7   60.7  14:35   30.7  05:30   21.3    0.0   0.00    0.2    6.0  13:13    341
 20   45.2   61.9  14:33   32.4  05:21   19.8    0.0   0.00    0.0    4.0  12:50    110
 21   51.0   67.2  14:38   39.4  00:44   14.0    0.0   0.00    0.2    6.0  13:28    121
 22   58.3   69.5  14:36   45.8  00:05    6.7    0.0   0.00    0.4    9.0  15:07    120
 23   58.3   63.7  11:34   48.8  00:00    6.7    0.0   0.19    0.2    9.0  13:42     34
 24   52.4   65.0  14:57   37.3  07:19   12.6    0.0   0.00    0.6   11.0  11:20    118
 25   60.3   67.8  15:13   52.8  05:24    4.7    0.0   0.16    0.8   10.0  00:05    118
 26   47.0   62.4  02:27   30.3  23:13   18.0    0.0   0.27    0.7   11.0  02:27    308
 27   35.3   48.5  14:36   25.9  07:24   29.7    0.0   0.00    0.7   16.0  12:18    310
 28   37.8   50.4  14:03   24.3  07:10   27.2    0.0   0.00    1.5   13.0  21:31    125
 29   45.7   49.0  23:57   42.2  02:19   19.3    0.0   0.11    3.1   18.0  17:53    120
 30   55.6   64.0  13:46   39.8  23:56    9.4    0.0   1.18    2.6   19.0  00:07    126
---------------------------------------------------------------------------------------
      48.2   73.0     11   24.3     28  502.3    0.0   3.19    0.7   19.0     30    112