Report for 2010 December
                   MONTHLY CLIMATOLOGICAL SUMMARY for Dec 2010


NAME: Ellijay, GA                  
ELEV: 1480 feet    LAT: 34-38.16 N    LONG: 084-27.00 W


                   TEMPERATURE (°F), RAIN (in), WIND SPEED (mph)

                                         HEAT   COOL         AVG
      MEAN                               DEG    DEG          WIND                   DOM
DAY   TEMP   HIGH   TIME    LOW   TIME   DAYS   DAYS   RAIN  SPEED   HIGH   TIME    DIR
---------------------------------------------------------------------------------------
 01   33.7   39.9  15:36   25.6  23:55   31.3    0.0   0.00    1.1   13.0  04:19    308
 02   32.2   46.1  13:33   23.2  07:00   32.8    0.0   0.01    0.3   12.0  13:18    312
 03   35.6   51.0  14:05   25.2  05:31   29.4    0.0   0.00    0.2    9.0  14:37    308
 04   38.6   51.2  19:13   28.7  02:02   26.4    0.0   0.14    0.5   19.0  21:42    300
 05   36.3   42.5  00:11   32.5  23:56   28.7    0.0   0.00    2.8   21.0  07:43    311
 06   30.6   35.8  13:55   25.3  23:52   34.4    0.0   0.01    2.2   19.0  13:24    304
 07   28.5   34.6  14:26   24.4  03:52   36.5    0.0   0.00    1.2   13.0  10:18    316
 08   28.1   36.7  14:33   22.2  07:37   36.9    0.0   0.00    0.8   15.0  03:50    319
 09   28.5   44.2  14:33   14.3  07:46   36.5    0.0   0.00    0.1    5.0  12:42     31
 10   33.0   46.1  15:44   21.6  07:42   32.0    0.0   0.00    0.1    5.0  12:07    103
 11   41.3   51.5  14:23   32.1  00:05   23.7    0.0   0.06    1.1   14.0  18:34    122
 12   29.9   39.4  06:25   21.2  23:57   35.1    0.0   0.52    1.9   16.0  01:22    290
 13   18.7   24.8  14:15   12.9  22:59   46.3    0.0   0.00    2.8   27.0  02:26    296
 14   19.4   29.1  15:01   12.2  07:36   45.6    0.0   0.00    1.3   13.0  04:02    313
 15   27.1   33.2  13:12   18.6  02:23   37.9    0.0   0.01    0.1    5.0  10:43    320
 16   43.2   56.1  18:34   32.6  00:05   21.8    0.0   0.53    0.6   11.0  12:34    309
 17   38.4   45.9  13:33   33.3  21:10   26.6    0.0   0.00    0.8   12.0  07:16    309
 18   36.8   46.6  15:28   27.9  23:56   28.2    0.0   0.00    0.2    6.0  12:37    312
 19   31.7   42.5  13:47   23.6  05:28   33.3    0.0   0.00    1.0   17.0  12:50    319
 20   33.6   47.1  14:36   20.7  07:48   31.4    0.0   0.00    0.4   11.0  10:34    314
 21   40.0   44.7  23:50   32.5  01:12   25.0    0.0   0.21    0.0    2.0  01:17     38
 22   45.0   52.6  12:38   31.4  00:00   20.0    0.0   0.05    1.3   15.0  13:26    310
 23   32.0   39.4  14:53   28.1  07:48   33.0    0.0   0.00    2.4   24.0  00:16    316
 24   32.8   46.0  14:43   22.3  07:57   32.2    0.0   0.00    0.2    6.0  14:50    332
 25   32.1   35.3  08:35   28.1  01:33   32.9    0.0   0.00    0.3   11.0  23:35    316
 26   25.5   29.3  00:05   23.5  19:29   39.5    0.0   0.00    1.9   14.0  20:14    305
 27   26.2   31.9  15:07   22.5  20:44   38.8    0.0   0.00    1.4   14.0  09:29    308
 28   25.4   39.7  15:05   10.4  07:55   39.6    0.0   0.04    0.3    8.0  11:52    314
 29   31.1   42.6  15:23   19.7  05:29   33.9    0.0   0.19    0.0    2.0  06:42     44
 30   42.8   47.3  14:21   33.9  00:01   22.2    0.0   0.26    1.4   12.0  10:20    121
 31   52.6   63.7  14:47   40.7  00:05   12.4    0.0   0.00    1.9   15.0  22:34    121
---------------------------------------------------------------------------------------
      33.3   63.7     31   10.4     28  984.0    0.0   2.03    0.9   27.0     13    311