Report for 2011
                     CLIMATOLOGICAL SUMMARY for year 2011


NAME: Ellijay, GA                  
ELEV: 1480 feet    LAT: 34-38.16 N    LONG: 084-27.00 W


                                       TEMPERATURE (°F)

                              HEAT    COOL                              MAX    MAX    MIN    MIN
          MEAN   MEAN         DEG     DEG                                >=     <=     <=     <=
 YR  MO   MAX    MIN    MEAN  DAYS    DAYS      HI  DAY     LOW  DAY     90     32     32      0
------------------------------------------------------------------------------------------------
2011 01   45.0   26.5   35.3  918.7    0.0    63.9   30     7.2   14      0      1     26      0
2011 02   56.3   33.0   44.8  565.9    0.0    73.0   28    17.7   12      0      0     14      0
2011 03   61.7   41.0   51.1  434.5    0.0    78.5   19    27.5   12      0      0      6      0
2011 04   74.0   48.2   61.4  137.9   36.8    85.3   10    29.3   06      0      0      1      0
2011 05   77.9   53.4   65.2  100.8  109.1    90.7   31    32.2   05      2      0      0      0
2011 06   87.6   62.9   73.4    0.0  251.1    93.1   01    57.7   14      9      0      0      0
2011 07   89.1   68.5   77.4    0.0  388.3    92.7   11    63.3   02     17      0      0      0
2011 08   89.5   65.9   76.6    0.0  360.4    95.1   03    56.4   16     15      0      0      0
2011 09   76.5   58.2   66.7   32.5   79.1    92.7   02    48.3   25      2      0      0      0
2011 10   66.9   42.8   54.2  345.2    1.4    78.2   17    28.0   30      0      0      5      0
2011 11   60.8   40.1   50.2  443.7    0.0    69.8   22    24.1   18      0      0      9      0
2011 12   55.3   35.2   45.1  616.2    0.0    66.0   14    23.0   01      0      0     16      0
------------------------------------------------------------------------------------------------
          70.1   48.1   55.1 3595.3 1226.2    95.1  Aug     7.2  Jan     45      1     77      0


                  PRECIPITATION (in)

                  MAX         ---DAYS OF RAIN---
                  OBS.               OVER
 YR  MO  TOTAL    DAY  DATE   0.01   0.10   1.00
------------------------------------------------
2011 01   3.85   1.33    01     15      8      1
2011 02   2.51   0.78    28      8      5      0
2011 03   7.72   1.92    26     13     11      3
2011 04   5.69   1.85    15     12     11      1
2011 05   3.52   2.54    26      7      5      1
2011 06   2.28   0.49    18     14      8      0
2011 07   2.78   1.08    06      9      4      1
2011 08   1.41   1.04    07      7      3      1
2011 09   4.27   2.39    05     12      5      1
2011 10   1.96   1.02    19      7      3      1
2011 11   3.75   1.00    28     11      7      1
2011 12   4.58   1.18    06     15      7      2
------------------------------------------------
         44.32   2.54   May    130     77     13


           WIND SPEED (mph)

                                DOM
 YR  MO    AVG     HI   DATE    DIR
-----------------------------------
2011 01    0.8   25.0     08    316 
2011 02    0.8   24.0     28     74 
2011 03    1.0   26.0     26    117 
2011 04    0.8   28.0     04    109 
2011 05    0.4   19.0     04    349 
2011 06    0.2   21.0     26    327 
2011 07    0.2   12.0     30      9 
2011 08    0.4   17.0     19    344 
2011 09    0.3   16.0     15     50 
2011 10    0.4   19.0     29    353 
2011 11    0.6   20.0     17     68 
2011 12    0.5   25.0     07     47 
-----------------------------------
           0.6   28.0    Apr     53