Report for 2011 January
                   MONTHLY CLIMATOLOGICAL SUMMARY for Jan 2011


NAME: Ellijay, GA                  
ELEV: 1480 feet    LAT: 34-38.16 N    LONG: 084-27.00 W


                   TEMPERATURE (°F), RAIN (in), WIND SPEED (mph)

                                         HEAT   COOL         AVG
      MEAN                               DEG    DEG          WIND                   DOM
DAY   TEMP   HIGH   TIME    LOW   TIME   DAYS   DAYS   RAIN  SPEED   HIGH   TIME    DIR
---------------------------------------------------------------------------------------
 01   55.4   59.6  06:54   49.5  23:53    9.6    0.0   1.33    1.1   14.0  06:20    117
 02   41.0   49.5  00:01   27.9  21:42   24.0    0.0   0.00    1.1   18.0  14:06    308
 03   32.3   47.2  14:44   19.8  08:03   32.7    0.0   0.00    0.4   14.0  02:47    321
 04   34.2   48.8  12:08   24.3  06:23   30.8    0.0   0.00    0.2    8.0  13:31    315
 05   35.7   49.0  12:20   25.0  04:50   29.3    0.0   0.27    0.1    5.0  18:40    330
 06   37.5   42.0  15:44   33.8  08:17   27.5    0.0   0.01    0.5   10.0  14:04    304
 07   38.5   48.1  16:25   31.1  06:13   26.5    0.0   0.02    0.8   21.0  18:20    312
 08   30.9   39.5  12:32   18.4  23:58   34.1    0.0   0.00    1.8   25.0  15:39    301
 09   25.1   35.0  16:06   12.4  07:55   39.9    0.0   0.00    0.8   15.0  23:22    102
 10   29.1   33.7  20:13   25.0  02:23   35.9    0.0   0.00    0.7    9.0  10:43    122
 11   30.6   33.0  13:34   25.4  23:59   34.4    0.0   0.00    0.6   15.0  23:47    292
 12   23.1   25.4  00:01   20.3  23:55   41.9    0.0   0.00    1.5   19.0  12:39    303
 13   23.6   33.2  15:33   16.7  06:47   41.4    0.0   0.00    1.5   18.0  09:16    311
 14   23.5   41.1  15:10    7.2  07:52   41.5    0.0   0.06    0.2    7.0  11:43    318
 15   31.5   44.3  14:50   19.9  07:28   33.5    0.0   0.13    0.3   10.0  12:46    310
 16   34.5   50.2  15:32   23.2  07:59   30.5    0.0   0.19    0.2    7.0  12:20    316
 17   38.4   47.0  16:33   28.1  01:03   26.6    0.0   0.02    0.9   11.0  16:55    122
 18   42.7   44.6  11:55   40.7  03:02   22.3    0.0   0.30    0.2    9.0  00:41    117
 19   39.9   43.3  14:01   29.3  23:57   25.1    0.0   0.02    0.4   10.0  12:44    305
 20   35.0   49.4  12:32   26.1  05:18   30.0    0.0   0.03    0.5   10.0  10:43    123
 21   29.3   34.4  15:33   24.5  07:56   35.7    0.0   0.01    2.2   17.0  10:41    316
 22   29.3   38.5  14:16   21.6  23:57   35.7    0.0   0.00    0.6   15.0  17:11    304
 23   31.8   41.8  12:53   20.5  01:03   33.2    0.0   0.00    0.5   12.0  08:39    307
 24   39.8   49.1  15:43   31.3  07:03   25.2    0.0   0.00    1.0   12.0  13:44    122
 25   41.6   44.5  22:29   36.9  08:42   23.4    0.0   0.23    1.4   16.0  21:32    121
 26   37.4   43.2  00:01   30.6  23:57   27.6    0.0   0.55    1.2   17.0  08:41    289
 27   34.1   46.7  15:27   26.6  08:14   30.9    0.0   0.00    0.7    9.0  14:28    312
 28   36.3   51.2  14:40   26.1  06:02   28.7    0.0   0.00    0.4   11.0  12:57    305
 29   40.3   62.7  15:28   25.8  07:00   24.7    0.0   0.00    0.2    9.0  12:18    321
 30   46.4   63.9  14:01   29.5  07:39   18.6    0.0   0.00    0.3    9.0  16:12    315
 31   47.6   54.9  11:40   43.1  00:00   17.4    0.0   0.68    1.1   12.0  12:46    123
---------------------------------------------------------------------------------------
      35.3   63.9     30    7.2     14  918.7    0.0   3.85    0.8   25.0     08    316