Report for 2011 February
                   MONTHLY CLIMATOLOGICAL SUMMARY for Feb 2011


NAME: Ellijay, GA                  
ELEV: 1480 feet    LAT: 34-38.16 N    LONG: 084-27.00 W


                   TEMPERATURE (°F), RAIN (in), WIND SPEED (mph)

                                         HEAT   COOL         AVG
      MEAN                               DEG    DEG          WIND                   DOM
DAY   TEMP   HIGH   TIME    LOW   TIME   DAYS   DAYS   RAIN  SPEED   HIGH   TIME    DIR
---------------------------------------------------------------------------------------
 01   44.5   52.0  22:16   40.6  04:05   20.5    0.0   0.48    2.8   20.0  18:44    119
 02   37.5   50.4  03:16   27.2  23:53   27.5    0.0   0.00    1.6   17.0  20:29    303
 03   31.1   38.8  13:06   25.3  07:40   33.9    0.0   0.03    0.6   18.0  00:15    315
 04   37.5   42.2  23:05   32.9  00:05   27.5    0.0   0.62    0.8   13.0  21:08    118
 05   39.8   44.0  11:18   33.2  23:40   25.2    0.0   0.04    0.9   14.0  12:23     94
 06   37.2   50.1  15:11   29.7  23:37   27.8    0.0   0.00    0.7   10.0  09:37    313
 07   35.6   49.1  13:19   26.0  07:30   29.4    0.0   0.12    0.6   16.0  21:37    289
 08   32.5   39.0  15:08   26.9  23:58   32.5    0.0   0.00    1.9   17.0  02:44    301
 09   32.7   42.5  12:39   20.3  07:39   32.3    0.0   0.00    0.6   11.0  14:43    116
 10   32.0   40.5  15:04   25.8  00:00   33.0    0.0   0.04    1.1   14.0  09:31    312
 11   31.0   43.6  15:32   20.7  05:00   34.0    0.0   0.00    0.4   10.0  15:50    308
 12   32.1   48.6  15:25   17.7  07:36   32.9    0.0   0.00    0.5   12.0  14:19    301
 13   38.5   58.6  15:04   22.6  07:02   26.5    0.0   0.00    0.4   15.0  13:03    308
 14   45.0   63.2  16:03   25.8  07:29   20.0    0.0   0.00    0.9   16.0  16:15    306
 15   47.8   61.6  14:02   31.5  07:49   17.2    0.0   0.00    0.9   11.0  02:13    114
 16   50.9   62.1  15:00   39.6  23:54   14.1    0.0   0.00    0.6   12.0  11:13    121
 17   50.3   67.0  15:12   38.3  05:34   14.7    0.0   0.00    0.4    8.0  13:12    125
 18   51.1   61.4  16:17   37.4  04:55   13.9    0.0   0.00    0.1    7.0  11:27    327
 19   57.1   70.7  15:40   42.2  07:58    7.9    0.0   0.00    0.5    9.0  12:53    315
 20   52.3   60.0  14:13   41.0  04:46   12.7    0.0   0.00    1.2   13.0  10:28    122
 21   59.2   67.1  16:00   48.9  00:54    5.8    0.0   0.00    0.4   12.0  14:31    326
 22   55.7   63.4  00:37   40.1  23:49    9.3    0.0   0.00    1.1   14.0  16:05    306
 23   48.8   64.0  13:37   29.5  07:27   16.2    0.0   0.00    0.3    9.0  12:55    115
 24   58.0   66.1  14:31   51.4  07:46    7.0    0.0   0.00    1.0   11.0  18:47    121
 25   53.5   63.4  01:50   34.7  23:59   11.5    0.0   0.40    0.0    4.0  21:06    327
 26   44.9   61.0  16:09   28.9  06:09   20.1    0.0   0.00    0.5   10.0  09:59    124
 27   55.5   72.4  16:03   37.0  06:19    9.5    0.0   0.00    0.4    8.0  13:41    117
 28   62.3   73.0  14:34   49.9  23:59    2.7    0.0   0.78    1.0   24.0  15:59    116
---------------------------------------------------------------------------------------
      44.8   73.0     28   17.7     12  565.9    0.0   2.51    0.8   24.0     28     74