Report for 2011 March
                   MONTHLY CLIMATOLOGICAL SUMMARY for Mar 2011


NAME: Ellijay, GA                  
ELEV: 1480 feet    LAT: 34-38.16 N    LONG: 084-27.00 W


                   TEMPERATURE (°F), RAIN (in), WIND SPEED (mph)

                                         HEAT   COOL         AVG
      MEAN                               DEG    DEG          WIND                   DOM
DAY   TEMP   HIGH   TIME    LOW   TIME   DAYS   DAYS   RAIN  SPEED   HIGH   TIME    DIR
---------------------------------------------------------------------------------------
 01   49.5   61.9  14:34   39.0  07:28   15.5    0.0   0.00    0.9   15.0  00:10    321
 02   47.1   65.0  14:03   30.5  07:06   17.9    0.0   0.00    0.3    9.0  13:48    326
 03   52.0   63.1  13:43   33.8  05:02   13.0    0.0   0.00    2.7   18.0  09:05    121
 04   48.2   52.5  00:01   45.3  06:06   16.8    0.0   0.00    3.8   20.0  22:05    121
 05   52.3   55.7  21:02   48.1  05:45   12.7    0.0   0.69    0.2   12.0  00:36    117
 06   42.9   56.3  02:05   36.1  23:54   22.1    0.0   1.00    0.0    0.0  00:05     90
 07   43.1   55.0  15:08   30.2  07:08   21.9    0.0   0.00    0.5   12.0  23:59    110
 08   49.0   54.7  14:08   44.2  07:13   16.0    0.0   0.28    3.2   22.0  09:34    122
 09   50.2   53.6  16:36   45.8  03:00   14.8    0.0   1.15    0.8   13.0  12:52    121
 10   43.2   54.4  01:32   37.4  00:00   21.8    0.0   0.44    1.8   18.0  17:41    298
 11   39.1   49.1  16:24   28.9  00:00   25.9    0.0   0.01    1.9   19.0  03:57    301
 12   47.5   66.9  15:51   27.5  05:50   17.5    0.0   0.00    0.5   12.0  15:06    296
 13   52.3   71.0  15:39   33.2  08:03   12.7    0.0   0.00    0.5   11.0  16:36    304
 14   56.3   69.9  17:53   43.6  04:49    8.7    0.0   0.00    0.4   12.0  22:37    116
 15   49.8   60.2  00:01   45.6  21:56   15.2    0.0   0.92    1.5   13.0  07:39    121
 16   46.9   56.7  18:03   38.2  23:57   18.1    0.0   0.00    0.5   12.0  15:12    307
 17   51.5   72.9  15:02   30.9  07:59   13.5    0.0   0.00    0.3   11.0  13:43    326
 18   57.3   76.9  15:12   38.9  07:52    7.7    0.0   0.00    0.5   13.0  14:43    315
 19   61.4   78.5  15:53   46.1  07:58    3.6    0.0   0.00    0.5   14.0  14:02    308
 20   60.9   65.5  14:03   54.1  01:34    4.1    0.0   0.00    2.5   15.0  10:38    122
 21   63.8   74.8  16:33   53.9  07:08    1.2    0.0   0.00    0.6   12.0  13:43    110
 22   61.3   78.4  14:25   44.0  07:52    3.7    0.0   0.00    0.6   13.0  14:28    315
 23   62.1   74.2  17:11   50.4  05:59    2.9    0.0   0.21    0.8   14.0  16:08    332
 24   51.2   59.9  00:01   43.9  23:58   13.8    0.0   0.01    2.0   21.0  12:29    305
 25   47.9   63.5  16:24   30.3  07:54   17.1    0.0   0.00    0.6   12.0  00:15    312
 26   51.2   52.9  17:51   48.6  08:38   13.8    0.0   1.92    0.3   26.0  21:16    105
 27   50.6   56.0  17:19   46.3  22:36   14.4    0.0   0.15    0.2    7.0  00:20     95
 28   46.4   52.6  15:46   42.0  05:07   18.6    0.0   0.43    0.5   12.0  04:22    110
 29   50.3   57.5  15:58   43.8  07:45   14.7    0.0   0.00    1.0   11.0  07:45    122
 30   52.2   56.6  15:12   49.2  07:46   12.8    0.0   0.51    0.7   12.0  05:17    127
 31   43.1   46.3  16:54   40.8  00:00   21.9    0.0   0.00    1.1   13.0  17:14    293
---------------------------------------------------------------------------------------
      51.1   78.5     19   27.5     12  434.5    0.0   7.72    1.0   26.0     26    117