Report for 2011 April
                   MONTHLY CLIMATOLOGICAL SUMMARY for Apr 2011


NAME: Ellijay, GA                  
ELEV: 1480 feet    LAT: 34-38.16 N    LONG: 084-27.00 W


                   TEMPERATURE (°F), RAIN (in), WIND SPEED (mph)

                                         HEAT   COOL         AVG
      MEAN                               DEG    DEG          WIND                   DOM
DAY   TEMP   HIGH   TIME    LOW   TIME   DAYS   DAYS   RAIN  SPEED   HIGH   TIME    DIR
---------------------------------------------------------------------------------------
 01   43.7   52.8  13:52   36.1  03:27   21.3    0.0   0.00    0.5    9.0  10:04    318
 02   50.5   65.0  16:12   33.7  07:41   14.5    0.0   0.00    1.2   21.0  12:32    300
 03   56.6   76.1  16:07   32.8  07:41    8.4    0.0   0.00    0.7   11.0  12:52    116
 04   67.3   79.7  15:14   49.1  07:53    0.0    2.3   0.50    0.9   28.0  21:44    113
 05
 06   56.9   69.1  17:05   29.3  07:23    8.1    0.0   0.00    0.8    8.0  15:29    122
 07   55.9   72.9  17:05   36.4  07:37    9.1    0.0   0.00    0.4    8.0  14:07     66
 08   65.4   76.9  18:00   53.1  00:16    0.0    0.4   0.04    0.2   10.0  16:33    327
 09   68.6   81.6  17:28   56.4  06:54    0.0    3.6   0.00    0.4   10.0  17:33    319
 10   69.4   85.3  16:00   54.0  07:36    0.0    4.4   0.00    0.4   11.0  12:19    112
 11   67.2   79.8  15:30   54.1  07:13    0.0    2.2   0.90    1.0   18.0  22:44    122
 12   56.0   63.7  17:04   48.8  22:34    9.0    0.0   0.20    1.1   18.0  16:51    312
 13   55.1   74.0  17:26   39.3  07:53    9.9    0.0   0.00    0.6   14.0  09:41    316
 14   57.7   75.7  16:26   37.9  06:53    7.3    0.0   0.00    0.4    8.0  10:48    110
 15   60.4   67.5  15:15   50.6  01:41    4.6    0.0   1.85    2.4   19.0  14:28    118
 16   55.2   62.6  00:01   48.2  00:00    9.8    0.0   0.26    1.6   18.0  10:58    151
 17   55.3   70.9  16:30   41.8  07:08    9.7    0.0   0.00    1.0   13.0  00:05    307
 18   60.5   77.8  15:57   39.9  07:26    4.5    0.0   0.00    0.5    8.0  12:28    114
 19   71.5   84.5  15:37   60.0  02:13    0.0    6.5   0.00    0.5    9.0  15:47    109
 20   65.4   73.9  16:58   56.7  05:40    0.0    0.4   0.50    0.2   12.0  08:49    340
 21   65.3   73.7  12:16   58.6  06:29    0.0    0.3   0.34    0.4   19.0  03:07    314
 22   61.9   68.6  13:43   55.8  23:53    3.1    0.0   0.19    1.6   11.0  13:48    118
 23   64.2   75.1  16:35   54.0  07:10    0.8    0.0   0.00    0.5    8.0  14:28    109
 24   67.8   82.6  15:53   54.5  07:16    0.0    2.8   0.00    0.4    8.0  13:03    105
 25   66.7   80.7  15:25   56.3  04:57    0.0    1.7   0.24    0.6   12.0  16:04    114
 26   70.4   77.3  15:29   65.1  23:56    0.0    5.4   0.00    0.9   10.0  13:25    112
 27   71.8   78.5  16:59   64.1  00:37    0.0    6.8   0.44    1.9   14.0  12:43    124
 28   60.0   69.3  00:01   48.0  00:00    5.0    0.0   0.23    0.7   13.0  00:10    317
 29   56.3   73.0  16:44   40.8  06:58    8.7    0.0   0.00    0.7   16.0  12:29    326
 30   60.9   77.9  16:49   42.2  07:11    4.1    0.0   0.00    0.4    7.0  15:11    115
---------------------------------------------------------------------------------------
      61.4   85.3     10   29.3     06  137.9   36.8   5.69    0.8   28.0     04    109