Report for 2011 May
                   MONTHLY CLIMATOLOGICAL SUMMARY for May 2011


NAME: Ellijay, GA                  
ELEV: 1480 feet    LAT: 34-38.16 N    LONG: 084-27.00 W


                   TEMPERATURE (°F), RAIN (in), WIND SPEED (mph)

                                         HEAT   COOL         AVG
      MEAN                               DEG    DEG          WIND                   DOM
DAY   TEMP   HIGH   TIME    LOW   TIME   DAYS   DAYS   RAIN  SPEED   HIGH   TIME    DIR
---------------------------------------------------------------------------------------
 01   65.4   75.8  15:32   54.3  03:08    0.0    0.4   0.00    0.4    8.0  15:55    114
 02   70.0   78.2  14:26   63.7  03:34    0.0    5.0   0.00    0.9    7.0  05:45    114
 03   64.0   75.8  12:48   47.2  23:56    1.0    0.0   0.33    1.0   13.0  14:24    106
 04   50.6   60.7  15:38   39.5  07:09   14.4    0.0   0.10    1.4   19.0  16:20    310
 05   50.6   66.1  15:46   32.2  07:02   14.4    0.0   0.00    0.2    8.0  14:33      9
 06   54.6   67.7  15:36   39.6  05:21   10.4    0.0   0.00    0.4    9.0  13:09    325
 07   57.8   72.3  14:29   40.5  07:12    7.2    0.0   0.00    0.4    8.0  12:46    328
 08   65.0   79.7  16:41   50.9  07:08    0.0    0.0   0.00    0.3    8.0  13:46    335
 09   68.6   83.3  16:41   54.8  07:16    0.0    3.6   0.00    0.2    7.0  15:36    328
 10   71.0   85.7  14:35   56.3  07:06    0.0    6.0   0.00    0.3    8.0  14:56    328
 11   72.0   86.9  16:22   58.6  06:48    0.0    7.0   0.00    0.2    7.0  17:35    323
 12   72.4   86.0  14:58   58.1  07:09    0.0    7.4   0.00    0.2    6.0  12:07     13
 13   67.6   81.2  13:26   59.3  06:49    0.0    2.6   0.22    0.2   13.0  15:33     14
 14   63.7   73.1  16:37   58.2  04:37    1.3    0.0   0.07    0.2    9.0  16:04    331
 15   56.5   60.7  15:09   54.0  23:14    8.5    0.0   0.00    0.4    8.0  11:54    316
 16   54.5   60.1  14:47   50.4  23:58   10.5    0.0   0.06    0.5   11.0  23:01    318
 17   50.1   55.1  15:38   43.6  23:33   14.9    0.0   0.00    1.9   18.0  07:04    324
 18   51.8   59.6  15:07   41.3  07:02   13.2    0.0   0.00    0.3   10.0  09:55    331
 19   60.0   75.3  16:53   47.2  05:29    5.0    0.0   0.00    0.3    8.0  15:48    335
 20   66.9   83.9  16:10   52.8  06:02    0.0    1.9   0.00    0.3    8.0  15:41    327
 21   69.4   86.2  16:51   53.5  07:01    0.0    4.4   0.00    0.1    8.0  13:16     49
 22   72.9   89.4  14:58   57.6  07:13    0.0    7.9   0.00    0.2    7.0  15:18    355
 23   71.7   85.3  15:09   59.3  06:52    0.0    6.7   0.00    0.2    7.0  15:46    355
 24   72.3   85.2  16:30   60.5  06:58    0.0    7.3   0.00    0.3    8.0  10:19     59
 25   72.9   87.5  15:25   57.7  06:56    0.0    7.9   0.00    0.4    7.0  16:46    102
 26   68.5   80.1  14:12   60.3  23:39    0.0    3.5   2.54    0.4   13.0  17:18     78
 27   66.4   78.7  17:57   60.0  00:51    0.0    1.4   0.20    0.2    6.0  14:58    354
 28   68.9   84.7  16:22   54.0  06:52    0.0    3.9   0.00    0.1    6.0  11:53    341
 29   75.1   88.1  17:59   63.1  06:43    0.0   10.1   0.00    0.1    5.0  15:00     88
 30   75.8   90.3  16:45   64.8  06:30    0.0   10.8   0.00    0.1    5.0  13:44    324
 31   76.3   90.7  15:14   62.9  06:37    0.0   11.3   0.00    0.3    9.0  17:57    330
---------------------------------------------------------------------------------------
      65.2   90.7     31   32.2     05  100.8  109.1   3.52    0.4   19.0     04    349