Report for 2011 June
                   MONTHLY CLIMATOLOGICAL SUMMARY for Jun 2011


NAME: Ellijay, GA                  
ELEV: 1480 feet    LAT: 34-38.16 N    LONG: 084-27.00 W


                   TEMPERATURE (°F), RAIN (in), WIND SPEED (mph)

                                         HEAT   COOL         AVG
      MEAN                               DEG    DEG          WIND                   DOM
DAY   TEMP   HIGH   TIME    LOW   TIME   DAYS   DAYS   RAIN  SPEED   HIGH   TIME    DIR
---------------------------------------------------------------------------------------
 01   78.9   93.1  15:54   65.8  06:30    0.0   13.9   0.00    0.5    8.0  12:14    316
 02   77.8   92.6  16:29   65.6  06:34    0.0   12.8   0.00    0.1    7.0  16:45    330
 03   76.8   91.7  15:33   63.9  06:48    0.0   11.8   0.00    0.2    7.0  15:38    316
 04   75.5   90.5  16:09   64.3  06:47    0.0   10.5   0.00    0.2    6.0  14:07    321
 05   73.0   91.1  15:33   59.9  06:28    0.0    8.0   0.02    0.2   14.0  18:07    316
 06   71.7   89.7  15:51   59.0  06:56    0.0    6.7   0.06    0.2    7.0  17:42    359
 07   74.0   88.2  16:02   61.5  06:47    0.0    9.0   0.00    0.1    6.0  16:07     21
 08   76.0   89.8  16:29   61.9  06:35    0.0   11.0   0.00    0.2    6.0  12:29    331
 09   73.4   89.2  13:22   65.0  06:45    0.0    8.4   0.00    0.2   10.0  14:00    307
 10   71.2   90.6  18:02   59.9  05:36    0.0    6.2   0.00    0.0    5.0  17:46    309
 11   72.7   90.1  14:08   64.9  06:50    0.0    7.7   0.32    0.2   14.0  15:57     32
 12   73.1   89.4  15:59   60.4  06:54    0.0    8.1   0.15    0.3   12.0  18:55    338
 13   73.2   87.7  16:32   60.6  07:01    0.0    8.2   0.00    0.5   12.0  14:19    326
 14   71.4   85.7  14:38   57.7  06:39    0.0    6.4   0.00    0.3    9.0  14:22    325
 15   69.2   84.5  16:07   58.4  06:34    0.0    4.2   0.44    0.3   12.0  18:40    339
 16   70.8   85.9  17:58   60.1  07:24    0.0    5.8   0.15    0.3   12.0  14:51    328
 17   69.2   79.1  16:49   62.1  06:28    0.0    4.2   0.00    0.0    5.0  15:36    331
 18   69.1   84.7  15:46   63.0  00:00    0.0    4.1   0.49    0.1   16.0  17:20    340
 19   73.3   88.7  17:59   62.2  02:49    0.0    8.3   0.13    0.1    7.0  12:40    340
 20   76.7   91.0  14:59   63.1  06:49    0.0   11.7   0.00    0.2    7.0  15:49    336
 21   76.9   91.7  16:29   65.7  06:44    0.0   11.9   0.00    0.3   11.0  19:56    324
 22   72.4   84.8  14:33   64.1  06:49    0.0    7.4   0.14    0.2    7.0  13:17     11
 23   71.2   76.9  18:48   66.4  02:45    0.0    6.2   0.15    0.1    9.0  15:13    342
 24   72.6   83.9  15:24   64.8  23:35    0.0    7.6   0.07    0.3   18.0  16:39    342
 25   71.1   84.8  16:02   63.2  05:02    0.0    6.1   0.06    0.2   16.0  19:01    321
 26   71.7   87.7  16:03   62.2  05:59    0.0    6.7   0.08    0.4   21.0  18:28    300
 27   74.3   89.4  16:35   64.9  06:50    0.0    9.3   0.00    0.2    8.0  17:27    329
 28   74.7   80.7  17:59   69.3  23:59    0.0    9.7   0.02    0.4   10.0  15:57    320
 29   74.2   86.5  14:46   64.5  06:37    0.0    9.2   0.00    0.5    8.0  11:14    312
 30   75.0   88.6  15:22   61.3  06:25    0.0   10.0   0.00    0.2    6.0  11:59    350
---------------------------------------------------------------------------------------
      73.4   93.1     01   57.7     14    0.0  251.1   2.28    0.2   21.0     26    327