Report for 2011 July
                   MONTHLY CLIMATOLOGICAL SUMMARY for Jul 2011


NAME: Ellijay, GA                  
ELEV: 1480 feet    LAT: 34-38.16 N    LONG: 084-27.00 W


                   TEMPERATURE (°F), RAIN (in), WIND SPEED (mph)

                                         HEAT   COOL         AVG
      MEAN                               DEG    DEG          WIND                   DOM
DAY   TEMP   HIGH   TIME    LOW   TIME   DAYS   DAYS   RAIN  SPEED   HIGH   TIME    DIR
---------------------------------------------------------------------------------------
 01   75.7   89.8  16:44   63.6  06:42    0.0   10.7   0.00    0.1    5.0  13:06    327
 02   77.6   92.0  16:58   63.3  06:41    0.0   12.6   0.00    0.2    5.0  12:47    322
 03   78.1   92.6  16:50   66.8  06:46    0.0   13.1   0.00    0.1    6.0  13:08    337
 04   77.2   92.2  16:25   66.2  06:46    0.0   12.2   0.00    0.4    9.0  16:37    323
 05   75.9   88.4  17:23   64.7  06:49    0.0   10.9   0.01    0.2    7.0  15:00    339
 06   74.0   86.2  16:06   68.0  07:11    0.0    9.0   1.08    0.2   10.0  00:42    330
 07   76.5   87.6  14:07   67.1  07:15    0.0   11.5   0.00    0.2    6.0  11:48    344
 08   77.0   86.4  13:59   68.3  06:34    0.0   12.0   0.00    0.2    6.0  12:23      8
 09   78.6   90.5  16:35   71.4  06:45    0.0   13.6   0.39    0.2    6.0  16:04    334
 10   80.0   90.4  17:00   71.8  06:03    0.0   15.0   0.00    0.1    4.0  11:56    360
 11   80.4   92.7  16:44   70.5  06:45    0.0   15.4   0.00    0.1    6.0  13:19    349
 12   80.2   92.3  16:27   72.1  06:45    0.0   15.2   0.00    0.1    7.0  09:24    346
 13   80.4   90.2  12:48   71.0  07:02    0.0   15.4   0.00    0.2    9.0  16:12    327
 14   79.0   87.1  17:08   71.3  06:41    0.0   14.0   0.02    0.5    8.0  12:26    116
 15   73.1   77.9  00:01   68.1  22:51    0.0    8.1   0.00    0.7    9.0  13:42    115
 16   72.3   78.9  15:22   67.2  06:24    0.0    7.3   0.00    0.7    7.0  14:05    118
 17   74.2   84.4  16:46   64.7  04:35    0.0    9.2   0.00    0.2    6.0  13:27    104
 18   76.6   89.7  16:56   65.9  03:29    0.0   11.6   0.00    0.3    8.0  14:32    335
 19   78.8   92.2  15:10   65.4  06:39    0.0   13.8   0.00    0.4    8.0  10:41    322
 20   78.9   91.3  12:56   70.5  06:55    0.0   13.9   0.00    0.3    8.0  10:12    321
 21   77.8   90.2  14:00   69.5  06:27    0.0   12.8   0.00    0.2    5.0  12:31     38
 22   80.3   92.4  17:01   71.1  06:30    0.0   15.3   0.00    0.2    8.0  12:20    330
 23   78.4   91.2  17:08   70.6  07:16    0.0   13.4   0.00    0.1    8.0  17:08     11
 24   77.1   90.2  15:26   69.4  06:23    0.0   12.1   0.00    0.3    8.0  14:40     15
 25   74.3   83.7  12:47   70.7  05:35    0.0    9.3   0.94    0.1    7.0  17:43    328
 26   78.4   92.5  16:43   69.0  06:59    0.0   13.4   0.01    0.3    8.0  17:43    319
 27   77.3   90.3  15:04   67.9  06:59    0.0   12.3   0.02    0.1    7.0  15:14    333
 28   78.3   91.0  16:55   67.1  07:15    0.0   13.3   0.00    0.1    5.0  11:24    333
 29   78.5   89.6  16:56   68.8  06:25    0.0   13.5   0.00    0.3    7.0  14:41    335
 30   75.8   89.0  12:41   68.6  07:03    0.0   10.8   0.04    0.2   12.0  14:40    318
 31   82.8   89.8  13:10   74.4  23:55    0.0   17.8   0.27    0.3    8.0  17:30    315
---------------------------------------------------------------------------------------
      77.4   92.7     11   63.3     02    0.0  388.3   2.78    0.2   12.0     30      9