Report for 2011 August
                   MONTHLY CLIMATOLOGICAL SUMMARY for Aug 2011


NAME: Ellijay, GA                  
ELEV: 1480 feet    LAT: 34-38.16 N    LONG: 084-27.00 W


                   TEMPERATURE (°F), RAIN (in), WIND SPEED (mph)

                                         HEAT   COOL         AVG
      MEAN                               DEG    DEG          WIND                   DOM
DAY   TEMP   HIGH   TIME    LOW   TIME   DAYS   DAYS   RAIN  SPEED   HIGH   TIME    DIR
---------------------------------------------------------------------------------------
 01   79.1   90.4  15:06   71.3  07:22    0.0   14.1   0.00    0.1    5.0  11:35    345
 02   80.2   93.6  16:33   69.7  07:05    0.0   15.2   0.00    0.2    8.0  15:57    334
 03   79.6   95.1  16:31   65.4  07:18    0.0   14.6   0.00    0.3    9.0  12:55    336
 04   78.3   88.5  13:57   71.7  04:55    0.0   13.3   0.07    0.4   11.0  15:03    344
 05   80.2   93.2  16:53   71.2  01:51    0.0   15.2   0.00    0.2    8.0  14:31    336
 06   79.0   88.3  16:13   74.4  00:00    0.0   14.0   0.00    0.3   10.0  15:01     11
 07   78.1   92.9  16:30   71.1  06:53    0.0   13.1   1.04    0.4   14.0  23:28    336
 08   77.2   90.6  15:34   70.8  07:32    0.0   12.2   0.00    0.2    8.0  13:33      5
 09   76.8   87.1  16:01   68.5  04:45    0.0   11.8   0.00    0.4   11.0  16:01    336
 10   76.7   91.0  16:42   63.4  07:19    0.0   11.7   0.00    0.3    8.0  16:26    326
 11   78.0   89.8  14:50   68.4  07:30    0.0   13.0   0.00    0.3    9.0  16:57    319
 12   76.7   90.3  14:21   64.7  07:23    0.0   11.7   0.00    0.3    8.0  14:53    320
 13   78.1   90.4  16:54   69.8  06:07    0.0   13.1   0.10    0.2    9.0  14:38    345
 14   76.4   86.9  14:43   68.0  07:06    0.0   11.4   0.01    0.5   12.0  13:23    324
 15   70.9   80.7  15:25   60.5  05:55    0.0    5.9   0.00    0.7   12.0  10:21    322
 16   70.7   84.8  15:30   56.4  07:12    0.0    5.7   0.00    0.2    7.0  12:44      5
 17   73.4   86.8  15:27   60.7  04:10    0.0    8.4   0.00    0.2    5.0  16:34     86
 18   77.5   89.0  15:20   65.5  07:06    0.0   12.5   0.00    0.2    7.0  15:05     64
 19   77.2   90.6  16:18   67.3  07:35    0.0   12.2   0.05    0.3   17.0  19:55    336
 20   77.3   92.2  16:37   64.8  06:20    0.0   12.3   0.00    0.2    8.0  14:05    329
 21   76.9   92.8  16:27   67.2  07:38    0.0   11.9   0.13    0.3   12.0  18:17    348
 22   77.0   91.9  16:29   65.4  07:13    0.0   12.0   0.01    0.6   12.0  16:46    326
 23   71.9   85.9  15:40   58.6  07:07    0.0    6.9   0.00    0.2    5.0  11:12     88
 24   74.9   87.7  15:17   63.8  05:09    0.0    9.9   0.00    0.2    5.0  10:31     81
 25   76.6   90.6  16:48   63.4  07:34    0.0   11.6   0.00    0.2    6.0  13:56    332
 26   80.2   94.7  16:02   66.3  07:32    0.0   15.2   0.00    0.4    8.0  14:27    325
 27   76.6   88.1  17:08   63.8  07:49    0.0   11.6   0.00    1.3   16.0  14:21    326
 28   76.7   88.9  15:50   66.7  01:49    0.0   11.7   0.00    1.1   13.0  09:54    323
 29   72.3   87.9  15:41   57.0  07:30    0.0    7.3   0.00    0.4   10.0  16:12    337
 30   73.1   86.5  16:29   58.5  06:46    0.0    8.1   0.00    0.6    6.0  09:42    112
 31   77.6   86.8  15:41   69.6  00:00    0.0   12.6   0.00    0.5    6.0  04:06    110
---------------------------------------------------------------------------------------
      76.6   95.1     03   56.4     16    0.0  360.4   1.41    0.4   17.0     19    344