Report for 2011 September
                   MONTHLY CLIMATOLOGICAL SUMMARY for Sep 2011


NAME: Ellijay, GA                  
ELEV: 1480 feet    LAT: 34-38.16 N    LONG: 084-27.00 W


                   TEMPERATURE (°F), RAIN (in), WIND SPEED (mph)

                                         HEAT   COOL         AVG
      MEAN                               DEG    DEG          WIND                   DOM
DAY   TEMP   HIGH   TIME    LOW   TIME   DAYS   DAYS   RAIN  SPEED   HIGH   TIME    DIR
---------------------------------------------------------------------------------------
 01   74.6   86.8  17:04   67.6  03:21    0.0    9.6   0.38    0.0    5.0  15:24     10
 02   77.2   92.7  15:59   64.4  07:25    0.0   12.2   0.00    0.2    6.0  11:34    318
 03   78.0   91.3  15:36   66.6  07:26    0.0   13.0   0.00    0.2    6.0  13:26    106
 04   73.9   81.1  12:42   69.0  07:35    0.0    8.9   0.01    0.0    4.0  15:38    110
 05   70.5   73.8  23:57   68.6  03:01    0.0    5.5   2.39    0.4    8.0  23:52    103
 06   64.4   74.9  01:05   58.6  23:47    0.6    0.0   0.09    0.6   10.0  00:05    118
 07   61.4   67.6  15:35   58.1  06:24    3.6    0.0   0.01    0.3    9.0  13:25    328
 08   62.6   69.6  15:21   55.3  05:36    2.4    0.0   0.00    0.6   10.0  12:41    319
 09   61.3   73.1  16:02   50.8  07:42    3.7    0.0   0.00    0.3    9.0  12:37    330
 10   66.2   77.9  15:46   49.4  07:35    0.0    1.2   0.00    0.3    8.0  15:11    327
 11   64.2   79.3  15:01   50.0  07:31    0.8    0.0   0.08    0.2    8.0  14:56    339
 12   66.2   79.7  15:17   54.5  07:36    0.0    1.2   0.00    0.2    6.0  13:57    336
 13   67.1   82.5  16:27   54.2  07:41    0.0    2.1   0.00    0.2    9.0  14:11    306
 14   67.8   84.0  14:06   54.0  07:46    0.0    2.8   0.00    0.1    4.0  11:06    351
 15   65.5   75.6  13:06   58.9  22:16    0.0    0.5   0.00    1.0   16.0  17:21    329
 16   59.9   61.6  18:48   58.0  00:00    5.1    0.0   0.00    0.6    5.0  20:19    113
 17   62.2   72.9  16:18   52.0  07:17    2.8    0.0   0.00    0.2    6.0  14:28     98
 18   64.8   73.7  16:42   56.5  07:00    0.2    0.0   0.00    0.2    5.0  00:30    103
 19   63.5   68.3  16:12   60.4  07:41    1.5    0.0   0.00    1.1   10.0  10:01    118
 20   66.2   73.7  16:18   60.5  04:42    0.0    1.2   0.03    0.3    6.0  23:43    117
 21   71.2   78.4  17:08   66.0  23:54    0.0    6.2   0.01    0.2    5.0  01:01     91
 22   69.3   77.1  13:52   64.9  02:06    0.0    4.3   0.69    0.1    5.0  10:57     92
 23   66.8   73.7  14:45   61.1  23:21    0.0    1.8   0.27    0.1    8.0  14:50    337
 24   62.9   75.1  15:46   54.5  00:00    2.1    0.0   0.00    0.3   10.0  12:31    334
 25   63.8   79.2  14:41   48.3  07:41    1.2    0.0   0.00    0.3    7.0  22:17    113
 26   72.2   79.2  13:27   67.5  23:52    0.0    7.2   0.30    0.4    7.0  01:16    104
 27   66.1   72.2  15:26   58.0  00:00    0.0    1.1   0.01    0.1    7.0  13:11    331
 28   63.1   74.7  16:11   52.7  07:41    1.9    0.0   0.00    0.1    6.0  12:11    346
 29   63.2   76.2  14:12   52.2  07:42    1.8    0.0   0.00    0.2    9.0  15:27    336
 30   60.2   68.5  13:18   52.6  07:03    4.8    0.0   0.00    1.1   16.0  17:33    322
---------------------------------------------------------------------------------------
      66.7   92.7     02   48.3     25   32.5   79.1   4.27    0.3   16.0     15     50