Report for 2011 October
                   MONTHLY CLIMATOLOGICAL SUMMARY for Oct 2011


NAME: Ellijay, GA                  
ELEV: 1480 feet    LAT: 34-38.16 N    LONG: 084-27.00 W


                   TEMPERATURE (°F), RAIN (in), WIND SPEED (mph)

                                         HEAT   COOL         AVG
      MEAN                               DEG    DEG          WIND                   DOM
DAY   TEMP   HIGH   TIME    LOW   TIME   DAYS   DAYS   RAIN  SPEED   HIGH   TIME    DIR
---------------------------------------------------------------------------------------
 01   51.8   58.1  15:36   44.6  07:56   13.2    0.0   0.00    1.2   14.0  12:31    317
 02   50.5   61.9  16:06   39.1  23:56   14.5    0.0   0.00    1.4   15.0  10:30    324
 03   49.1   68.8  14:58   32.8  07:33   15.9    0.0   0.00    0.4   12.0  15:18    309
 04   54.4   74.4  16:12   38.4  07:31   10.6    0.0   0.00    0.4   10.0  13:02    345
 05   58.7   76.6  16:13   43.7  07:42    6.3    0.0   0.00    0.2    5.0  13:29    322
 06   60.7   75.4  15:50   47.5  08:04    4.3    0.0   0.00    0.2    6.0  11:19    106
 07   59.3   73.9  16:12   46.6  07:47    5.7    0.0   0.00    0.2    5.0  12:37    103
 08   58.9   73.0  15:24   46.3  07:12    6.1    0.0   0.00    0.4    7.0  05:07    113
 09   63.0   69.9  15:08   56.5  06:20    2.0    0.0   0.00    0.4    7.0  11:58    135
 10   66.4   71.7  13:26   58.8  23:16    0.0    1.4   0.02    0.8   14.0  03:06    117
 11   61.3   65.0  14:42   59.1  00:01    3.7    0.0   0.20    0.1    6.0  02:16    331
 12   62.8   71.0  15:07   57.8  00:55    2.2    0.0   0.00    0.2    7.0  12:37    322
 13   61.0   67.9  15:17   57.7  20:08    4.0    0.0   0.68    0.2    8.0  14:32    359
 14   57.9   70.0  15:41   47.6  08:06    7.1    0.0   0.00    0.5   14.0  14:36    326
 15   53.7   69.0  16:27   41.9  08:01   11.3    0.0   0.00    0.3   12.0  16:22    334
 16   54.9   75.6  16:18   38.6  08:02   10.1    0.0   0.00    0.1    8.0  13:18    341
 17   62.5   78.2  15:47   44.0  07:24    2.5    0.0   0.00    0.2    7.0  15:09    322
 18   62.0   76.8  15:16   47.0  07:41    3.0    0.0   0.00    0.5    9.0  21:12    112
 19   50.5   66.0  00:01   44.0  00:00   14.5    0.0   1.02    0.6   14.0  19:45    329
 20   43.6   49.4  17:41   36.8  23:27   21.4    0.0   0.01    0.4   11.0  05:41    352
 21   36.7   42.1  21:06   31.8  06:56   28.3    0.0   0.00    0.0    0.0  00:05     90
 22   44.4   62.2  15:21   30.3  07:30   20.6    0.0   0.00    0.2    7.0  15:15    332
 23   48.1   66.0  15:21   31.9  08:05   16.9    0.0   0.00    0.1    8.0  12:51    324
 24   55.1   69.0  16:02   45.4  00:00    9.9    0.0   0.00    0.3    8.0  11:47    328
 25   53.2   72.3  15:29   37.5  08:31   11.8    0.0   0.00    0.1    5.0  14:04    357
 26   53.8   70.6  15:26   39.7  08:06   11.2    0.0   0.00    0.2    9.0  13:56     28
 27   55.6   71.4  15:54   41.1  08:24    9.4    0.0   0.01    0.3   10.0  21:44    328
 28   53.1   60.1  14:02   46.8  23:58   11.9    0.0   0.02    0.1    6.0  14:07     98
 29   44.6   52.2  15:34   35.6  23:59   20.4    0.0   0.00    1.2   19.0  13:54    346
 30   40.9   57.5  16:21   28.0  08:06   24.1    0.0   0.00    0.2    6.0  15:31     91
 31   42.6   59.0  15:55   29.9  07:46   22.4    0.0   0.00    0.2    8.0  14:00    339
---------------------------------------------------------------------------------------
      54.2   78.2     17   28.0     30  345.2    1.4   1.96    0.4   19.0     29    353