Report for 2011 November
                   MONTHLY CLIMATOLOGICAL SUMMARY for Nov 2011


NAME: Ellijay, GA                  
ELEV: 1480 feet    LAT: 34-38.16 N    LONG: 084-27.00 W


                   TEMPERATURE (°F), RAIN (in), WIND SPEED (mph)

                                         HEAT   COOL         AVG
      MEAN                               DEG    DEG          WIND                   DOM
DAY   TEMP   HIGH   TIME    LOW   TIME   DAYS   DAYS   RAIN  SPEED   HIGH   TIME    DIR
---------------------------------------------------------------------------------------
 01   44.4   64.1  15:11   29.6  08:26   20.6    0.0   0.00    0.2    7.0  13:06    308
 02   46.1   63.5  15:51   31.3  07:41   18.9    0.0   0.00    0.3    7.0  12:01    115
 03   49.7   62.5  13:07   39.6  00:07   15.3    0.0   0.70    0.6   15.0  23:03     98
 04   47.1   56.3  15:33   41.7  00:00   17.9    0.0   0.00    1.3   17.0  12:43    316
 05   45.8   60.2  15:38   31.3  08:18   19.2    0.0   0.00    0.5   11.0  22:14    114
 06   50.5   63.6  14:33   37.3  07:32   14.5    0.0   0.00    0.9    9.0  02:01    117
 07   51.6   68.4  14:26   38.3  07:22   13.4    0.0   0.00    0.1    4.0  12:40     16
 08   51.7   68.6  14:57   37.8  07:07   13.3    0.0   0.00    0.2    7.0  12:22     96
 09   55.2   65.1  13:24   43.6  04:54    9.8    0.0   0.20    0.1    6.0  13:09     97
 10   46.5   54.2  00:05   39.1  00:00   18.5    0.0   0.00    1.8   16.0  09:16    319
 11   37.9   51.2  14:07   26.5  07:17   27.1    0.0   0.00    0.4   11.0  10:57    316
 12   42.3   59.3  13:57   26.4  07:32   22.7    0.0   0.00    0.1    6.0  11:32     58
 13   53.6   63.8  16:48   40.3  06:52   11.4    0.0   0.00    0.3    9.0  16:08    114
 14   62.6   68.6  15:52   58.6  09:27    2.4    0.0   0.05    0.2    7.0  13:52    109
 15   63.5   65.6  14:16   61.2  03:11    1.5    0.0   0.33    0.1    6.0  23:03     87
 16   61.7   67.8  15:23   53.0  00:00    3.3    0.0   0.55    0.7   12.0  22:38    323
 17   44.2   53.0  00:01   33.0  22:07   20.8    0.0   0.00    1.6   20.0  15:27    306
 18   38.6   50.8  14:27   24.1  07:32   26.4    0.0   0.00    1.3   14.0  20:57    124
 19   50.2   57.7  15:26   41.8  01:25   14.8    0.0   0.00    1.2   13.0  00:10    121
 20   58.4   64.2  12:58   54.3  07:12    6.6    0.0   0.01    0.1    7.0  00:11    123
 21   60.9   67.0  14:22   57.0  23:52    4.1    0.0   0.00    0.0    4.0  13:57    308
 22   62.7   69.8  16:27   56.8  02:06    2.3    0.0   0.74    0.4    9.0  15:57    118
 23   52.3   58.6  00:01   45.4  00:00   12.7    0.0   0.01    1.6   18.0  12:47    310
 24   43.9   62.7  14:38   30.3  07:12   21.1    0.0   0.00    0.1    5.0  12:12     29
 25   42.6   63.6  14:08   27.2  07:22   22.4    0.0   0.00    0.1    6.0  14:28    112
 26   56.4   65.7  14:52   42.2  00:01    8.6    0.0   0.00    1.1   12.0  14:57    126
 27   61.2   65.9  15:17   57.2  09:31    3.8    0.0   0.01    0.5   13.0  02:45    126
 28   51.8   61.2  10:21   36.6  23:49   13.2    0.0   1.00    0.1    9.0  18:59    117
 29   35.7   37.1  13:56   34.5  07:56   29.3    0.0   0.15    0.3   11.0  22:04    352
 30   37.1   42.7  15:58   27.4  23:48   27.9    0.0   0.00    0.8   12.0  00:16    306
---------------------------------------------------------------------------------------
      50.2   69.8     22   24.1     18  443.7    0.0   3.75    0.6   20.0     17     68