Report for 2011 December
                   MONTHLY CLIMATOLOGICAL SUMMARY for Dec 2011


NAME: Ellijay, GA                  
ELEV: 1480 feet    LAT: 34-38.16 N    LONG: 084-27.00 W


                   TEMPERATURE (°F), RAIN (in), WIND SPEED (mph)

                                         HEAT   COOL         AVG
      MEAN                               DEG    DEG          WIND                   DOM
DAY   TEMP   HIGH   TIME    LOW   TIME   DAYS   DAYS   RAIN  SPEED   HIGH   TIME    DIR
---------------------------------------------------------------------------------------
 01   36.2   57.5  14:12   23.0  07:12   28.8    0.0   0.00    0.1    5.0  14:42    335
 02   38.8   59.7  15:23   25.4  07:49   26.2    0.0   0.01    0.2    8.0  11:24    314
 03   45.5   60.3  14:11   28.2  07:45   19.5    0.0   0.00    0.8   16.0  09:50    122
 04   52.3   57.5  13:47   48.4  02:21   12.7    0.0   0.00    0.0    0.0  00:01     90
 05   58.4   65.3  14:32   54.0  00:10    6.6    0.0   0.01    0.0    0.0  00:05     90
 06   60.0   62.4  12:41   55.1  00:00    5.0    0.0   1.18    0.0    0.0  00:05     90
 07   44.4   55.1  00:01   35.4  23:59   20.6    0.0   0.49    1.0   25.0  19:13    304
 08   36.5   47.0  13:53   29.7  07:48   28.5    0.0   0.00    0.5   13.0  03:43    318
 09   38.9   51.7  14:22   29.1  04:37   26.1    0.0   0.00    0.1    6.0  13:12    345
 10   38.2   47.3  14:46   27.4  23:22   26.8    0.0   0.00    1.3   15.0  07:16    309
 11   37.0   50.1  13:47   23.2  07:41   28.0    0.0   0.00    1.1   12.0  10:56    124
 12   45.7   54.0  13:03   35.6  08:16   19.3    0.0   0.00    0.6   12.0  00:40    113
 13   49.6   59.6  13:56   41.2  23:53   15.4    0.0   0.00    0.1    6.0  12:31    312
 14   49.1   66.0  15:01   35.5  07:47   15.9    0.0   0.00    0.1    6.0  11:40     94
 15   57.2   64.2  13:05   47.0  03:16    7.8    0.0   0.04    0.2    8.0  12:09    108
 16   53.8   57.5  01:21   42.5  23:59   11.2    0.0   0.30    0.2    7.0  19:23    305
 17   39.8   47.0  15:33   28.4  23:58   25.2    0.0   0.00    0.6   10.0  02:56    306
 18   37.4   49.5  15:11   27.8  00:56   27.6    0.0   0.00    0.6   11.0  04:11    322
 19   39.6   56.7  16:07   26.0  07:11   25.4    0.0   0.00    0.1    5.0  11:06    110
 20   51.0   57.7  12:07   41.7  00:01   14.0    0.0   0.17    0.1    7.0  20:37     99
 21   58.6   63.4  16:12   53.8  00:01    6.4    0.0   0.71    0.4    9.0  09:46    115
 22   58.9   65.3  12:07   49.8  23:58    6.1    0.0   1.01    0.5   14.0  21:28    119
 23   47.1   51.0  14:43   39.6  00:00   17.9    0.0   0.01    0.7   10.0  12:23    315
 24   39.9   51.8  15:07   30.6  07:12   25.1    0.0   0.00    0.1    4.0  11:02    320
 25   40.2   46.8  16:33   32.8  02:52   24.8    0.0   0.02    0.1    4.0  08:08    324
 26   41.9   53.6  14:07   29.3  07:46   23.1    0.0   0.01    1.3   19.0  22:38    122
 27   41.7   46.0  08:32   36.9  22:13   23.3    0.0   0.60    1.9   19.0  02:01    126
 28   36.3   45.7  14:53   28.4  23:58   28.7    0.0   0.01    0.6   11.0  03:06    315
 29   34.7   50.5  15:12   24.1  06:57   30.3    0.0   0.00    0.1    8.0  13:52     39
 30   43.4   56.7  16:44   29.2  02:46   21.6    0.0   0.01    0.2   12.0  15:29    125
 31   46.6   58.4  15:03   31.9  08:21   18.4    0.0   0.00    0.4   10.0  16:33    313
---------------------------------------------------------------------------------------
      45.1   66.0     14   23.0     01  616.2    0.0   4.58    0.5   25.0     07     47