Report for 2012
                     CLIMATOLOGICAL SUMMARY for year 2012


NAME: Ellijay, GA                  
ELEV: 1480 feet    LAT: 34-38.16 N    LONG: 084-27.00 W


                                       TEMPERATURE (°F)

                              HEAT    COOL                              MAX    MAX    MIN    MIN
          MEAN   MEAN         DEG     DEG                                >=     <=     <=     <=
 YR  MO   MAX    MIN    MEAN  DAYS    DAYS      HI  DAY     LOW  DAY     90     32     32      0
------------------------------------------------------------------------------------------------
2012 01   52.4   32.8   42.6  700.1    0.0    64.1   26    14.1   04      0      2     18      0
2012 02   53.4   33.8   43.7  356.9    0.0    67.3   15    15.9   13      0      0      7      0
2012 03
2012 04   70.9   47.0   58.9  165.6   14.1    84.3   30    29.4   12      0      0      1      0
2012 05   79.5   57.4   68.1   38.1  114.1    90.6   26    41.6   10      1      0      0      0
2012 06   84.7   60.7   73.5    5.1  202.0   101.8   30    47.9   02      7      0      0      0
2012 07   89.0   67.5   76.7    0.0  361.9   103.1   01    62.7   30     15      0      0      0
2012 08   82.9   63.5   71.8    0.7  213.6    90.1   01    52.7   12      1      0      0      0
2012 09   77.6   57.4   66.7   38.2   88.5    86.1   01    36.8   24      0      0      0      0
2012 10   66.7   46.7   56.2  274.2    0.6    77.0   26    35.1   31      0      0      0      0
2012 11   60.0   32.1   45.2  596.3    0.0    73.8   03    21.9   25      0      0     20      0
2012 12   55.0   36.8   45.2  611.0    0.0    68.8   04    22.4   23      0      0     12      0
------------------------------------------------------------------------------------------------
          70.7   49.2   60.7 2786.2  994.8   103.1  Jul    14.1  Jan     24      2     58      0


                  PRECIPITATION (in)

                  MAX         ---DAYS OF RAIN---
                  OBS.               OVER
 YR  MO  TOTAL    DAY  DATE   0.01   0.10   1.00
------------------------------------------------
2012 01   6.49   1.28    17     14     12      1
2012 02   1.93   0.76    04      6      4      0
2012 03
2012 04   1.26   0.83    18      6      2      0
2012 05   2.39   0.72    29     16      7      0
2012 06   2.79   1.03    04      6      5      1
2012 07   4.50   1.43    12     17      8      1
2012 08   3.85   1.05    14     16      9      1
2012 09   4.31   1.66    18      9      6      1
2012 10   1.90   1.03    01      9      4      1
2012 11   0.80   0.32    06      5      2      0
2012 12   6.36   1.23    20     13     10      3
------------------------------------------------
         36.58   1.66   Sep    117     69      9


           WIND SPEED (mph)

                                DOM
 YR  MO    AVG     HI   DATE    DIR
-----------------------------------
2012 01    0.7   23.0     03    346 
2012 02    0.7   27.0     11    322 
2012 03
2012 04    0.4   24.0     23    334 
2012 05    0.3   17.0     29    338 
2012 06    0.3   11.0     04    356 
2012 07    0.3   26.0     05    339 
2012 08    0.1   13.0     09    340 
2012 09    0.2   14.0     23    339 
2012 10    0.5   22.0     29    322 
2012 11    0.3   18.0     12    316 
2012 12    0.5   22.0     26    314 
-----------------------------------
           0.3   27.0    Feb    329