Report for 2012 January
                   MONTHLY CLIMATOLOGICAL SUMMARY for Jan 2012


NAME: Ellijay, GA                  
ELEV: 1480 feet    LAT: 34-38.16 N    LONG: 084-27.00 W


                   TEMPERATURE (°F), RAIN (in), WIND SPEED (mph)

                                         HEAT   COOL         AVG
      MEAN                               DEG    DEG          WIND                   DOM
DAY   TEMP   HIGH   TIME    LOW   TIME   DAYS   DAYS   RAIN  SPEED   HIGH   TIME    DIR
---------------------------------------------------------------------------------------
 01   46.9   62.1  15:14   31.5  03:03   18.1    0.0   0.04    0.7   12.0  19:16    298
 02   34.6   41.6  00:01   24.6  00:00   30.4    0.0   0.00    2.5   22.0  17:57    302
 03   23.7   29.9  15:03   18.1  23:59   41.3    0.0   0.00    1.6   23.0  00:11    307
 04   27.7   44.7  15:18   14.1  07:42   37.3    0.0   0.00    0.2    8.0  13:33    313
 05   35.2   53.1  15:13   22.6  07:32   29.8    0.0   0.00    0.2    7.0  11:38    312
 06   39.0   59.3  15:02   24.6  07:42   26.0    0.0   0.00    0.2    8.0  12:42    319
 07   47.6   56.4  15:44   36.6  00:37   17.4    0.0   0.60    0.0    7.0  17:49    330
 08   52.3   56.4  13:18   48.0  02:51   12.7    0.0   0.53    0.0    2.0  03:21    330
 09   55.6   57.8  11:53   53.2  01:26    9.4    0.0   0.04    0.1    7.0  13:53    315
 10   55.2   58.5  15:42   53.0  03:11    9.8    0.0   0.11    0.1    6.0  20:38    126
 11   52.9   60.0  11:42   45.9  23:44   12.1    0.0   0.69    1.3   14.0  06:36    123
 12   42.3   48.6  11:57   27.1  23:59   22.7    0.0   0.19    0.8   18.0  19:38    300
 13   26.4   30.7  15:49   20.1  23:56   38.6    0.0   0.00    1.1   16.0  03:17    304
 14   31.1   45.4  16:48   15.0  07:57   33.9    0.0   0.00    0.3   14.0  13:47      9
 15   36.6   46.8  14:45   28.5  00:00   28.4    0.0   0.00    0.6   13.0  01:46    312
 16   41.0   51.2  16:56   27.1  01:37   24.0    0.0   0.00    0.3    8.0  13:39    115
 17   52.4   57.6  18:30   46.4  00:07   12.6    0.0   1.28    0.6   11.0  18:40    102
 18   36.2   47.7  00:05   27.4  23:59   28.8    0.0   0.00    1.4   16.0  11:46    316
 19   36.1   49.6  15:35   25.5  07:47   28.9    0.0   0.00    0.1    5.0  10:28    114
 20   45.3   49.8  15:32   39.8  01:45   19.7    0.0   0.92    0.1    8.0  22:24    315
 21   54.4   59.3  09:38   46.0  23:59   10.6    0.0   0.45    0.2   17.0  09:48    335
 22   48.0   53.1  12:38   43.4  01:26   17.0    0.0   0.10    2.0   13.0  13:23    120
 23   47.2   51.7  17:04   42.8  07:53   17.8    0.0   0.68    1.4   15.0  06:03    118
 24   48.1   60.3  14:50   35.9  00:00   16.9    0.0   0.00    0.3    9.0  12:14    319
 25   47.8   63.2  14:54   30.5  07:52   17.2    0.0   0.00    0.9   12.0  11:08    120
 26   58.7   64.1  14:59   54.4  09:23    6.3    0.0   0.54    1.5   19.0  20:46    122
 27   47.3   59.9  00:01   32.1  00:00   17.7    0.0   0.32    0.9   13.0  00:22    305
 28   38.8   55.0  12:58   28.9  06:00   26.2    0.0   0.00    0.7   14.0  13:13    304
 29   34.2   48.6  14:53   22.2  07:52   30.8    0.0   0.00    0.3    9.0  15:13    322
 30   37.9   56.9  15:09   23.4  07:38   27.1    0.0   0.00    0.2    7.0  13:04    357
 31   34.5   44.9  21:29   28.6  03:31   30.5    0.0   0.00    0.0    3.0  22:59     90
---------------------------------------------------------------------------------------
      42.6   64.1     26   14.1     04  700.1    0.0   6.49    0.7   23.0     03    346