Report for 2012 February
                   MONTHLY CLIMATOLOGICAL SUMMARY for Feb 2012


NAME: Ellijay, GA                  
ELEV: 1480 feet    LAT: 34-38.16 N    LONG: 084-27.00 W


                   TEMPERATURE (°F), RAIN (in), WIND SPEED (mph)

                                         HEAT   COOL         AVG
      MEAN                               DEG    DEG          WIND                   DOM
DAY   TEMP   HIGH   TIME    LOW   TIME   DAYS   DAYS   RAIN  SPEED   HIGH   TIME    DIR
---------------------------------------------------------------------------------------
 01   49.0   53.5  12:23   40.7  00:32   16.0    0.0   0.69    0.0    4.0  15:24      7
 02   53.4   63.2  14:59   37.3  00:00   11.6    0.0   0.06    0.6   12.0  10:48    307
 03   48.7   60.0  14:56   32.1  05:58   16.3    0.0   0.00    1.4   17.0  11:54    119
 04   52.8   59.7  16:13   46.2  05:55   12.2    0.0   0.76    0.5   12.0  05:00    121
 05   54.1   61.5  13:44   41.8  00:00   10.9    0.0   0.06    0.4   12.0  13:49    302
 06   45.6   55.3  15:42   34.6  23:59   19.4    0.0   0.00    0.4    9.0  09:32    112
 07   40.7   56.3  14:14   29.5  07:23   24.3    0.0   0.00    0.2   10.0  11:54    324
 08   42.5   53.0  13:29   33.8  00:01   22.5    0.0   0.00    1.0   14.0  11:08    308
 09   39.6   50.4  14:48   29.6  00:00   25.4    0.0   0.00    0.7   11.0  00:47    327
 10   38.0   48.3  14:50   28.2  05:57   27.0    0.0   0.00    0.2    7.0  15:25    307
 11   31.0   42.3  00:03   20.8  23:54   34.0    0.0   0.00    2.9   27.0  16:36    308
 12   25.5   35.9  14:14   17.6  04:38   39.5    0.0   0.00    1.4   17.0  03:23    312
 13   34.6   49.5  15:50   15.9  07:32   30.4    0.0   0.00    0.3    6.0  01:01    348
 14   39.4   43.0  00:01   35.7  07:41   25.6    0.0   0.12    0.1    5.0  00:31     37
 15   49.6   67.3  14:34   31.5  07:47   15.4    0.0   0.00    0.5   10.0  20:20    117
 16   52.6   57.7  16:08   48.9  04:56   12.4    0.0   0.24    0.3   12.0  00:15    111
 17   50.8   50.8  00:01   50.8  00:01   14.2    0.0   0.00    0.0    0.0  00:01     90
 18
 19
 20
 21
 22
 23
 24
 25
 26
 27
 28
 29
---------------------------------------------------------------------------------------
      43.7   67.3     15   15.9     13  356.9    0.0   1.93    0.7   27.0     11    322