Report for 2012 April
                   MONTHLY CLIMATOLOGICAL SUMMARY for Apr 2012


NAME: Ellijay, GA                  
ELEV: 1480 feet    LAT: 34-38.16 N    LONG: 084-27.00 W


                   TEMPERATURE (°F), RAIN (in), WIND SPEED (mph)

                                         HEAT   COOL         AVG
      MEAN                               DEG    DEG          WIND                   DOM
DAY   TEMP   HIGH   TIME    LOW   TIME   DAYS   DAYS   RAIN  SPEED   HIGH   TIME    DIR
---------------------------------------------------------------------------------------
 01
 02
 03
 04
 05
 06   57.8   62.6  18:02   47.4  00:00    7.2    0.0   0.00    0.4    6.0  12:40    113
 07   54.4   69.3  15:41   38.6  07:39   10.6    0.0   0.00    0.2    8.0  12:46    325
 08   58.2   74.8  15:44   40.3  07:29    6.8    0.0   0.00    0.5   17.0  16:41    298
 09   57.3   74.3  14:16   39.0  07:39    7.7    0.0   0.00    0.5   12.0  15:37    329
 10   54.4   69.6  12:14   38.2  07:23   10.6    0.0   0.00    0.4   13.0  12:24    311
 11   51.3   60.4  15:49   37.8  07:52   13.7    0.0   0.00    1.5   20.0  11:14    311
 12   47.3   63.4  17:20   29.4  07:07   17.7    0.0   0.00    0.5   11.0  00:03    341
 13   52.0   70.5  16:42   33.5  07:20   13.0    0.0   0.00    0.3    7.0  14:26     17
 14   58.7   74.0  16:48   43.1  06:59    6.3    0.0   0.00    0.4    8.0  14:01    115
 15   61.8   76.0  16:42   46.6  06:57    3.2    0.0   0.00    0.3    7.0  14:55    101
 16   66.3   73.8  17:22   60.3  23:18    0.0    1.3   0.08    0.1    9.0  01:13    115
 17   63.3   75.2  13:35   54.9  07:33    1.7    0.0   0.04    0.0    0.0  00:06     90
 18   58.5   61.3  13:26   57.0  02:48    6.5    0.0   0.83    0.0    0.0  00:01     90
 19   61.1   71.4  17:14   55.0  07:02    3.9    0.0   0.00    0.0    0.0  00:05     90
 20   60.7   66.4  17:49   54.3  00:46    4.3    0.0   0.00    0.0    0.0  00:01     90
 21   63.3   72.7  16:16   57.3  04:33    1.7    0.0   0.27    0.0    0.0  00:05     90
 22   53.6   58.9  15:14   44.3  23:58   11.4    0.0   0.00    0.5   14.0  17:20    325
 23   46.9   55.5  16:49   38.8  03:17   18.1    0.0   0.00    1.9   24.0  10:01    323
 24   49.3   60.9  15:21   33.7  07:12   15.7    0.0   0.00    0.6   13.0  12:29    315
 25   59.6   76.7  16:33   41.3  06:18    5.4    0.0   0.00    0.3   10.0  14:36     50
 26   66.6   77.9  17:12   57.9  05:13    0.0    1.6   0.03    0.4   11.0  15:11     40
 27   67.7   76.7  15:54   60.1  06:57    0.0    2.7   0.01    0.2    6.0  13:44    327
 28   69.3   81.1  16:52   57.8  07:22    0.0    4.3   0.00    0.3    7.0  14:56     45
 29   67.4   83.8  16:22   52.7  07:20    0.0    2.4   0.00    0.3    9.0  13:12    330
 30   66.8   84.3  15:14   55.9  06:57    0.0    1.8   0.00    0.2    7.0  13:39     25
---------------------------------------------------------------------------------------
      58.9   84.3     30   29.4     12  165.6   14.1   1.26    0.4   24.0     23    334