Report for 2012 May
                   MONTHLY CLIMATOLOGICAL SUMMARY for May 2012


NAME: Ellijay, GA                  
ELEV: 1480 feet    LAT: 34-38.16 N    LONG: 084-27.00 W


                   TEMPERATURE (°F), RAIN (in), WIND SPEED (mph)

                                         HEAT   COOL         AVG
      MEAN                               DEG    DEG          WIND                   DOM
DAY   TEMP   HIGH   TIME    LOW   TIME   DAYS   DAYS   RAIN  SPEED   HIGH   TIME    DIR
---------------------------------------------------------------------------------------
 01   72.0   85.8  16:45   61.4  07:07    0.0    7.0   0.00    0.2    6.0  13:14    323
 02   73.1   85.3  15:36   62.6  07:08    0.0    8.1   0.00    0.1    7.0  12:44    347
 03   69.8   80.0  14:11   59.8  07:06    0.0    4.8   0.10    0.1    9.0  19:48     18
 04   69.5   80.9  16:45   63.7  07:17    0.0    4.5   0.05    0.2    9.0  15:59    335
 05   71.8   85.3  16:45   58.0  06:46    0.0    6.8   0.00    0.4    9.0  11:02    325
 06   71.1   87.6  16:41   57.2  07:22    0.0    6.1   0.07    0.4    7.0  11:51    344
 07   66.6   75.6  17:21   60.5  06:20    0.0    1.6   0.37    0.2    6.0  17:41     86
 08   69.3   79.2  16:44   63.1  00:40    0.0    4.3   0.02    0.2    6.0  12:33    324
 09   61.5   66.2  18:03   50.9  00:00    3.5    0.0   0.06    0.4   13.0  17:13    333
 10   56.8   71.3  16:42   41.6  06:50    8.2    0.0   0.00    0.7   15.0  11:57    319
 11   45.2   54.6  09:29   41.7  07:03   19.8    0.0   0.00    0.0    4.0  09:14     90
 12
 13   61.0   63.2  00:00   59.5  13:08    4.0    0.0   0.41    0.2    8.0  14:54    102
 14   66.6   75.0  16:29   60.7  23:54    0.0    1.6   0.11    0.3    9.0  15:13    345
 15   65.0   76.7  16:18   54.4  07:05    0.0    0.0   0.00    0.2    7.0  15:11    338
 16   65.4   78.5  15:41   53.3  06:55    0.0    0.4   0.00    0.5   11.0  15:26    321
 17   65.3   80.8  16:57   51.1  06:41    0.0    0.3   0.00    0.2    5.0  11:58      3
 18   64.1   77.1  12:57   55.0  07:03    0.9    0.0   0.07    0.2    5.0  11:31     14
 19   65.6   82.1  16:40   52.9  06:59    0.0    0.6   0.01    0.3    9.0  13:39    304
 20   68.2   82.4  16:36   56.4  07:00    0.0    3.2   0.01    0.3    8.0  15:55    327
 21   67.3   80.0  16:22   56.8  06:58    0.0    2.3   0.04    0.2    6.0  13:09    322
 22   63.4   74.6  12:58   57.0  00:00    1.6    0.0   0.16    0.2    9.0  17:49    320
 23   65.1   77.5  17:56   55.6  06:43    0.0    0.1   0.00    0.2    6.0  11:27    331
 24   69.6   83.8  16:35   57.0  05:07    0.0    4.6   0.00    0.2    7.0  12:03     64
 25   73.2   88.4  16:22   60.2  06:51    0.0    8.2   0.00    0.2    6.0  12:33    336
 26   74.8   90.6  16:34   59.8  06:55    0.0    9.8   0.00    0.4    9.0  13:37    318
 27   74.9   86.6  14:33   64.1  07:04    0.0    9.9   0.00    0.1    6.0  17:54    101
 28   75.3   85.6  16:34   64.9  04:02    0.0   10.3   0.00    0.4    7.0  14:28    110
 29   74.3   83.3  14:17   65.1  00:00    0.0    9.3   0.72    0.4   17.0  23:49     96
 30   72.6   87.4  15:34   62.0  23:58    0.0    7.6   0.18    0.4    9.0  14:02    307
 31   67.6   80.7  16:34   55.5  06:23    0.0    2.6   0.01    0.0    4.0  17:44    269
---------------------------------------------------------------------------------------
      68.1   90.6     26   41.6     10   38.1  114.1   2.39    0.3   17.0     29    338