Report for 2012 June
                   MONTHLY CLIMATOLOGICAL SUMMARY for Jun 2012


NAME: Ellijay, GA                  
ELEV: 1480 feet    LAT: 34-38.16 N    LONG: 084-27.00 W


                   TEMPERATURE (°F), RAIN (in), WIND SPEED (mph)

                                         HEAT   COOL         AVG
      MEAN                               DEG    DEG          WIND                   DOM
DAY   TEMP   HIGH   TIME    LOW   TIME   DAYS   DAYS   RAIN  SPEED   HIGH   TIME    DIR
---------------------------------------------------------------------------------------
 01   66.3   72.0  17:25   56.2  00:00    0.0    1.3   0.46    0.3   10.0  22:27    335
 02   59.9   72.2  16:34   47.9  06:47    5.1    0.0   0.00    0.7   10.0  12:48    329
 03   65.8   81.7  17:56   48.8  05:48    0.0    0.8   0.00    0.2    8.0  15:31    327
 04   69.9   78.4  16:43   64.3  06:21    0.0    4.9   1.03    0.3   11.0  02:45    334
 05   65.6   74.0  17:18   60.7  23:56    0.0    0.6   0.36    0.1    7.0  05:28    329
 06   66.4   80.0  16:37   54.1  07:00    0.0    1.4   0.00    0.4    9.0  12:05    330
 07
 08
 09
 10   66.9   70.8  16:54   64.4  08:43    0.0    1.9   0.49    0.6    6.0  08:49    115
 11   69.9   77.7  16:41   65.9  00:21    0.0    4.9   0.43    0.1    5.0  15:24     78
 12   73.0   81.3  16:54   65.7  23:47    0.0    8.0   0.00    0.5    9.0  18:09    321
 13   72.6   88.3  16:37   61.0  06:29    0.0    7.6   0.00    0.2    6.0  11:36    323
 14   72.3   81.9  16:49   63.7  06:59    0.0    7.3   0.00    0.5    7.0  09:51    115
 15   72.6   81.3  15:38   61.8  06:45    0.0    7.6   0.00    0.2    6.0  09:11     97
 16   69.9   80.5  18:13   59.4  06:16    0.0    4.9   0.00    0.1    5.0  11:32     61
 17   71.0   81.4  15:39   59.2  06:46    0.0    6.0   0.00    0.1    5.0  11:12    358
 18   70.8   83.9  15:58   58.0  06:44    0.0    5.8   0.00    0.1    6.0  15:55     43
 19   72.8   84.7  15:59   59.5  06:31    0.0    7.8   0.00    0.1    5.0  11:12     48
 20   73.9   85.9  14:11   60.7  06:38    0.0    8.9   0.00    0.2    5.0  11:10     83
 21   74.9   88.8  17:37   62.9  06:49    0.0    9.9   0.00    0.1    5.0  10:46    349
 22   77.7   90.5  17:57   66.1  07:09    0.0   12.7   0.00    0.3    8.0  15:30    325
 23   76.5   92.4  15:59   64.6  06:22    0.0   11.5   0.02    0.1    5.0  13:43    357
 24   78.5   91.4  14:07   66.6  06:46    0.0   13.5   0.00    0.1    5.0  14:07    329
 25   79.7   92.4  15:54   68.4  06:49    0.0   14.7   0.00    0.5    9.0  13:35    319
 26   75.0   88.8  15:40   62.6  06:44    0.0   10.0   0.00    0.6   10.0  17:08    328
 27   70.7   87.5  17:23   54.6  06:30    0.0    5.7   0.00    0.2    7.0  12:28    335
 28   75.1   96.3  17:24   55.8  07:01    0.0   10.1   0.00    0.2    8.0  15:32    341
 29   81.1  101.1  16:38   61.2  06:56    0.0   16.1   0.00    0.3   10.0  11:39    326
 30   83.1  101.8  18:05   65.9  06:41    0.0   18.1   0.00    0.2    5.0  09:48    345
---------------------------------------------------------------------------------------
      73.5  101.8     30   47.9     02    5.1  202.0   2.79    0.3   11.0     04    356