Report for 2012 July
                   MONTHLY CLIMATOLOGICAL SUMMARY for Jul 2012


NAME: Ellijay, GA                  
ELEV: 1480 feet    LAT: 34-38.16 N    LONG: 084-27.00 W


                   TEMPERATURE (°F), RAIN (in), WIND SPEED (mph)

                                         HEAT   COOL         AVG
      MEAN                               DEG    DEG          WIND                   DOM
DAY   TEMP   HIGH   TIME    LOW   TIME   DAYS   DAYS   RAIN  SPEED   HIGH   TIME    DIR
---------------------------------------------------------------------------------------
 01   85.1  103.1  16:30   68.3  06:55    0.0   20.1   0.00    0.3   10.0  23:03    334
 02   77.6   90.1  16:27   67.3  07:09    0.0   12.6   0.05    0.6   11.0  01:55    356
 03   79.1   95.5  16:20   67.4  06:43    0.0   14.1   0.20    0.3    9.0  21:17    327
 04   74.3   91.1  13:44   64.4  06:54    0.0    9.3   0.01    0.2   10.0  14:21    327
 05   78.6   95.3  16:27   65.0  06:34    0.0   13.6   0.00    0.7   26.0  20:06    318
 06   77.2   96.3  16:11   64.3  05:56    0.0   12.2   0.27    1.0    9.0  18:11    333
 07   78.2   91.4  17:27   67.1  06:56    0.0   13.2   0.00    0.1    6.0  14:36     46
 08   78.9   93.3  16:48   68.5  06:37    0.0   13.9   0.00    0.2    8.0  13:45      4
 09   78.2   91.4  15:18   67.5  06:44    0.0   13.2   0.00    0.4    9.0  15:58    328
 10   76.8   89.6  14:13   68.1  07:15    0.0   11.8   0.40    0.5   13.0  01:58    326
 11   73.9   84.3  14:29   68.6  06:45    0.0    8.9   0.02    0.2    8.0  14:08    336
 12   70.8   76.1  17:36   67.7  04:28    0.0    5.8   1.43    0.2    6.0  14:06    108
 13   73.2   82.1  14:52   65.9  07:01    0.0    8.2   0.14    0.0    5.0  19:36     62
 14   76.2   85.5  16:23   70.8  03:37    0.0   11.2   0.01    0.3    6.0  13:52    103
 15   76.0   83.9  18:05   70.4  05:56    0.0   11.0   0.03    0.1    4.0  11:04     26
 16   76.4   89.4  14:25   66.3  07:06    0.0   11.4   0.00    0.1    9.0  14:42    333
 17   76.3   89.0  13:34   68.3  06:35    0.0   11.3   0.01    0.1    6.0  13:26    348
 18   75.6   89.0  13:56   70.1  06:48    0.0   10.6   0.44    0.1    7.0  13:54    341
 19   75.9   87.0  15:32   66.9  05:37    0.0   10.9   0.00    0.1    7.0  13:59    356
 20   75.3   82.5  16:46   69.8  07:04    0.0   10.3   0.07    0.1    6.0  05:00    334
 21   72.4   77.8  11:51   69.2  13:06    0.0    7.4   0.95    0.0    8.0  12:05    337
 22   76.4   88.4  16:33   66.4  07:04    0.0   11.4   0.00    0.2    6.0  14:49    357
 23   77.6   91.5  16:28   66.7  06:29    0.0   12.6   0.00    0.2    9.0  17:13    328
 24   78.8   91.2  16:57   67.8  06:52    0.0   13.8   0.00    0.5   12.0  14:01    327
 25   78.7   92.7  16:29   67.4  07:11    0.0   13.7   0.00    0.2    6.0  10:47    325
 26   79.4   90.8  14:42   68.7  07:12    0.0   14.4   0.00    0.2    9.0  15:44    341
 27   78.5   90.9  16:00   68.8  07:08    0.0   13.5   0.02    0.3    9.0  15:48    327
 28   76.2   89.1  15:43   68.6  07:32    0.0   11.2   0.05    0.2    9.0  17:37    347
 29   75.0   87.5  15:42   62.9  07:12    0.0   10.0   0.00    0.4   10.0  13:19    328
 30   75.8   90.0  16:28   62.7  07:12    0.0   10.8   0.00    0.2    7.0  12:58    341
 31   74.6   82.7  14:08   71.3  08:19    0.0    9.6   0.40    0.1    5.0  14:40     47
---------------------------------------------------------------------------------------
      76.7  103.1     01   62.7     30    0.0  361.9   4.50    0.3   26.0     05    339