Report for 2012 August
                   MONTHLY CLIMATOLOGICAL SUMMARY for Aug 2012


NAME: Ellijay, GA                  
ELEV: 1480 feet    LAT: 34-38.16 N    LONG: 084-27.00 W


                   TEMPERATURE (°F), RAIN (in), WIND SPEED (mph)

                                         HEAT   COOL         AVG
      MEAN                               DEG    DEG          WIND                   DOM
DAY   TEMP   HIGH   TIME    LOW   TIME   DAYS   DAYS   RAIN  SPEED   HIGH   TIME    DIR
---------------------------------------------------------------------------------------
 01   74.3   90.1  16:00   65.9  07:42    0.0    9.3   0.39    0.2   11.0  18:02    342
 02   75.5   89.9  16:31   62.8  07:03    0.0   10.5   0.00    0.2    6.0  14:55    333
 03   75.5   84.8  16:27   67.6  07:04    0.0   10.5   0.01    0.0    5.0  10:36    356
 04   75.5   80.9  12:53   70.8  07:15    0.0   10.5   0.01    0.3    8.0  15:02    110
 05   76.4   85.8  16:49   70.1  06:29    0.0   11.4   0.03    0.2    8.0  19:33     92
 06   75.9   86.2  16:32   69.4  05:54    0.0   10.9   0.09    0.1    6.0  18:13    354
 07   75.5   83.7  13:37   69.1  07:08    0.0   10.5   0.00    0.1    4.0  16:36     57
 08   76.5   89.4  16:55   67.6  07:03    0.0   11.5   0.00    0.2    8.0  13:34    342
 09   70.4   82.0  12:44   67.4  07:12    0.0    5.4   0.45    0.1   13.0  13:53    310
 10   72.3   80.4  15:19   67.7  00:02    0.0    7.3   0.32    0.1    6.0  16:38    339
 11   70.6   81.6  16:45   60.2  00:00    0.0    5.6   0.12    0.3    8.0  16:14    319
 12   66.8   81.8  15:08   52.7  07:11    0.0    1.8   0.00    0.3    9.0  11:10    336
 13   64.3   77.8  14:52   54.4  07:15    0.7    0.0   0.33    0.1    6.0  13:02    335
 14   69.6   80.3  16:53   59.9  02:12    0.0    4.6   1.05    0.1   12.0  22:22    328
 15   70.7   82.9  16:28   62.5  06:33    0.0    5.7   0.00    0.2    7.0  13:23    331
 16   72.2   84.5  14:57   60.4  07:09    0.0    7.2   0.00    0.2   10.0  14:42    324
 17   70.3   78.2  15:51   65.4  07:03    0.0    5.3   0.49    0.1    5.0  03:09    328
 18   70.4   80.8  14:59   62.5  05:39    0.0    5.4   0.06    0.1    7.0  14:42    336
 19   70.0   76.6  15:31   66.6  07:14    0.0    5.0   0.26    0.1    8.0  02:08    338
 20   68.6   78.9  14:19   60.3  07:58    0.0    3.6   0.01    0.2    9.0  12:07    328
 21   67.6   81.9  14:06   54.4  07:20    0.0    2.6   0.00    0.2    7.0  13:01    320
 22   67.4   82.6  15:47   55.4  07:24    0.0    2.4   0.00    0.2    9.0  13:22    318
 23   68.8   83.9  15:39   55.7  07:32    0.0    3.8   0.00    0.2    7.0  14:29    328
 24   70.2   82.8  13:44   61.6  07:28    0.0    5.2   0.00    0.1    6.0  18:55    347
 25   70.2   83.1  17:03   59.3  07:30    0.0    5.2   0.00    0.1    6.0  14:33    345
 26   72.4   85.9  16:40   60.1  07:17    0.0    7.4   0.00    0.2    7.0  13:07    323
 27   73.7   87.7  15:07   61.3  07:38    0.0    8.7   0.00    0.2    7.0  14:24     28
 28   71.3   76.7  12:01   66.5  01:36    0.0    6.3   0.21    0.0    3.0  10:55    332
 29   75.1   85.0  15:00   69.6  07:10    0.0   10.1   0.00    0.1    4.0  11:45    325
 30   75.1   82.1  14:49   70.1  07:03    0.0   10.1   0.00    0.1    5.0  14:03     94
 31   74.7   82.7  16:58   70.8  06:24    0.0    9.7   0.02    0.0    3.0  16:55    317
---------------------------------------------------------------------------------------
      71.8   90.1     01   52.7     12    0.7  213.6   3.85    0.1   13.0     09    340