Report for 2012 September
                   MONTHLY CLIMATOLOGICAL SUMMARY for Sep 2012


NAME: Ellijay, GA                  
ELEV: 1480 feet    LAT: 34-38.16 N    LONG: 084-27.00 W


                   TEMPERATURE (°F), RAIN (in), WIND SPEED (mph)

                                         HEAT   COOL         AVG
      MEAN                               DEG    DEG          WIND                   DOM
DAY   TEMP   HIGH   TIME    LOW   TIME   DAYS   DAYS   RAIN  SPEED   HIGH   TIME    DIR
---------------------------------------------------------------------------------------
 01   75.7   86.1  15:09   68.1  07:12    0.0   10.7   0.00    0.2    7.0  12:49    341
 02   75.8   85.2  15:39   69.1  04:32    0.0   10.8   0.90    0.2   11.0  22:22     11
 03   71.8   77.6  14:50   68.9  07:17    0.0    6.8   0.31    0.0    8.0  16:05    352
 04   72.7   75.9  15:23   70.8  06:29    0.0    7.7   0.24    0.0    4.0  15:08     74
 05   74.8   81.2  16:51   70.2  23:57    0.0    9.8   0.01    0.1    4.0  11:30     40
 06   74.1   83.8  15:42   68.3  00:00    0.0    9.1   0.00    0.1    6.0  14:25    358
 07   73.9   85.9  15:52   63.1  07:08    0.0    8.9   0.00    0.2    7.0  15:56    330
 08   70.3   78.2  12:19   61.9  23:40    0.0    5.3   0.05    0.4   12.0  16:46    317
 09   62.7   75.3  15:09   49.3  07:41    2.3    0.0   0.00    0.6   11.0  13:27    317
 10   62.8   77.4  15:19   50.0  07:20    2.2    0.0   0.00    0.1    6.0  15:19    323
 11   65.6   76.8  16:07   56.6  05:04    0.0    0.6   0.00    0.0    3.0  11:48      9
 12   65.4   77.1  15:46   56.2  04:57    0.0    0.4   0.00    0.1    5.0  14:23     95
 13   63.8   74.9  14:50   55.2  07:18    1.2    0.0   0.00    0.1    6.0  10:58     11
 14   65.2   75.8  16:40   56.7  04:34    0.0    0.2   0.00    0.1    5.0  13:42    313
 15   66.7   81.2  14:35   55.2  07:51    0.0    1.7   0.00    0.1    7.0  12:46    319
 16   69.7   80.1  13:27   61.6  04:52    0.0    4.7   0.00    0.1    6.0  13:28    327
 17   70.3   77.1  14:38   66.2  07:25    0.0    5.3   0.64    0.3    5.0  13:13    108
 18   67.6   73.6  17:09   57.7  23:59    0.0    2.6   1.66    0.6    9.0  15:52    337
 19   61.7   73.7  14:14   48.8  07:43    3.3    0.0   0.00    0.3    9.0  01:32    324
 20   63.7   73.7  15:38   55.4  04:00    1.3    0.0   0.00    0.2    5.0  07:11     98
 21   65.1   77.5  14:15   55.7  07:20    0.0    0.1   0.00    0.2    8.0  15:17    343
 22   65.9   78.6  16:40   55.4  07:32    0.0    0.9   0.00    0.3    9.0  16:37    345
 23   57.8   71.9  13:52   45.7  07:33    7.2    0.0   0.00    0.3   14.0  14:15    330
 24   53.6   71.0  15:12   36.8  07:44   11.4    0.0   0.00    0.2    6.0  14:10    333
 25   60.4   75.5  15:55   46.9  03:04    4.6    0.0   0.00    0.0    4.0  14:16     20
 26   63.8   77.5  16:06   51.3  07:58    1.2    0.0   0.00    0.1    6.0  12:06    336
 27   64.3   79.5  15:13   51.8  07:44    0.7    0.0   0.00    0.1    7.0  13:43    320
 28   66.3   79.8  15:36   55.4  06:44    0.0    1.3   0.00    0.1    6.0  14:23    323
 29   66.8   74.4  16:03   61.6  00:00    0.0    1.8   0.03    0.1    7.0  15:20    339
 30   62.1   71.3  14:13   52.2  07:51    2.9    0.0   0.47    0.0    2.0  09:39    329
---------------------------------------------------------------------------------------
      66.7   86.1     01   36.8     24   38.2   88.5   4.31    0.2   14.0     23    339