Report for 2012 October
                   MONTHLY CLIMATOLOGICAL SUMMARY for Oct 2012


NAME: Ellijay, GA                  
ELEV: 1480 feet    LAT: 34-38.16 N    LONG: 084-27.00 W


                   TEMPERATURE (°F), RAIN (in), WIND SPEED (mph)

                                         HEAT   COOL         AVG
      MEAN                               DEG    DEG          WIND                   DOM
DAY   TEMP   HIGH   TIME    LOW   TIME   DAYS   DAYS   RAIN  SPEED   HIGH   TIME    DIR
---------------------------------------------------------------------------------------
 01   65.6   70.3  19:58   62.3  07:13    0.0    0.6   1.03    0.6    8.0  08:48    110
 02   65.0   70.0  01:15   60.9  00:00    0.0    0.0   0.15    0.0    4.0  13:42     41
 03   61.2   68.0  13:30   55.3  23:58    3.8    0.0   0.01    0.0    4.0  12:01    349
 04   60.7   75.1  15:47   49.0  07:58    4.3    0.0   0.00    0.3    7.0  12:31    321
 05   61.0   75.7  15:14   48.7  07:39    4.0    0.0   0.00    0.1    6.0  17:01    329
 06   60.9   72.8  13:14   51.7  07:10    4.1    0.0   0.00    0.4    9.0  13:28    324
 07   53.7   59.3  12:12   47.4  23:42   11.3    0.0   0.00    0.6   15.0  15:35    323
 08   50.7   53.4  07:34   47.0  01:10   14.3    0.0   0.00    0.1    6.0  14:02    324
 09   53.1   60.6  16:42   46.2  23:59   11.9    0.0   0.00    0.0    4.0  15:17    331
 10   53.7   65.7  13:20   46.0  00:27   11.3    0.0   0.00    0.3   11.0  14:01    318
 11   53.8   68.5  15:41   39.5  07:59   11.2    0.0   0.01    0.1    6.0  15:28    348
 12   60.9   69.7  14:05   55.7  00:05    4.1    0.0   0.05    0.4   11.0  16:21    327
 13   60.0   69.2  15:51   51.1  05:43    5.0    0.0   0.00    0.6   12.0  10:20    114
 14   63.3   70.1  16:09   57.9  06:54    1.7    0.0   0.00    0.5    7.0  04:06    115
 15   62.1   68.2  15:35   46.2  23:58    2.9    0.0   0.42    0.7   15.0  13:47    312
 16   52.2   69.0  15:42   37.8  07:53   12.8    0.0   0.00    0.4    9.0  11:10    315
 17   56.1   70.1  15:44   42.5  08:12    8.9    0.0   0.00    0.2    7.0  14:52    108
 18   59.8   67.1  16:18   53.0  00:00    5.2    0.0   0.09    0.2    8.0  02:27     86
 19   51.6   65.7  14:47   38.0  07:40   13.4    0.0   0.00    0.3   15.0  14:35     22
 20   50.2   62.5  14:33   38.2  08:06   14.8    0.0   0.00    0.3    9.0  14:18    321
 21   51.2   70.7  15:57   36.2  07:16   13.8    0.0   0.00    0.1    7.0  13:40    332
 22   56.3   75.0  15:54   41.1  07:58    8.7    0.0   0.00    0.1    6.0  14:53    342
 23   57.5   74.6  14:46   44.0  07:59    7.5    0.0   0.00    0.1    8.0  14:09    349
 24   57.6   76.1  15:58   41.7  08:13    7.4    0.0   0.00    0.1    7.0  13:16    331
 25   58.8   72.8  17:36   46.4  07:29    6.2    0.0   0.00    0.2    6.0  11:59    115
 26   63.6   77.0  14:33   52.3  02:02    1.4    0.0   0.00    0.1    6.0  11:15     67
 27   57.0   64.6  13:41   50.5  23:46    8.0    0.0   0.01    1.4   17.0  19:58    311
 28   48.1   50.5  00:01   44.2  23:56   16.9    0.0   0.13    1.6   17.0  18:24    321
 29   45.2   48.6  13:20   41.9  08:17   19.8    0.0   0.00    2.9   22.0  15:06    309
 30   45.0   51.4  15:52   40.1  08:13   20.0    0.0   0.00    1.7   17.0  03:38    297
 31   45.6   56.4  16:16   35.1  22:50   19.4    0.0   0.00    1.0   20.0  15:51    303
---------------------------------------------------------------------------------------
      56.2   77.0     26   35.1     31  274.2    0.6   1.90    0.5   22.0     29    322