Report for 2012 November
                   MONTHLY CLIMATOLOGICAL SUMMARY for Nov 2012


NAME: Ellijay, GA                  
ELEV: 1480 feet    LAT: 34-38.16 N    LONG: 084-27.00 W


                   TEMPERATURE (°F), RAIN (in), WIND SPEED (mph)

                                         HEAT   COOL         AVG
      MEAN                               DEG    DEG          WIND                   DOM
DAY   TEMP   HIGH   TIME    LOW   TIME   DAYS   DAYS   RAIN  SPEED   HIGH   TIME    DIR
---------------------------------------------------------------------------------------
 01   43.1   56.4  15:57   28.4  08:22   21.9    0.0   0.00    0.3   12.0  14:28    306
 02   49.2   68.8  16:26   31.5  08:12   15.8    0.0   0.00    0.3   15.0  15:04    313
 03   51.6   73.8  16:04   33.9  08:05   13.4    0.0   0.00    0.2    9.0  15:51    318
 04   53.7   62.7  10:26   45.7  00:00   11.3    0.0   0.00    0.5   11.0  15:05    313
 05   47.3   60.8  14:40   31.6  07:19   17.7    0.0   0.00    0.4   10.0  00:37    316
 06   46.7   52.1  14:50   43.7  07:14   18.3    0.0   0.32    0.3   12.0  10:19    118
 07   43.0   45.8  13:37   37.8  20:32   22.0    0.0   0.05    0.2    7.0  16:22    314
 08   42.4   58.1  15:07   31.2  07:02   22.6    0.0   0.00    0.5   14.0  10:48    322
 09   42.8   64.8  14:08   27.8  06:56   22.2    0.0   0.00    0.1    6.0  12:01    324
 10   47.6   67.8  13:57   30.1  06:41   17.4    0.0   0.00    0.1    5.0  14:22    349
 11   51.9   64.6  11:56   33.3  07:04   13.1    0.0   0.00    0.3   12.0  11:41    122
 12   57.9   64.0  10:29   44.0  23:59    7.1    0.0   0.32    0.4   18.0  23:48    318
 13   41.5   52.7  14:31   30.5  00:00   23.5    0.0   0.00    1.6   17.0  01:43    308
 14   41.1   53.0  15:28   28.2  04:23   23.9    0.0   0.00    0.3    9.0  11:04    121
 15   46.7   58.5  14:48   35.7  00:00   18.3    0.0   0.00    0.2    6.0  01:34     15
 16   41.5   58.3  14:41   28.8  07:20   23.5    0.0   0.00    0.1    6.0  12:21    317
 17   42.1   61.0  14:42   28.3  06:58   22.9    0.0   0.00    0.1    6.0  11:10    322
 18   43.4   63.0  14:57   28.1  06:52   21.6    0.0   0.00    0.1    5.0  12:19    351
 19   46.3   64.3  13:15   30.3  06:49   18.7    0.0   0.00    0.1    6.0  13:06    328
 20   49.8   64.1  13:25   39.6  23:58   15.2    0.0   0.00    0.1   12.0  16:38    310
 21   48.5   67.0  14:27   33.5  07:33   16.5    0.0   0.00    0.5   12.0  12:07    307
 22   46.1   64.7  14:23   31.2  07:16   18.9    0.0   0.00    0.1    5.0  11:18    355
 23   46.5   65.1  13:33   31.3  06:56   18.5    0.0   0.00    0.4   12.0  14:05    304
 24   37.6   45.7  12:59   27.0  23:57   27.4    0.0   0.00    1.0   15.0  02:23    317
 25   35.3   53.9  14:24   21.9  07:28   29.7    0.0   0.00    0.2    7.0  11:37    320
 26   43.4   63.5  15:02   25.8  05:40   21.6    0.0   0.02    0.1    5.0  12:56    343
 27   47.2   52.2  12:13   41.2  00:00   17.8    0.0   0.09    0.8   15.0  23:25    313
 28   39.4   54.5  14:52   28.9  23:52   25.6    0.0   0.00    0.5   12.0  15:03    322
 29   38.5   58.0  13:57   24.9  07:19   26.5    0.0   0.00    0.1    7.0  14:58    104
 30   41.6   60.0  14:40   28.0  03:23   23.4    0.0   0.00    0.0    5.0  13:08    103
---------------------------------------------------------------------------------------
      45.2   73.8     03   21.9     25  596.3    0.0   0.80    0.3   18.0     12    316