Report for 2012 December
                   MONTHLY CLIMATOLOGICAL SUMMARY for Dec 2012


NAME: Ellijay, GA                  
ELEV: 1480 feet    LAT: 34-38.16 N    LONG: 084-27.00 W


                   TEMPERATURE (°F), RAIN (in), WIND SPEED (mph)

                                         HEAT   COOL         AVG
      MEAN                               DEG    DEG          WIND                   DOM
DAY   TEMP   HIGH   TIME    LOW   TIME   DAYS   DAYS   RAIN  SPEED   HIGH   TIME    DIR
---------------------------------------------------------------------------------------
 01   46.3   65.4  13:28   32.5  06:18   18.7    0.0   0.00    0.1    7.0  15:07    125
 02   53.0   67.8  15:04   41.7  00:15   12.0    0.0   0.00    0.1    7.0  12:49    122
 03   52.7   68.5  13:54   36.1  07:36   12.3    0.0   0.00    0.1    6.0  11:56    121
 04   55.4   68.8  14:08   41.4  07:27    9.6    0.0   0.00    0.1    8.0  11:46    122
 05   56.1   61.5  15:09   51.6  23:13    8.9    0.0   0.42    0.0    4.0  13:17    341
 06   54.0   56.8  11:39   48.7  00:00   11.0    0.0   0.01    0.2   12.0  03:28    122
 07   53.0   62.0  15:32   48.3  00:11   12.0    0.0   0.00    0.0    0.0  00:01     90
 08   55.3   60.2  11:03   50.5  00:01    9.7    0.0   0.03    0.0    0.0  00:01     90
 09   57.6   64.0  15:21   52.2  22:45    7.4    0.0   0.01    0.0    0.0  00:01     90
 10   57.2   61.0  08:02   46.1  23:59    7.8    0.0   1.15    0.0    0.0  00:01     90
 11   37.4   46.0  00:05   31.4  21:59   27.6    0.0   0.00    1.5   14.0  09:41    313
 12   39.1   50.3  15:58   32.4  00:01   25.9    0.0   0.00    0.1    4.0  13:37    306
 13   39.4   54.1  14:27   29.9  07:50   25.6    0.0   0.00    0.1    7.0  13:38    317
 14   38.9   57.2  14:33   26.6  07:53   26.1    0.0   0.00    0.1    6.0  11:10    327
 15   46.8   56.9  14:42   34.3  00:06   18.2    0.0   0.00    0.0    5.0  20:16    106
 16   52.6   55.5  15:06   49.6  04:16   12.4    0.0   1.06    0.1    5.0  12:13     71
 17   53.2   56.9  15:11   49.0  03:45   11.8    0.0   0.27    0.2    7.0  12:11     95
 18   45.9   54.4  00:21   31.9  23:45   19.1    0.0   0.00    0.5   10.0  04:00    309
 19   43.8   62.9  14:57   30.1  07:48   21.2    0.0   0.00    0.0    4.0  14:12    330
 20   45.1   53.7  05:21   38.4  02:43   19.9    0.0   1.23    1.3   19.0  18:50    128
 21   34.9   40.2  14:57   31.2  07:52   30.1    0.0   0.00    1.7   21.0  00:52    296
 22   33.7   45.0  13:07   25.4  23:50   31.3    0.0   0.00    0.9   16.0  01:09    311
 23   38.3   54.4  14:46   22.4  03:05   26.7    0.0   0.00    0.1    9.0  13:15    331
 24   47.9   52.0  16:11   42.4  03:31   17.1    0.0   0.93    0.0    6.0  07:28     46
 25   48.3   51.7  11:34   43.8  08:02   16.7    0.0   0.39    0.9   14.0  19:43    122
 26   41.4   55.4  06:37   32.7  23:12   23.6    0.0   0.25    2.2   22.0  03:09    131
 27   33.9   41.1  15:25   28.4  23:53   31.1    0.0   0.00    1.4   15.0  00:16    311
 28   38.1   50.6  14:45   27.6  03:17   26.9    0.0   0.41    0.4   11.0  22:32    120
 29   36.5   39.5  08:45   32.1  23:17   28.5    0.0   0.20    1.1   14.0  18:41    301
 30   31.8   42.1  15:13   26.1  22:59   33.2    0.0   0.00    1.3   17.0  04:14    313
 31   36.5   48.7  14:18   25.0  03:11   28.5    0.0   0.00    0.1    6.0  13:17    336
---------------------------------------------------------------------------------------
      45.2   68.8     04   22.4     23  611.0    0.0   6.36    0.5   22.0     26    314