Report for 2013
                     CLIMATOLOGICAL SUMMARY for year 2013


NAME: Ellijay, GA                  
ELEV: 1480 feet    LAT: 34-38.16 N    LONG: 084-27.00 W


                                       TEMPERATURE (°F)

                              HEAT    COOL                              MAX    MAX    MIN    MIN
          MEAN   MEAN         DEG     DEG                                >=     <=     <=     <=
 YR  MO   MAX    MIN    MEAN  DAYS    DAYS      HI  DAY     LOW  DAY     90     32     32      0
------------------------------------------------------------------------------------------------
2013 01   53.7   36.3   44.7  628.7    0.0    69.4   12    23.5   04      0      0     16      0
2013 02   50.9   32.0   41.2  667.2    0.0    63.3   21    16.6   17      0      0     14      0
2013 03   54.8   35.4   44.8  621.2    0.0    72.0   16    21.7   04      0      0     16      0
2013 04   68.6   47.6   57.8  222.8   27.5    83.1   17    32.4   06      0      0      0      0
2013 05   70.9   54.1   62.5  139.6   72.4    85.2   21    35.6   13      0      0      0      0
2013 06   80.3   64.3   71.7    0.2  131.5    88.9   12    56.9   15      0      0      0      0
2013 07   81.7   67.0   73.2    0.0  229.0    90.9   17    56.9   30      1      0      0      0
2013 08   80.9   65.4   72.3    1.2  227.1    87.5   29    57.6   26      0      0      0      0
2013 09   77.6   59.3   68.1   22.2  108.1    85.6   12    49.6   14      0      0      0      0
2013 10   68.7   47.7   57.8  235.0   10.3    80.7   05    28.7   26      0      0      3      0
2013 11   56.8   36.1   46.3  566.8    0.0    69.2   01    18.4   28      0      0     11      0
2013 12   52.7   34.8   43.2  679.0    1.7    71.4   06    19.5   25      0      0     15      0
------------------------------------------------------------------------------------------------
          66.1   47.9   56.0 3783.9  807.7    90.9  Jul    16.6  Feb      1      0     75      0


                  PRECIPITATION (in)

                  MAX         ---DAYS OF RAIN---
                  OBS.               OVER
 YR  MO  TOTAL    DAY  DATE   0.01   0.10   1.00
------------------------------------------------
2013 01   9.26   2.92    30     17      9      3
2013 02   5.03   0.98    10     15     10      0
2013 03   5.40   1.44    24     12      8      2
2013 04   7.95   2.61    28     13     10      3
2013 05   5.57   1.68    19     10      6      3
2013 06   6.40   2.02    02     11      9      2
2013 07   7.07   1.00    24     19     13      1
2013 08  44.89  40.29    01     14      7      2
2013 09  20.01  18.15    21      7      5      1
2013 10   6.64   5.16    17      8      4      1
2013 11  13.13  11.24    26     11      7      1
2013 12   8.88   2.84    22     17     11      2
------------------------------------------------
        140.23  40.29   Aug    154     99     21


           WIND SPEED (mph)

                                DOM
 YR  MO    AVG     HI   DATE    DIR
-----------------------------------
2013 01    0.5   18.0     30    326 
2013 02    0.7   28.0     26    113 
2013 03    0.7   23.0     06    310 
2013 04    1.0   19.0     05     98 
2013 05    1.0   13.8     03     80 
2013 06    0.8   14.0     05    349 
2013 07    0.4   12.0     06    359 
2013 08    0.5   11.5     28    351 
2013 09    0.4   10.4     12      2 
2013 10    0.6   19.6     23    344 
2013 11    1.1   22.0     12     82 
2013 12    0.4   16.0     21    335 
-----------------------------------
           0.7   28.0    Feb     18