Report for 2013 January
                   MONTHLY CLIMATOLOGICAL SUMMARY for Jan 2013


NAME: Ellijay, GA                  
ELEV: 1480 feet    LAT: 34-38.16 N    LONG: 084-27.00 W


                   TEMPERATURE (°F), RAIN (in), WIND SPEED (mph)

                                         HEAT   COOL         AVG
      MEAN                               DEG    DEG          WIND                   DOM
DAY   TEMP   HIGH   TIME    LOW   TIME   DAYS   DAYS   RAIN  SPEED   HIGH   TIME    DIR
---------------------------------------------------------------------------------------
 01   46.1   50.6  16:29   39.7  01:38   18.9    0.0   1.54    0.0    5.0  23:41    302
 02   41.1   49.0  00:02   37.2  23:22   23.9    0.0   0.03    0.6   11.0  08:02    319
 03   36.2   42.7  14:08   28.9  23:57   28.8    0.0   0.00    0.6   11.0  09:59    311
 04   33.4   47.0  14:11   23.5  07:41   31.6    0.0   0.00    0.6   13.0  14:45    309
 05   34.7   49.0  14:56   24.3  07:21   30.3    0.0   0.05    0.1    5.0  13:28    344
 06   38.6   45.3  14:24   31.0  22:23   26.4    0.0   0.04    0.3   10.0  14:20    313
 07   39.1   54.6  14:35   26.2  08:14   25.9    0.0   0.01    0.4    8.0  22:59    115
 08   46.6   53.8  15:52   39.8  07:19   18.4    0.0   0.00    0.6    9.0  02:08    124
 09   55.1   62.0  14:51   48.3  00:19    9.9    0.0   0.01    0.1    7.0  01:06    123
 10   58.8   63.7  16:11   50.8  02:29    6.2    0.0   0.00    0.7   12.0  13:10    123
 11   62.3   64.0  12:02   57.6  00:02    2.7    0.0   0.31    0.0    0.0  00:02     90
 12   63.3   69.4  14:53   56.1  23:05    1.7    0.0   0.01    0.0    0.0  00:01     90
 13   64.7   67.9  15:08   60.6  00:02    0.3    0.0   0.85    0.0    0.0  00:02     90
 14   52.6   62.3  00:02   46.7  21:48   12.4    0.0   0.82    0.0    0.0  00:02     90
 15   52.5   61.6  21:38   46.8  09:15   12.5    0.0   1.38    0.0    0.0  00:01     90
 16   56.0   62.0  04:10   50.5  23:58    9.0    0.0   0.51    0.0    0.0  00:01     90
 17   45.1   54.1  13:16   34.8  23:59   19.9    0.0   0.63    0.6   15.0  17:50    309
 18   37.3   50.3  14:59   29.9  23:50   27.7    0.0   0.00    0.8   15.0  03:02    310
 19   35.7   51.1  15:16   26.0  07:53   29.3    0.0   0.00    0.1    5.0  12:13     56
 20   38.3   56.8  15:28   27.1  07:51   26.7    0.0   0.00    0.2    7.0  11:50    314
 21   36.6   51.3  12:43   26.3  07:29   28.4    0.0   0.00    0.6   13.0  13:44    304
 22   31.2   38.9  14:49   25.6  08:02   33.8    0.0   0.00    0.9   11.0  15:19    316
 23   35.7   44.8  16:01   28.2  04:21   29.3    0.0   0.00    0.3   11.0  14:13    324
 24   39.5   46.6  04:23   26.7  23:10   25.5    0.0   0.00    1.4   16.0  11:53    312
 25   31.7   36.6  00:28   27.5  09:11   33.3    0.0   0.01    1.2   14.0  02:23    120
 26   37.5   48.6  15:23   29.5  23:51   27.5    0.0   0.13    0.3    8.0  12:05    307
 27   41.0   50.2  15:42   27.8  04:19   24.0    0.0   0.00    1.3   11.0  08:54    120
 28   46.3   53.1  16:52   40.3  23:45   18.7    0.0   0.00    0.3   12.0  00:26    123
 29   54.9   68.8  16:01   38.9  01:47   10.1    0.0   0.00    0.7   16.0  23:08    122
 30   58.1   65.8  09:59   39.8  23:57    6.9    0.0   2.92    0.2   18.0  22:06    284
 31   36.2   43.7  15:11   28.8  23:07   28.8    0.0   0.01    1.3   17.0  00:38    289
---------------------------------------------------------------------------------------
      44.7   69.4     12   23.5     04  628.7    0.0   9.26    0.5   18.0     30    326