Report for 2013 February
                   MONTHLY CLIMATOLOGICAL SUMMARY for Feb 2013


NAME: Ellijay, GA                  
ELEV: 1480 feet    LAT: 34-38.16 N    LONG: 084-27.00 W


                   TEMPERATURE (°F), RAIN (in), WIND SPEED (mph)

                                         HEAT   COOL         AVG
      MEAN                               DEG    DEG          WIND                   DOM
DAY   TEMP   HIGH   TIME    LOW   TIME   DAYS   DAYS   RAIN  SPEED   HIGH   TIME    DIR
---------------------------------------------------------------------------------------
 01   30.8   38.0  04:47   21.7  23:57   34.2    0.0   0.00    1.1   16.0  05:47    301
 02   28.4   37.6  11:35   18.6  07:25   36.6    0.0   0.00    0.1    8.0  10:49    304
 03   36.8   47.6  15:58   30.1  04:02   28.2    0.0   0.33    0.6   13.0  15:45    302
 04   36.2   49.0  14:38   26.4  06:20   28.8    0.0   0.05    0.0    5.0  13:40    312
 05   43.8   56.3  15:15   34.4  01:25   21.2    0.0   0.02    0.1    7.0  13:46     49
 06   45.1   62.4  14:02   31.4  07:35   19.9    0.0   0.00    0.2   10.0  12:56    314
 07   46.1   52.5  09:34   35.7  01:14   18.9    0.0   0.18    0.2    9.0  15:01    124
 08   46.0   52.9  15:43   36.8  23:59   19.0    0.0   0.06    1.0   17.0  20:34    322
 09   42.5   60.3  15:19   27.2  07:39   22.5    0.0   0.00    0.5   15.0  01:34    316
 10   48.6   53.9  13:29   41.0  00:05   16.4    0.0   0.98    1.7   19.0  12:02    120
 11   50.7   54.3  12:29   44.1  23:58   14.3    0.0   0.42    0.1    9.0  00:05    114
 12   45.6   52.5  13:21   39.4  04:25   19.4    0.0   0.13    0.0    0.0  00:05     90
 13   43.0   46.7  13:15   35.3  22:05   22.0    0.0   0.04    0.0    0.0  00:05     90
 14   40.5   51.8  15:02   31.0  00:00   24.5    0.0   0.00    0.0    0.0  00:05     90
 15   41.4   57.7  14:18   27.9  06:56   23.6    0.0   0.01    0.0    0.0  00:05     90
 16   33.3   39.0  00:05   26.1  23:54   31.7    0.0   0.00    0.0    0.0  00:05     90
 17   28.7   40.7  15:24   16.6  07:27   36.3    0.0   0.00    0.9   14.0  09:47    298
 18   39.2   55.4  15:35   21.4  07:25   25.8    0.0   0.00    0.9   14.0  22:06    127
 19   42.1   51.4  14:45   33.6  22:03   22.9    0.0   0.39    0.7   14.0  00:41    118
 20   36.4   49.3  14:18   28.8  04:59   28.6    0.0   0.00    0.8   12.0  08:22    316
 21   43.4   63.3  15:53   26.7  06:26   21.6    0.0   0.71    0.5   12.0  18:11    122
 22   43.1   45.1  14:22   41.5  05:13   21.9    0.0   0.64    2.6   19.0  03:29    122
 23   47.5   52.2  15:07   43.7  00:10   17.5    0.0   0.44    0.1    5.0  05:38    320
 24   46.3   59.4  16:29   32.8  00:00   18.7    0.0   0.00    0.5    9.0  10:10    314
 25   43.4   52.5  15:57   31.9  01:24   21.6    0.0   0.00    1.3   16.0  15:42    123
 26   42.7   49.5  14:42   38.9  02:23   22.3    0.0   0.63    2.5   28.0  05:45    122
 27   43.8   52.4  15:47   38.0  06:47   21.2    0.0   0.00    0.9   12.0  03:18    298
 28   37.2   42.4  00:05   34.4  23:14   27.8    0.0   0.00    1.1   13.0  11:29    304
---------------------------------------------------------------------------------------
      41.2   63.3     21   16.6     17  667.2    0.0   5.03    0.7   28.0     26    113