Report for 2013 March
                   MONTHLY CLIMATOLOGICAL SUMMARY for Mar 2013


NAME: Ellijay, GA                  
ELEV: 1480 feet    LAT: 34-38.16 N    LONG: 084-27.00 W


                   TEMPERATURE (°F), RAIN (in), WIND SPEED (mph)

                                         HEAT   COOL         AVG
      MEAN                               DEG    DEG          WIND                   DOM
DAY   TEMP   HIGH   TIME    LOW   TIME   DAYS   DAYS   RAIN  SPEED   HIGH   TIME    DIR
---------------------------------------------------------------------------------------
 01   35.7   38.4  14:39   33.4  23:57   29.3    0.0   0.00    0.6   10.0  11:54    308
 02   32.9   35.1  13:29   30.7  23:48   32.1    0.0   0.05    0.8   15.0  22:38    305
 03   30.3   35.5  13:39   24.1  23:58   34.7    0.0   0.01    1.4   16.0  14:28    306
 04   38.7   55.1  14:37   21.7  03:56   26.3    0.0   0.00    0.3    6.0  11:43    319
 05   49.2   59.8  15:02   36.0  23:53   15.8    0.0   0.54    0.9   21.0  16:30    280
 06   33.2   36.0  00:05   29.5  07:55   31.8    0.0   0.02    2.2   23.0  10:31    306
 07   39.2   52.3  14:08   31.3  00:00   25.8    0.0   0.00    1.4   17.0  04:52    314
 08   40.5   59.8  15:35   24.7  07:16   24.5    0.0   0.00    0.4   15.0  11:44    309
 09   48.3   61.0  12:04   30.8  04:08   16.7    0.0   0.00    0.3    8.0  11:44    116
 10   58.2   66.3  16:06   50.7  08:49    6.8    0.0   0.00    1.4   16.0  12:55    123
 11   55.7   61.1  11:35   48.9  00:00    9.3    0.0   1.24    0.6   13.0  04:52    123
 12   43.8   54.3  16:43   34.0  23:59   21.2    0.0   0.01    0.9   18.0  09:17    312
 13   37.9   49.5  14:23   27.6  07:15   27.1    0.0   0.00    1.7   20.0  12:36    303
 14   36.9   50.8  16:48   27.3  08:04   28.1    0.0   0.00    1.9   20.0  01:45    308
 15   49.0   69.8  17:55   28.4  07:53   16.0    0.0   0.00    0.3   11.0  16:10    347
 16   62.6   72.0  17:15   50.5  00:05    2.4    0.0   0.00    0.6   13.0  15:41    260
 17   55.4   67.8  13:36   42.6  08:11    9.6    0.0   0.00    0.2    8.0  13:15     32
 18   52.2   59.3  05:13   46.5  23:21   12.8    0.0   0.63    0.8   12.0  11:52    119
 19   49.4   58.7  14:44   39.5  08:28   15.6    0.0   0.00    0.7   14.0  16:29    312
 20   45.3   54.9  14:54   37.5  06:25   19.7    0.0   0.00    0.7   16.0  22:42    310
 21   34.9   42.3  17:25   26.9  08:11   30.1    0.0   0.00    1.5   18.0  16:53    307
 22   39.5   49.4  16:41   27.3  01:51   25.5    0.0   0.00    0.1    7.0  13:43     16
 23   47.7   54.4  16:38   41.5  05:58   17.3    0.0   0.34    0.1   11.0  21:48    135
 24   50.7   53.7  13:48   48.4  03:55   14.3    0.0   1.44    0.2   12.0  04:57    127
 25   51.9   51.9  00:01   51.9  00:01   13.1    0.0   0.00    0.0    0.0  00:01     90
 26   39.2   51.9  00:05   30.4  06:55   25.8    0.0   0.15    0.0    0.0  00:05     90
 27   36.4   49.5  17:42   23.3  07:37   28.6    0.0   0.00    0.3   10.0  12:17    312
 28   41.4   57.5  14:30   25.0  07:37   23.6    0.0   0.00    0.4   14.0  12:49    316
 29   44.9   59.8  15:12   29.4  05:39   20.1    0.0   0.00    0.2   10.0  15:27    320
 30   55.5   67.7  17:09   44.6  03:53    9.5    0.0   0.42    0.3   12.0  19:22    329
 31   57.1   62.2  18:34   53.6  00:42    7.9    0.0   0.55    0.2    9.0  05:19    336
---------------------------------------------------------------------------------------
      44.8   72.0     16   21.7     04  621.2    0.0   5.40    0.7   23.0     06    310