Report for 2013 April
                   MONTHLY CLIMATOLOGICAL SUMMARY for Apr 2013


NAME: Ellijay, GA                  
ELEV: 1480 feet    LAT: 34-38.16 N    LONG: 084-27.00 W


                   TEMPERATURE (°F), RAIN (in), WIND SPEED (mph)

                                         HEAT   COOL         AVG
      MEAN                               DEG    DEG          WIND                   DOM
DAY   TEMP   HIGH   TIME    LOW   TIME   DAYS   DAYS   RAIN  SPEED   HIGH   TIME    DIR
---------------------------------------------------------------------------------------
 01   55.8   66.3  17:54   44.6  07:47    9.2    0.0   0.01    0.7   15.0  14:00    302
 02   48.6   61.0  15:11   39.6  03:45   16.4    0.0   0.00    0.7   11.0  16:44    315
 03   51.3   61.4  16:26   40.1  06:45   13.7    0.0   0.16    0.6   11.0  23:52    351
 04   42.5   47.6  07:01   38.7  13:04   22.5    0.0   0.52    0.7   12.0  06:38    119
 05   50.3   62.5  16:50   41.8  02:27   14.7    0.0   0.00    0.8   19.0  11:38    312
 06   51.9   69.7  15:09   32.4  07:35   13.1    0.0   0.00    0.4   11.0  18:06    117
 07   58.0   71.6  17:43   45.0  07:42    7.0    0.0   0.00    0.3    8.0  13:06    122
 08   64.7   74.5  15:43   51.0  01:36    0.3    0.0   0.00    0.3    7.0  11:20    116
 09   67.1   78.9  15:58   47.6  07:17    0.0    2.1   0.00    0.3    9.0  14:21     96
 10   69.2   82.1  16:23   52.7  07:41    0.0    4.2   0.00    0.3    8.0  23:35    110
 11   69.1   78.0  14:25   60.8  07:57    0.0    4.1   1.46    0.8   14.0  10:53    121
 12   58.9   62.5  03:42   52.8  08:44    6.1    0.0   0.22    0.3    8.0  01:17    125
 13
 14   56.2   57.2  18:47   54.6  23:03    8.8    0.0   0.00    1.8   15.0  17:23    120
 15   63.6   74.1  16:12   55.5  04:35    1.4    0.0   0.00    0.4    7.0  00:44    115
 16   70.6   77.9  17:52   62.7  00:00    0.0    5.6   0.00    0.0    2.0  00:01    125
 17   69.5   83.1  16:59   60.2  07:23    0.0    4.5   0.81    0.3    9.0  19:23     72
 18   71.9   72.8  22:50   61.2  00:01    0.0    6.9   0.01    0.2   13.0  21:17     99
 19   57.4   72.2  00:01   43.2  23:44    7.6    0.0   0.66    2.1   15.0  19:42    302
 20   47.5   61.5  17:08   34.5  06:05   17.5    0.0   0.00    2.8   11.5  09:24    329
 21   51.5   66.6  16:07   34.5  07:10   13.5    0.0   0.00    1.0    9.2  10:31    121
 22   58.9   70.2  16:59   48.2  07:09    6.1    0.0   0.00    2.1    9.2  06:02    111
 23   60.8   72.2  17:01   50.4  07:14    4.2    0.0   0.00    2.0    6.9  02:35    112
 24   59.5   69.4  12:22   49.2  02:35    5.5    0.0   0.23    1.5    9.2  14:52    122
 25   50.1   61.5  19:44   42.0  23:59   14.9    0.0   0.00    0.4    3.5  00:01    297
 26   54.8   72.6  16:52   35.0  04:50   10.2    0.0   0.20    1.2   10.4  11:31    115
 27   55.0   60.2  15:50   52.2  06:54   10.0    0.0   1.05    3.1   12.0  19:16    119
 28   54.7   56.3  01:02   52.7  07:38   10.3    0.0   2.61    0.5   11.5  01:32    116
 29   59.8   70.6  15:48   52.8  23:58    5.2    0.0   0.01    0.6    8.1  15:03    337
 30   60.3   75.4  16:54   44.8  07:12    4.7    0.0   0.00    0.6    7.0  14:19     65
---------------------------------------------------------------------------------------
      57.8   83.1     17   32.4     06  222.8   27.5   7.95    1.0   19.0     05     98