Report for 2013 May
                   MONTHLY CLIMATOLOGICAL SUMMARY for May 2013


NAME: Ellijay, GA                  
ELEV: 1480 feet    LAT: 34-38.16 N    LONG: 084-27.00 W


                   TEMPERATURE (°F), RAIN (in), WIND SPEED (mph)

                                         HEAT   COOL         AVG
      MEAN                               DEG    DEG          WIND                   DOM
DAY   TEMP   HIGH   TIME    LOW   TIME   DAYS   DAYS   RAIN  SPEED   HIGH   TIME    DIR
---------------------------------------------------------------------------------------
 01   64.4   71.2  14:22   57.6  00:01    0.6    0.0   0.00    1.7   12.7  09:53    119
 02   62.3   67.6  13:52   58.1  06:08    2.7    0.0   0.00    2.4   11.5  14:47    123
 03   59.5   61.4  01:07   57.8  20:20    5.5    0.0   0.00    2.9   13.8  23:55    121
 04   53.5   59.1  00:53   49.5  08:11   11.5    0.0   1.10    3.7   13.8  02:21    119
 05   52.6   59.2  17:56   47.5  23:57   12.4    0.0   1.66    0.2    7.0  00:14    134
 06   48.2   52.0  17:07   44.4  01:51   16.8    0.0   0.34    0.0    0.0  00:01     90
 07   49.4   49.7  00:01   49.4  03:04   15.6    0.0   0.02    0.0    0.0  00:01     90
 08   49.4   49.4  00:01   49.4  00:01   15.6    0.0   0.00    0.0    0.0  00:01     90
 09   49.4   49.4  00:01   49.4  00:01   15.6    0.0   0.00    0.0    0.0  00:01     90
 10   65.2   69.8  18:47   49.4  00:01    0.0    0.2   0.00    0.0    9.0  18:47     30
 11   63.3   65.4  00:01   59.0  23:55    1.7    0.0   0.00    0.1    3.5  23:05    325
 12   55.7   64.4  15:44   43.3  23:56    9.3    0.0   0.01    2.5   13.8  16:20    319
 13   51.2   65.4  16:44   35.6  07:08   13.8    0.0   0.00    1.9   11.5  13:27    326
 14   57.5   76.5  17:37   38.0  06:36    7.5    0.0   0.00    0.9    8.1  14:32     26
 15   64.9   83.0  15:41   49.3  07:07    0.1    0.0   0.00    1.1   10.4  14:51    340
 16   65.5   79.4  16:58   54.6  06:25    0.0    0.5   0.00    0.3    5.8  14:32    335
 17   67.6   79.0  15:05   57.4  06:49    0.0    2.6   0.06    0.4    5.0  14:17     97
 18   65.6   68.5  13:47   63.1  06:09    0.0    0.6   0.51    0.1    2.3  01:24     91
 19   64.8   67.3  09:34   59.8  23:58    0.2    0.0   1.68    0.5   11.5  19:41    355
 20   67.8   82.2  16:06   54.4  06:58    0.0    2.8   0.00    0.7    6.9  15:47    331
 21   78.8   85.2  14:54   66.2  00:06    0.0   13.8   0.00    0.8    6.0  23:11     38
 22   71.6   84.3  16:10   61.8  06:42    0.0    6.6   0.14    0.8    9.2  18:01     46
 23   70.4   80.0  16:54   62.8  06:56    0.0    5.4   0.05    1.9   11.5  13:41    328
 24   62.2   71.2  16:15   51.2  23:45    2.8    0.0   0.00    1.5   11.5  09:23    342
 25   59.5   76.5  16:18   42.6  06:56    5.5    0.0   0.00    1.0    9.2  13:05    337
 26   62.7   80.9  16:43   45.2  06:30    2.3    0.0   0.00    0.7    6.0  14:28    349
 27   66.9   81.4  16:07   51.1  06:35    0.0    1.9   0.00    0.5    4.6  11:35     52
 28   73.6   82.6  16:33   61.8  02:07    0.0    8.6   0.00    0.9    5.0  15:16     85
 29   76.3   76.3  00:01   76.3  00:01    0.0   11.3   0.00    0.0    0.0  00:01     90
 30   74.9   79.2  15:14   65.5  07:36    0.0    9.9   0.00    1.3    6.9  11:56    112
 31   73.1   80.8  17:50   65.6  05:33    0.0    8.1   0.00    1.1    5.0  13:18    114
---------------------------------------------------------------------------------------
      62.5   85.2     21   35.6     13  139.6   72.4   5.57    1.0   13.8     03     80