Report for 2013 June
                   MONTHLY CLIMATOLOGICAL SUMMARY for Jun 2013


NAME: Ellijay, GA                  
ELEV: 1480 feet    LAT: 34-38.16 N    LONG: 084-27.00 W


                   TEMPERATURE (°F), RAIN (in), WIND SPEED (mph)

                                         HEAT   COOL         AVG
      MEAN                               DEG    DEG          WIND                   DOM
DAY   TEMP   HIGH   TIME    LOW   TIME   DAYS   DAYS   RAIN  SPEED   HIGH   TIME    DIR
---------------------------------------------------------------------------------------
 01   67.6   70.8  22:33   67.5  00:01    0.0    2.6   0.18    0.0    1.1  22:35    340
 02   69.7   77.1  12:44   67.0  00:00    0.0    4.7   2.02    0.4    5.0  05:17     28
 03   73.3   82.6  15:51   63.1  06:26    0.0    8.3   0.00    1.9   10.4  14:18    315
 04   76.5   83.4  16:18   64.7  23:49    0.0   11.5   0.00    1.3    5.8  12:14    338
 05   69.9   80.9  15:33   63.6  01:28    0.0    4.9   0.62    1.0   14.0  17:45    108
 06   70.6   78.7  17:06   64.9  03:40    0.0    5.6   0.01    0.3    4.0  13:03     25
 07   68.9   81.5  14:13   62.0  23:55    0.0    3.9   0.47    0.6    7.0  13:45    347
 08   68.9   79.6  15:37   61.4  03:46    0.0    3.9   0.00    0.5    4.6  13:16      2
 09   70.5   81.0  12:40   63.3  04:49    0.0    5.5   0.23    0.4    5.0  12:19     90
 10   70.7   78.9  16:26   64.3  10:45    0.0    5.7   0.82    0.9    6.9  01:45     35
 11   76.0   86.5  16:41   69.0  00:01    0.0   11.0   0.02    1.4    8.1  12:25    344
 12   76.4   88.9  16:32   67.1  03:08    0.0   11.4   0.00    0.6    6.9  11:36    329
 13   79.6   87.2  14:42   66.9  07:56    0.0   14.6   0.26    1.5   11.5  14:24      3
 14   70.9   82.9  16:40   59.8  06:49    0.0    5.9   0.00    2.1   11.5  10:49    327
 15   69.8   82.5  17:14   56.9  06:45    0.0    4.8   0.00    0.3    3.5  13:06     16
 16   71.3   84.8  16:02   58.3  06:28    0.0    6.3   1.02    0.4    5.0  22:26     14
 17   71.1   80.3  17:26   67.0  06:27    0.0    6.1   0.75    0.2    3.5  12:34    334
 18   68.6   69.0  00:06   68.5  01:33    0.0    3.6   0.00    0.0    0.0  00:01     90
 19   76.0   82.4  16:34   67.8  23:57    0.0   11.0   0.00    0.6    5.0  14:46    338
 20   64.8   67.8  00:01   62.7  06:59    0.2    0.0   0.00    0.0    0.0  00:01     90
 21
 22
 23
 24
 25
 26
 27
 28
 29
 30
---------------------------------------------------------------------------------------
      71.7   88.9     12   56.9     15    0.2  131.5   6.40    0.8   14.0     05    349