Report for 2013 July
                   MONTHLY CLIMATOLOGICAL SUMMARY for Jul 2013


NAME: Ellijay, GA                  
ELEV: 1480 feet    LAT: 34-38.16 N    LONG: 084-27.00 W


                   TEMPERATURE (°F), RAIN (in), WIND SPEED (mph)

                                         HEAT   COOL         AVG
      MEAN                               DEG    DEG          WIND                   DOM
DAY   TEMP   HIGH   TIME    LOW   TIME   DAYS   DAYS   RAIN  SPEED   HIGH   TIME    DIR
---------------------------------------------------------------------------------------
 01
 02
 03   67.1   68.8  13:35   65.6  23:54    0.0    2.1   0.51    0.0    2.0  18:09     90
 04   68.6   72.2  14:39   65.6  00:04    0.0    3.6   0.71    0.1    8.0  19:44    107
 05   70.7   76.9  16:44   67.8  06:39    0.0    5.7   0.88    0.1    5.0  12:34     69
 06   70.7   78.6  14:04   68.0  04:14    0.0    5.7   0.99    0.1   12.0  11:49    113
 07   71.5   75.8  17:49   69.1  00:34    0.0    6.5   0.16    0.0    2.0  15:29     90
 08   74.6   85.7  16:29   68.2  06:14    0.0    9.6   0.53    0.1    5.0  11:29    337
 09   75.7   86.5  16:54   68.9  05:44    0.0   10.7   0.01    0.1    8.0  14:54    333
 10   75.3   84.7  12:19   69.3  05:34    0.0   10.3   0.05    0.1    7.0  15:49    320
 11   73.3   82.2  17:59   69.0  05:49    0.0    8.3   0.08    0.0    5.0  16:20    326
 12   75.6   85.6  16:19   68.0  06:59    0.0   10.6   0.00    0.4   12.0  13:39    331
 13   71.6   77.9  16:04   66.1  05:14    0.0    6.6   0.00    0.2    7.0  09:29    118
 14   71.4   76.1  11:29   69.4  06:04    0.0    6.4   0.26    0.1    5.0  09:34    116
 15   78.2   82.6  14:39   72.6  23:15    0.0   13.2   0.00    1.1    5.0  12:10    122
 16   76.3   86.8  16:11   66.3  07:02    0.0   11.3   0.00    0.3    4.0  15:44     33
 17   74.4   90.9  14:42   65.9  06:40    0.0    9.4   0.24    0.5    6.9  14:20      1
 18   75.1   86.4  16:27   66.7  06:21    0.0   10.1   0.02    0.2    4.0  12:29    341
 19   75.8   87.2  16:24   69.4  06:55    0.0   10.8   0.36    0.4    6.0  19:17    345
 20   74.9   85.6  16:32   67.8  05:43    0.0    9.9   0.00    0.4    5.8  14:08    354
 21   75.7   86.6  16:50   68.6  03:58    0.0   10.7   0.00    0.7    8.1  18:06    358
 22   73.0   80.9  15:16   69.7  07:32    0.0    8.0   0.29    0.3    5.8  14:17      3
 23   71.7   77.6  14:46   68.6  02:10    0.0    6.7   0.09    0.5    7.0  13:50    355
 24   73.4   82.9  14:58   69.5  05:51    0.0    8.4   1.00    0.6    6.9  16:08    338
 25   73.0   84.5  16:30   63.4  07:07    0.0    8.0   0.01    0.7    8.1  16:55    334
 26   71.4   82.5  16:15   61.6  06:42    0.0    6.4   0.47    0.4    4.0  10:09     93
 27   71.5   78.5  14:56   66.5  05:04    0.0    6.5   0.00    0.3    8.1  14:33    360
 28   72.1   82.7  14:24   63.8  06:28    0.0    7.1   0.00    0.6    8.1  13:45    340
 29   69.3   81.4  15:12   60.9  07:24    0.0    4.3   0.00    0.4    5.0  12:14    336
 30   70.7   85.9  16:38   56.9  06:40    0.0    5.7   0.00    0.3    3.5  11:20    340
 31   71.5   74.7  18:35   68.8  07:41    0.0    6.5   0.41    0.1    3.5  03:51    342
---------------------------------------------------------------------------------------
      73.2   90.9     17   56.9     30    0.0  229.0   7.07    0.4   12.0     06    359