Report for 2013 August
                   MONTHLY CLIMATOLOGICAL SUMMARY for Aug 2013


NAME: Ellijay, GA                  
ELEV: 1480 feet    LAT: 34-38.16 N    LONG: 084-27.00 W


                   TEMPERATURE (°F), RAIN (in), WIND SPEED (mph)

                                         HEAT   COOL         AVG
      MEAN                               DEG    DEG          WIND                   DOM
DAY   TEMP   HIGH   TIME    LOW   TIME   DAYS   DAYS   RAIN  SPEED   HIGH   TIME    DIR
---------------------------------------------------------------------------------------
 01   69.5   76.0  07:55   66.4  05:49    0.0    4.5  40.29    0.4    5.0  07:40     30
 02   75.3   84.0  15:54   67.3  23:55    0.0   10.3   0.00    0.3    4.6  16:15    359
 03   72.0   81.8  14:42   61.7  06:34    0.0    7.0   0.00    0.4    6.0  13:28    349
 04   74.4   83.8  14:05   67.1  23:56    0.0    9.4   0.00    1.5   10.4  12:16    335
 05   72.0   84.3  13:50   62.6  07:08    0.0    7.0   0.00    0.3    6.0  15:24    344
 06   73.7   81.5  17:05   67.0  07:12    0.0    8.7   0.05    0.1    3.5  12:41    351
 07   73.2   79.8  16:53   69.6  06:58    0.0    8.2   2.23    0.1    4.6  04:31     12
 08   75.1   82.9  16:23   70.4  04:42    0.0   10.1   0.00    0.1    3.5  13:59      5
 09   76.4   85.0  14:06   69.6  07:22    0.0   11.4   0.00    0.4    5.8  12:32     26
 10   76.8   86.8  15:49   69.4  06:35    0.0   11.8   0.00    0.7    8.1  16:12    334
 11   76.2   85.7  15:01   68.3  06:56    0.0   11.2   0.00    0.6   10.4  15:03    334
 12   74.8   86.1  12:56   67.8  07:22    0.0    9.8   0.09    0.3    5.8  12:11    339
 13   75.5   82.9  15:17   71.3  02:36    0.0   10.5   0.08    0.9    9.2  14:35    336
 14   71.5   79.8  14:18   66.7  23:33    0.0    6.5   0.04    0.9    8.1  16:17    330
 15   66.6   72.8  13:34   61.3  06:02    0.0    1.6   0.00    1.0    6.0  11:40    119
 16   64.6   68.9  16:21   59.9  03:52    0.4    0.0   0.02    0.1    3.5  10:03    331
 17   64.2   67.0  12:46   61.9  03:22    0.8    0.0   0.77    0.3    4.0  12:36    112
 18   67.3   71.5  18:07   63.8  02:51    0.0    2.3   0.32    0.0    3.5  17:18    279
 19   70.9   77.9  16:46   66.1  05:00    0.0    5.9   0.55    0.1    4.6  13:47    345
 20   72.0   78.4  14:06   65.6  07:19    0.0    7.0   0.00    0.1    3.5  08:29    307
 21   72.3   78.3  16:55   68.0  04:06    0.0    7.3   0.11    0.0    1.2  01:35    347
 22   73.7   84.1  13:33   67.6  06:05    0.0    8.7   0.06    0.3    5.8  13:46    327
 23   73.7   84.2  14:09   64.1  06:33    0.0    8.7   0.00    0.4    6.9  13:10    327
 24   72.8   80.6  16:33   64.4  07:11    0.0    7.8   0.00    1.0    6.9  10:53    118
 25   70.7   78.2  13:32   59.7  07:31    0.0    5.7   0.00    0.6    5.0  12:28    102
 26   67.9   80.2  16:23   57.6  06:36    0.0    2.9   0.00    0.5    8.1  12:13    325
 27   69.5   82.6  15:38   58.7  07:05    0.0    4.5   0.00    0.8    8.1  14:05    343
 28   72.9   85.7  15:59   62.0  07:20    0.0    7.9   0.00    0.9   11.5  12:31    325
 29   75.8   87.5  15:08   64.4  07:20    0.0   10.8   0.00    1.3   11.5  15:30    328
 30   73.9   82.9  13:29   67.6  07:27    0.0    8.9   0.27    0.2    6.9  14:01     13
 31   75.7   86.1  15:32   68.2  05:57    0.0   10.7   0.01    0.3    5.0  15:13    342
---------------------------------------------------------------------------------------
      72.3   87.5     29   57.6     26    1.2  227.1  44.89    0.5   11.5     28    351