Report for 2013 September
                   MONTHLY CLIMATOLOGICAL SUMMARY for Sep 2013


NAME: Ellijay, GA                  
ELEV: 1480 feet    LAT: 34-38.16 N    LONG: 084-27.00 W


                   TEMPERATURE (°F), RAIN (in), WIND SPEED (mph)

                                         HEAT   COOL         AVG
      MEAN                               DEG    DEG          WIND                   DOM
DAY   TEMP   HIGH   TIME    LOW   TIME   DAYS   DAYS   RAIN  SPEED   HIGH   TIME    DIR
---------------------------------------------------------------------------------------
 01   71.6   77.2  17:23   68.3  07:06    0.0    6.6   0.30    0.1    5.8  17:52    342
 02   71.3   79.2  16:02   67.3  05:02    0.0    6.3   0.21    0.2    5.0  15:28    350
 03   73.8   83.6  14:55   67.4  23:56    0.0    8.8   0.06    0.5    6.9  14:51    337
 04   71.2   83.8  15:12   61.4  07:29    0.0    6.2   0.00    0.2    5.0  16:49    326
 05   71.1   82.7  15:16   60.5  07:38    0.0    6.1   0.00    0.1    4.6  14:41    326
 06   70.8   81.2  14:34   61.1  07:12    0.0    5.8   0.00    0.5    4.6  10:35     92
 07   70.0   80.8  15:12   60.2  07:22    0.0    5.0   0.00    0.2    6.9  16:05    324
 08   71.3   84.7  13:47   60.4  07:31    0.0    6.3   0.00    0.8    9.2  14:18    332
 09   72.1   82.5  14:18   63.3  07:41    0.0    7.1   0.00    0.2    4.0  17:02     24
 10   72.5   84.1  15:01   63.6  06:49    0.0    7.5   0.00    0.2    4.0  12:50     45
 11   72.5   84.4  15:14   62.1  07:26    0.0    7.5   0.00    0.2    4.0  13:06    352
 12   71.9   85.6  15:14   62.9  07:35    0.0    6.9   0.08    0.7   10.4  13:06    333
 13   69.7   80.3  13:46   62.2  22:13    0.0    4.7   0.00    1.7   10.4  17:53    321
 14   62.2   76.0  15:50   49.6  07:39    2.8    0.0   0.00    0.6    9.2  00:51     24
 15   66.0   78.3  16:20   55.5  02:43    0.0    1.0   0.00    0.6    6.9  10:31    104
 16   68.9   80.9  15:20   59.5  07:41    0.0    3.9   0.00    0.5    7.0  15:12    343
 17   70.0   73.5  15:32   65.2  23:49    0.0    5.0   0.00    0.0    6.9  11:07    131
 18   66.5   72.6  18:00   60.4  07:11    0.0    1.5   0.00    0.2    3.5  11:12    138
 19   66.1   78.0  16:20   57.1  07:34    0.0    1.1   0.00    0.2    3.5  11:35    337
 20   68.8   80.4  14:57   58.3  07:54    0.0    3.8   0.00    0.0    1.2  23:11     49
 21   67.1   71.5  05:35   53.4  00:00    0.0    2.1  18.15    0.8    8.1  12:58     30
 22   65.3   74.9  15:08   50.3  02:45    0.0    0.3   0.00    1.3    8.1  15:46    330
 23   68.7   74.7  15:07   58.4  00:00    0.0    3.7   0.00    0.7    5.0  11:00    112
 24   64.5   68.2  13:54   58.2  00:17    0.5    0.0   0.29    0.7    5.0  13:18    118
 25   63.9   66.2  14:36   62.5  07:45    1.1    0.0   0.92    0.6    5.0  15:03    112
 26   65.9   75.6  16:01   61.2  23:35    0.0    0.9   0.00    0.9    9.2  17:22    328
 27   63.4   75.5  16:33   53.7  07:50    1.6    0.0   0.00    0.2    6.0  16:23    344
 28   58.1   70.6  17:20   52.1  07:48    6.9    0.0   0.00    0.0    2.3  17:55     22
 29   60.3   70.1  14:07   51.0  07:45    4.7    0.0   0.00    0.2    3.5  10:11    357
 30   60.4   69.6  13:58   51.5  07:40    4.6    0.0   0.00    0.1    3.5  10:27     22
---------------------------------------------------------------------------------------
      68.1   85.6     12   49.6     14   22.2  108.1  20.01    0.4   10.4     12      2